{"id":33976,"date":"2024-10-29T14:36:43","date_gmt":"2024-10-29T14:36:43","guid":{"rendered":"https:\/\/visitaltotamegaebarroso.pt\/events\/chaves-bilho-taller-pequena-fabrica-de-grabados\/"},"modified":"2024-10-29T14:36:43","modified_gmt":"2024-10-29T14:36:43","slug":"chaves-bilho-taller-pequena-fabrica-de-grabados","status":"publish","type":"mec-events","link":"https:\/\/visitaltotamegaebarroso.pt\/es\/events\/chaves-bilho-taller-pequena-fabrica-de-grabados\/","title":{"rendered":"Chaves | BILH\u00d3 &#8211; Taller \u00abPeque\u00f1a F\u00e1brica de Grabados\u00bb"},"content":{"rendered":"<p>En el marco del Festival Interdisciplinar de Arte BILH\u00d3, el 3 de noviembre tendr\u00e1 lugar el taller \u00abPeque\u00f1a F\u00e1brica de Grabados\u00bb. Organizado por el Colectivo Auga, este taller sobre t\u00e9cnicas de impresi\u00f3n est\u00e1 especialmente dise\u00f1ado para ni\u00f1os de 6 a 12 a\u00f1os y tendr\u00e1 una duraci\u00f3n de dos horas, de 14.30 a 16.30, en la Sala Amarilla (INDIEROR). En \u00e9l, los participantes explorar\u00e1n el fascinante mundo de la impresi\u00f3n.<\/p>\n<p>De forma l\u00fadica e interactiva, los m\u00e1s peque\u00f1os tendr\u00e1n la oportunidad de experimentar con diferentes materiales y t\u00e9cnicas de impresi\u00f3n, siempre en un entorno creativo y seguro. No son necesarios conocimientos previos, \u00a1s\u00f3lo ganas de aprender y descubrir nuevas formas de expresi\u00f3n art\u00edstica!<\/p>\n<p>La inscripci\u00f3n est\u00e1 limitada a 10 participantes y cuesta 5 euros. M\u00e1s informaci\u00f3n en <a href=\"http:\/\/www.indieror.pt\/impressao?fbclid=IwZXh0bgNhZW0CMTAAAR0onc5QW6qSYtrM-TpDgnxcvNGZpK_vUNMm3Bw8Z7Bw7JQnu52JH7fnoVk_aem_DesYYdX5UdJm-UJcqdoFLA\"><b>www.indieror.pt\/impressao<\/b><\/a><\/p>\n<p>Esta actividad se desarrolla en colaboraci\u00f3n con el Ayuntamiento de Chaves en el marco del Protocolo de Colaboraci\u00f3n para el Desarrollo Cultural de este a\u00f1o.<\/p>\n","protected":false},"excerpt":{"rendered":"<p>En el marco del Festival Interdisciplinar de Arte BILH\u00d3, el 3 de noviembre tendr\u00e1 lugar el taller \u00abPeque\u00f1a F\u00e1brica de Grabados\u00bb. Organizado por el Colectivo Auga, este taller sobre t\u00e9cnicas de impresi\u00f3n est\u00e1 especialmente dise\u00f1ado para ni\u00f1os de 6 a [&hellip;]<\/p>\n","protected":false},"author":5,"featured_media":33972,"comment_status":"closed","ping_status":"closed","template":"","tags":[],"mec_category":[716],"_links":{"self":[{"href":"https:\/\/visitaltotamegaebarroso.pt\/es\/wp-json\/wp\/v2\/mec-events\/33976"}],"collection":[{"href":"https:\/\/visitaltotamegaebarroso.pt\/es\/wp-json\/wp\/v2\/mec-events"}],"about":[{"href":"https:\/\/visitaltotamegaebarroso.pt\/es\/wp-json\/wp\/v2\/types\/mec-events"}],"author":[{"embeddable":true,"href":"https:\/\/visitaltotamegaebarroso.pt\/es\/wp-json\/wp\/v2\/users\/5"}],"replies":[{"embeddable":true,"href":"https:\/\/visitaltotamegaebarroso.pt\/es\/wp-json\/wp\/v2\/comments?post=33976"}],"wp:featuredmedia":[{"embeddable":true,"href":"https:\/\/visitaltotamegaebarroso.pt\/es\/wp-json\/wp\/v2\/media\/33972"}],"wp:attachment":[{"href":"https:\/\/visitaltotamegaebarroso.pt\/es\/wp-json\/wp\/v2\/media?parent=33976"}],"wp:term":[{"taxonomy":"post_tag","embeddable":true,"href":"https:\/\/visitaltotamegaebarroso.pt\/es\/wp-json\/wp\/v2\/tags?post=33976"},{"taxonomy":"mec_category","embeddable":true,"href":"https:\/\/visitaltotamegaebarroso.pt\/es\/wp-json\/wp\/v2\/mec_category?post=33976"}],"curies":[{"name":"wp","href":"https:\/\/api.w.org\/{rel}","templated":true}]}}

Chaves | BILHÓ &#8211; Taller «Pequeña Fábrica de Grabados»

<p>En el marco del Festival Interdisciplinar de Arte BILHÓ, el 3 de noviembre tendrá lugar el taller «Pequeña Fábrica de Grabados». Organizado por el Colectivo Auga, este taller sobre técnicas de impresión está especialmente diseñado para niños de 6 a 12 años y tendrá una duración de dos horas, de 14.30 a 16.30, en la Sala Amarilla (INDIEROR). En él, los participantes explorarán el fascinante mundo de la impresión.</p>
<p>De forma lúdica e interactiva, los más pequeños tendrán la oportunidad de experimentar con diferentes materiales y técnicas de impresión, siempre en un entorno creativo y seguro. No son necesarios conocimientos previos, ¡sólo ganas de aprender y descubrir nuevas formas de expresión artística!</p>
<p>La inscripción está limitada a 10 participantes y cuesta 5 euros. Más información en <a href="http://www.indieror.pt/impressao?fbclid=IwZXh0bgNhZW0CMTAAAR0onc5QW6qSYtrM-TpDgnxcvNGZpK_vUNMm3Bw8Z7Bw7JQnu52JH7fnoVk_aem_DesYYdX5UdJm-UJcqdoFLA"><b>www.indieror.pt/impressao</b></a></p>
<p>Esta actividad se desarrolla en colaboración con el Ayuntamiento de Chaves en el marco del Protocolo de Colaboración para el Desarrollo Cultural de este año.</p>

<p>En el marco del Festival Interdisciplinar de Arte BILHÓ, el 3 de noviembre tendrá lugar el taller «Pequeña Fábrica de Grabados». Organizado por el Colectivo Auga, este taller sobre técnicas de impresión está especialmente diseñado para niños de 6 a [&hellip;]</p>
