{"id":33811,"date":"2024-10-23T15:10:24","date_gmt":"2024-10-23T14:10:24","guid":{"rendered":"https:\/\/visitaltotamegaebarroso.pt\/events\/chaves-bilho-produccion-cultural-en-el-interior-2-0\/"},"modified":"2024-10-23T15:10:24","modified_gmt":"2024-10-23T14:10:24","slug":"chaves-bilho-produccion-cultural-en-el-interior-2-0","status":"publish","type":"mec-events","link":"https:\/\/visitaltotamegaebarroso.pt\/es\/events\/chaves-bilho-produccion-cultural-en-el-interior-2-0\/","title":{"rendered":"Chaves | BILH\u00d3 &#8211; Producci\u00f3n Cultural en el Interior 2.0"},"content":{"rendered":"<p>Los desaf\u00edos de la producci\u00f3n cultural en el interior de Portugal ser\u00e1 el tema del d\u00eda 25 de octubre, a las 21h30, en la Sala Amarilla, en el \u00e1mbito del Festival Bilh\u00f3.<\/p>\n<p>La Mesa Redonda \u00abProducci\u00f3n Cultural en el Interior 2.0\u00bb pretende debatir las dificultades y oportunidades de quienes trabajan en la cultura, con especial atenci\u00f3n a los contextos fuera de los grandes centros urbanos. Abierta a la comunidad y con entrada libre, ser\u00e1 una oportunidad para promover el intercambio de experiencias y compartir diferentes perspectivas geogr\u00e1ficas sobre la producci\u00f3n cultural.<\/p>\n<p>M\u00e1s informaci\u00f3n en <a href=\"http:\/\/www.indieror.pt\/bilho?fbclid=IwZXh0bgNhZW0CMTAAAR2whL1p8JmUX4htmPwKygbIt5P8GreTtaCJNZCXnQngtnJ_855C9Ehpb84_aem_AA_Taz0kn_RNQ66n4wZmVA\"><b>www.indieror.pt\/bilho<\/b><\/a><\/p>\n<p>Esta actividad se desarrolla en colaboraci\u00f3n con el Ayuntamiento de Chaves en el marco del Protocolo de Colaboraci\u00f3n para el Desarrollo Cultural de este a\u00f1o.<\/p>\n","protected":false},"excerpt":{"rendered":"<p>Los desaf\u00edos de la producci\u00f3n cultural en el interior de Portugal ser\u00e1 el tema del d\u00eda 25 de octubre, a las 21h30, en la Sala Amarilla, en el \u00e1mbito del Festival Bilh\u00f3. La Mesa Redonda \u00abProducci\u00f3n Cultural en el Interior [&hellip;]<\/p>\n","protected":false},"author":5,"featured_media":33807,"comment_status":"closed","ping_status":"closed","template":"","tags":[],"mec_category":[716],"_links":{"self":[{"href":"https:\/\/visitaltotamegaebarroso.pt\/es\/wp-json\/wp\/v2\/mec-events\/33811"}],"collection":[{"href":"https:\/\/visitaltotamegaebarroso.pt\/es\/wp-json\/wp\/v2\/mec-events"}],"about":[{"href":"https:\/\/visitaltotamegaebarroso.pt\/es\/wp-json\/wp\/v2\/types\/mec-events"}],"author":[{"embeddable":true,"href":"https:\/\/visitaltotamegaebarroso.pt\/es\/wp-json\/wp\/v2\/users\/5"}],"replies":[{"embeddable":true,"href":"https:\/\/visitaltotamegaebarroso.pt\/es\/wp-json\/wp\/v2\/comments?post=33811"}],"wp:featuredmedia":[{"embeddable":true,"href":"https:\/\/visitaltotamegaebarroso.pt\/es\/wp-json\/wp\/v2\/media\/33807"}],"wp:attachment":[{"href":"https:\/\/visitaltotamegaebarroso.pt\/es\/wp-json\/wp\/v2\/media?parent=33811"}],"wp:term":[{"taxonomy":"post_tag","embeddable":true,"href":"https:\/\/visitaltotamegaebarroso.pt\/es\/wp-json\/wp\/v2\/tags?post=33811"},{"taxonomy":"mec_category","embeddable":true,"href":"https:\/\/visitaltotamegaebarroso.pt\/es\/wp-json\/wp\/v2\/mec_category?post=33811"}],"curies":[{"name":"wp","href":"https:\/\/api.w.org\/{rel}","templated":true}]}}

Chaves | BILHÓ &#8211; Producción Cultural en el Interior 2.0

<p>Los desafíos de la producción cultural en el interior de Portugal será el tema del día 25 de octubre, a las 21h30, en la Sala Amarilla, en el ámbito del Festival Bilhó.</p>
<p>La Mesa Redonda «Producción Cultural en el Interior 2.0» pretende debatir las dificultades y oportunidades de quienes trabajan en la cultura, con especial atención a los contextos fuera de los grandes centros urbanos. Abierta a la comunidad y con entrada libre, será una oportunidad para promover el intercambio de experiencias y compartir diferentes perspectivas geográficas sobre la producción cultural.</p>
<p>Más información en <a href="http://www.indieror.pt/bilho?fbclid=IwZXh0bgNhZW0CMTAAAR2whL1p8JmUX4htmPwKygbIt5P8GreTtaCJNZCXnQngtnJ_855C9Ehpb84_aem_AA_Taz0kn_RNQ66n4wZmVA"><b>www.indieror.pt/bilho</b></a></p>
<p>Esta actividad se desarrolla en colaboración con el Ayuntamiento de Chaves en el marco del Protocolo de Colaboración para el Desarrollo Cultural de este año.</p>

<p>Los desafíos de la producción cultural en el interior de Portugal será el tema del día 25 de octubre, a las 21h30, en la Sala Amarilla, en el ámbito del Festival Bilhó. La Mesa Redonda «Producción Cultural en el Interior [&hellip;]</p>
