{"id":33380,"date":"2024-10-05T11:27:30","date_gmt":"2024-10-05T10:27:30","guid":{"rendered":"https:\/\/visitaltotamegaebarroso.pt\/events\/montalegre-fafiao-13a-ruta-del-madrono\/"},"modified":"2024-10-05T11:27:30","modified_gmt":"2024-10-05T10:27:30","slug":"montalegre-fafiao-13a-ruta-del-madrono","status":"publish","type":"mec-events","link":"https:\/\/visitaltotamegaebarroso.pt\/es\/events\/montalegre-fafiao-13a-ruta-del-madrono\/","title":{"rendered":"Montalegre | Fafi\u00e3o &#8211; 13\u00aa Ruta del Madro\u00f1o"},"content":{"rendered":"<p>Organizada por la Asociaci\u00f3n Vezeira- Fafi\u00e3o, la 13\u00aa \u00abRuta del Madro\u00f1o\u00bb se celebrar\u00e1 el \u00faltimo s\u00e1bado de este mes.<br \/>\nLa cita es a las 10h en el Ecomuseo de Barroso &#8211; Vezeira e a Serra, situado en el coraz\u00f3n de esta villa tur\u00edstica del municipio de Montalegre.<\/p>\n<p>Inscripci\u00f3n &#8211; <a href=\"https:\/\/forms.gle\/h9bGEw43w7ZDiieX9\">https:\/\/forms.gle\/h9bGEw43w7ZDiieX9<\/a><br \/>\nM\u00e1s informaci\u00f3n &#8211; <a href=\"mailto:eventosvezeira@gmail.com\">eventosvezeira@gmail.com<\/a><\/p>\n","protected":false},"excerpt":{"rendered":"<p>Organizada por la Asociaci\u00f3n Vezeira- Fafi\u00e3o, la 13\u00aa \u00abRuta del Madro\u00f1o\u00bb se celebrar\u00e1 el \u00faltimo s\u00e1bado de este mes. La cita es a las 10h en el Ecomuseo de Barroso &#8211; Vezeira e a Serra, situado en el coraz\u00f3n de [&hellip;]<\/p>\n","protected":false},"author":5,"featured_media":33376,"comment_status":"closed","ping_status":"closed","template":"","tags":[],"mec_category":[720],"_links":{"self":[{"href":"https:\/\/visitaltotamegaebarroso.pt\/es\/wp-json\/wp\/v2\/mec-events\/33380"}],"collection":[{"href":"https:\/\/visitaltotamegaebarroso.pt\/es\/wp-json\/wp\/v2\/mec-events"}],"about":[{"href":"https:\/\/visitaltotamegaebarroso.pt\/es\/wp-json\/wp\/v2\/types\/mec-events"}],"author":[{"embeddable":true,"href":"https:\/\/visitaltotamegaebarroso.pt\/es\/wp-json\/wp\/v2\/users\/5"}],"replies":[{"embeddable":true,"href":"https:\/\/visitaltotamegaebarroso.pt\/es\/wp-json\/wp\/v2\/comments?post=33380"}],"wp:featuredmedia":[{"embeddable":true,"href":"https:\/\/visitaltotamegaebarroso.pt\/es\/wp-json\/wp\/v2\/media\/33376"}],"wp:attachment":[{"href":"https:\/\/visitaltotamegaebarroso.pt\/es\/wp-json\/wp\/v2\/media?parent=33380"}],"wp:term":[{"taxonomy":"post_tag","embeddable":true,"href":"https:\/\/visitaltotamegaebarroso.pt\/es\/wp-json\/wp\/v2\/tags?post=33380"},{"taxonomy":"mec_category","embeddable":true,"href":"https:\/\/visitaltotamegaebarroso.pt\/es\/wp-json\/wp\/v2\/mec_category?post=33380"}],"curies":[{"name":"wp","href":"https:\/\/api.w.org\/{rel}","templated":true}]}}

Montalegre | Fafião &#8211; 13ª Ruta del Madroño

<p>Organizada por la Asociación Vezeira- Fafião, la 13ª «Ruta del Madroño» se celebrará el último sábado de este mes.<br />
La cita es a las 10h en el Ecomuseo de Barroso &#8211; Vezeira e a Serra, situado en el corazón de esta villa turística del municipio de Montalegre.</p>
<p>Inscripción &#8211; <a href="https://forms.gle/h9bGEw43w7ZDiieX9">https://forms.gle/h9bGEw43w7ZDiieX9</a><br />
Más información &#8211; <a href="mailto:eventosvezeira@gmail.com">eventosvezeira@gmail.com</a></p>

<p>Organizada por la Asociación Vezeira- Fafião, la 13ª «Ruta del Madroño» se celebrará el último sábado de este mes. La cita es a las 10h en el Ecomuseo de Barroso &#8211; Vezeira e a Serra, situado en el corazón de [&hellip;]</p>
