{"id":33293,"date":"2024-09-30T17:27:39","date_gmt":"2024-09-30T16:27:39","guid":{"rendered":"https:\/\/visitaltotamegaebarroso.pt\/events\/por-la-vena-del-conocimiento-2\/"},"modified":"2024-09-30T17:27:39","modified_gmt":"2024-09-30T16:27:39","slug":"por-la-vena-del-conocimiento-2","status":"publish","type":"mec-events","link":"https:\/\/visitaltotamegaebarroso.pt\/es\/events\/por-la-vena-del-conocimiento-2\/","title":{"rendered":"Por la vena del conocimiento"},"content":{"rendered":"<p>A exposi\u00e7\u00e3o tempor\u00e1ria \u00abPelo Fil\u00e3o do Conhecimento: Exposi\u00e7\u00e3o sobre a Escola Profissional das Minas da Borralha\u00bb poder\u00e1 ser visitada no Ecomuseu de Barroso &#8211; Centro Interpretativo das Minas da Borralha a partir de 6 de Outubro (dia da abertura da Escola Profissional das Minas da Borralha) at\u00e9 31 de Dezembro.<\/p>\n<p>Esta exposici\u00f3n incluir\u00e1 objetos y documentos de personas vinculadas a la escuela, as\u00ed como a la aldea de Minas da Borralha, que amablemente han donado al centro Ecomuseu de Barroso.<\/p>\n<p>\u00a1Venga a visitarla!<\/p>\n<p>Traducci\u00f3n realizada con la versi\u00f3n gratuita del traductor DeepL.com<\/p>\n","protected":false},"excerpt":{"rendered":"<p>A exposi\u00e7\u00e3o tempor\u00e1ria \u00abPelo Fil\u00e3o do Conhecimento: Exposi\u00e7\u00e3o sobre a Escola Profissional das Minas da Borralha\u00bb poder\u00e1 ser visitada no Ecomuseu de Barroso &#8211; Centro Interpretativo das Minas da Borralha a partir de 6 de Outubro (dia da abertura da [&hellip;]<\/p>\n","protected":false},"author":5,"featured_media":33287,"comment_status":"closed","ping_status":"closed","template":"","tags":[],"mec_category":[716],"_links":{"self":[{"href":"https:\/\/visitaltotamegaebarroso.pt\/es\/wp-json\/wp\/v2\/mec-events\/33293"}],"collection":[{"href":"https:\/\/visitaltotamegaebarroso.pt\/es\/wp-json\/wp\/v2\/mec-events"}],"about":[{"href":"https:\/\/visitaltotamegaebarroso.pt\/es\/wp-json\/wp\/v2\/types\/mec-events"}],"author":[{"embeddable":true,"href":"https:\/\/visitaltotamegaebarroso.pt\/es\/wp-json\/wp\/v2\/users\/5"}],"replies":[{"embeddable":true,"href":"https:\/\/visitaltotamegaebarroso.pt\/es\/wp-json\/wp\/v2\/comments?post=33293"}],"wp:featuredmedia":[{"embeddable":true,"href":"https:\/\/visitaltotamegaebarroso.pt\/es\/wp-json\/wp\/v2\/media\/33287"}],"wp:attachment":[{"href":"https:\/\/visitaltotamegaebarroso.pt\/es\/wp-json\/wp\/v2\/media?parent=33293"}],"wp:term":[{"taxonomy":"post_tag","embeddable":true,"href":"https:\/\/visitaltotamegaebarroso.pt\/es\/wp-json\/wp\/v2\/tags?post=33293"},{"taxonomy":"mec_category","embeddable":true,"href":"https:\/\/visitaltotamegaebarroso.pt\/es\/wp-json\/wp\/v2\/mec_category?post=33293"}],"curies":[{"name":"wp","href":"https:\/\/api.w.org\/{rel}","templated":true}]}}

<p>A exposição temporária «Pelo Filão do Conhecimento: Exposição sobre a Escola Profissional das Minas da Borralha» poderá ser visitada no Ecomuseu de Barroso &#8211; Centro Interpretativo das Minas da Borralha a partir de 6 de Outubro (dia da abertura da Escola Profissional das Minas da Borralha) até 31 de Dezembro.</p>
<p>Esta exposición incluirá objetos y documentos de personas vinculadas a la escuela, así como a la aldea de Minas da Borralha, que amablemente han donado al centro Ecomuseu de Barroso.</p>
<p>¡Venga a visitarla!</p>
<p>Traducción realizada con la versión gratuita del traductor DeepL.com</p>

<p>A exposição temporária «Pelo Filão do Conhecimento: Exposição sobre a Escola Profissional das Minas da Borralha» poderá ser visitada no Ecomuseu de Barroso &#8211; Centro Interpretativo das Minas da Borralha a partir de 6 de Outubro (dia da abertura da [&hellip;]</p>
