{"id":32946,"date":"2024-09-18T14:33:14","date_gmt":"2024-09-18T13:33:14","guid":{"rendered":"https:\/\/visitaltotamegaebarroso.pt\/events\/ribeira-de-pena-quinta-da-malafaia-evento-social\/"},"modified":"2024-09-18T14:33:14","modified_gmt":"2024-09-18T13:33:14","slug":"ribeira-de-pena-quinta-da-malafaia-evento-social","status":"publish","type":"mec-events","link":"https:\/\/visitaltotamegaebarroso.pt\/es\/events\/ribeira-de-pena-quinta-da-malafaia-evento-social\/","title":{"rendered":"Ribeira de Pena | Quinta da Malafaia evento social"},"content":{"rendered":"<p>En el marco de la celebraci\u00f3n del D\u00eda Internacional de las Personas Mayores, el municipio organiza una convivencia en la Quinta da Malafaia el d\u00eda 4 de octubre. Las personas mayores de 60 a\u00f1os y los miembros de los Centros Sociales de Ribeira de Pena est\u00e1n invitados a participar.<\/p>\n<p>El punto de encuentro ser\u00e1 la Pra\u00e7a das Freguesias, junto al Centro de Salud de Ribeira de Pena y la Casa da Torre, en Cerva, a las 9.45 horas. El regreso ser\u00e1 en torno a las 18.00 horas.<\/p>\n<p>Las inscripciones deben realizarse antes del 27 de septiembre. Las inscripciones pueden realizarse en la Biblioteca Municipal, en la antigua Escuela de Ribeira de Pena, en la Casa da Torre, en los Centros Sociales o en las Juntas Parroquiales.<\/p>\n","protected":false},"excerpt":{"rendered":"<p>En el marco de la celebraci\u00f3n del D\u00eda Internacional de las Personas Mayores, el municipio organiza una convivencia en la Quinta da Malafaia el d\u00eda 4 de octubre. Las personas mayores de 60 a\u00f1os y los miembros de los Centros [&hellip;]<\/p>\n","protected":false},"author":5,"featured_media":32942,"comment_status":"closed","ping_status":"closed","template":"","tags":[],"mec_category":[716],"_links":{"self":[{"href":"https:\/\/visitaltotamegaebarroso.pt\/es\/wp-json\/wp\/v2\/mec-events\/32946"}],"collection":[{"href":"https:\/\/visitaltotamegaebarroso.pt\/es\/wp-json\/wp\/v2\/mec-events"}],"about":[{"href":"https:\/\/visitaltotamegaebarroso.pt\/es\/wp-json\/wp\/v2\/types\/mec-events"}],"author":[{"embeddable":true,"href":"https:\/\/visitaltotamegaebarroso.pt\/es\/wp-json\/wp\/v2\/users\/5"}],"replies":[{"embeddable":true,"href":"https:\/\/visitaltotamegaebarroso.pt\/es\/wp-json\/wp\/v2\/comments?post=32946"}],"wp:featuredmedia":[{"embeddable":true,"href":"https:\/\/visitaltotamegaebarroso.pt\/es\/wp-json\/wp\/v2\/media\/32942"}],"wp:attachment":[{"href":"https:\/\/visitaltotamegaebarroso.pt\/es\/wp-json\/wp\/v2\/media?parent=32946"}],"wp:term":[{"taxonomy":"post_tag","embeddable":true,"href":"https:\/\/visitaltotamegaebarroso.pt\/es\/wp-json\/wp\/v2\/tags?post=32946"},{"taxonomy":"mec_category","embeddable":true,"href":"https:\/\/visitaltotamegaebarroso.pt\/es\/wp-json\/wp\/v2\/mec_category?post=32946"}],"curies":[{"name":"wp","href":"https:\/\/api.w.org\/{rel}","templated":true}]}}

<p>En el marco de la celebración del Día Internacional de las Personas Mayores, el municipio organiza una convivencia en la Quinta da Malafaia el día 4 de octubre. Las personas mayores de 60 años y los miembros de los Centros Sociales de Ribeira de Pena están invitados a participar.</p>
<p>El punto de encuentro será la Praça das Freguesias, junto al Centro de Salud de Ribeira de Pena y la Casa da Torre, en Cerva, a las 9.45 horas. El regreso será en torno a las 18.00 horas.</p>
<p>Las inscripciones deben realizarse antes del 27 de septiembre. Las inscripciones pueden realizarse en la Biblioteca Municipal, en la antigua Escuela de Ribeira de Pena, en la Casa da Torre, en los Centros Sociales o en las Juntas Parroquiales.</p>

<p>En el marco de la celebración del Día Internacional de las Personas Mayores, el municipio organiza una convivencia en la Quinta da Malafaia el día 4 de octubre. Las personas mayores de 60 años y los miembros de los Centros [&hellip;]</p>
