{"id":32936,"date":"2024-09-18T14:18:58","date_gmt":"2024-09-18T13:18:58","guid":{"rendered":"https:\/\/visitaltotamegaebarroso.pt\/events\/valpacos-castana-judia-con-futuro-iv\/"},"modified":"2024-09-18T14:18:58","modified_gmt":"2024-09-18T13:18:58","slug":"valpacos-castana-judia-con-futuro-iv","status":"publish","type":"mec-events","link":"https:\/\/visitaltotamegaebarroso.pt\/es\/events\/valpacos-castana-judia-con-futuro-iv\/","title":{"rendered":"Valpa\u00e7os | Casta\u00f1a jud\u00eda con futuro IV"},"content":{"rendered":"<p>El futuro de la casta\u00f1a jud\u00eda ser\u00e1 debatido con productores y operadores del sector el pr\u00f3ximo viernes, 20 de septiembre, en la Asociaci\u00f3n Cultural de Rio Bom, en la parroquia de S. Jo\u00e3o de Corveira.<\/p>\n<p>La iniciativa, que se centra en uno de los principales productos de la cesta de excelencia producida en el Municipio de Valpa\u00e7os, tiene un programa imperdible para todos aquellos que creen en el potencial, la calidad y el alto valor comercial de la *Casta\u00f1a Jud\u00eda*.<\/p>\n<p>La participaci\u00f3n es gratuita, \u00a1as\u00ed que aproveche la oportunidad!<\/p>\n","protected":false},"excerpt":{"rendered":"<p>El futuro de la casta\u00f1a jud\u00eda ser\u00e1 debatido con productores y operadores del sector el pr\u00f3ximo viernes, 20 de septiembre, en la Asociaci\u00f3n Cultural de Rio Bom, en la parroquia de S. Jo\u00e3o de Corveira. La iniciativa, que se centra [&hellip;]<\/p>\n","protected":false},"author":5,"featured_media":32932,"comment_status":"closed","ping_status":"closed","template":"","tags":[],"mec_category":[727],"_links":{"self":[{"href":"https:\/\/visitaltotamegaebarroso.pt\/es\/wp-json\/wp\/v2\/mec-events\/32936"}],"collection":[{"href":"https:\/\/visitaltotamegaebarroso.pt\/es\/wp-json\/wp\/v2\/mec-events"}],"about":[{"href":"https:\/\/visitaltotamegaebarroso.pt\/es\/wp-json\/wp\/v2\/types\/mec-events"}],"author":[{"embeddable":true,"href":"https:\/\/visitaltotamegaebarroso.pt\/es\/wp-json\/wp\/v2\/users\/5"}],"replies":[{"embeddable":true,"href":"https:\/\/visitaltotamegaebarroso.pt\/es\/wp-json\/wp\/v2\/comments?post=32936"}],"wp:featuredmedia":[{"embeddable":true,"href":"https:\/\/visitaltotamegaebarroso.pt\/es\/wp-json\/wp\/v2\/media\/32932"}],"wp:attachment":[{"href":"https:\/\/visitaltotamegaebarroso.pt\/es\/wp-json\/wp\/v2\/media?parent=32936"}],"wp:term":[{"taxonomy":"post_tag","embeddable":true,"href":"https:\/\/visitaltotamegaebarroso.pt\/es\/wp-json\/wp\/v2\/tags?post=32936"},{"taxonomy":"mec_category","embeddable":true,"href":"https:\/\/visitaltotamegaebarroso.pt\/es\/wp-json\/wp\/v2\/mec_category?post=32936"}],"curies":[{"name":"wp","href":"https:\/\/api.w.org\/{rel}","templated":true}]}}

Valpaços | Castaña judía con futuro IV

<p>El futuro de la castaña judía será debatido con productores y operadores del sector el próximo viernes, 20 de septiembre, en la Asociación Cultural de Rio Bom, en la parroquia de S. João de Corveira.</p>
<p>La iniciativa, que se centra en uno de los principales productos de la cesta de excelencia producida en el Municipio de Valpaços, tiene un programa imperdible para todos aquellos que creen en el potencial, la calidad y el alto valor comercial de la *Castaña Judía*.</p>
<p>La participación es gratuita, ¡así que aproveche la oportunidad!</p>

<p>El futuro de la castaña judía será debatido con productores y operadores del sector el próximo viernes, 20 de septiembre, en la Asociación Cultural de Rio Bom, en la parroquia de S. João de Corveira. La iniciativa, que se centra [&hellip;]</p>
