{"id":32469,"date":"2024-09-11T17:25:51","date_gmt":"2024-09-11T16:25:51","guid":{"rendered":"https:\/\/visitaltotamegaebarroso.pt\/events\/chaves-revista-aquae-flaviae-no-68\/"},"modified":"2024-09-11T17:25:51","modified_gmt":"2024-09-11T16:25:51","slug":"chaves-revista-aquae-flaviae-no-68","status":"publish","type":"mec-events","link":"https:\/\/visitaltotamegaebarroso.pt\/es\/events\/chaves-revista-aquae-flaviae-no-68\/","title":{"rendered":"Chaves | Revista Aquae Flaviae n\u00ba 68"},"content":{"rendered":"<p>La revista Aquae Flaviae es actualmente la mayor fuente de conocimiento sobre la identidad, el patrimonio y las tradiciones de la regi\u00f3n, con el objetivo de revelar y divulgar las experiencias del Alto T\u00e2mega. Su \u00faltima edici\u00f3n ser\u00e1 presentada al p\u00fablico el d\u00eda 12 de septiembre, a las 17h30, en la Sala Polivalente de la Biblioteca Municipal de Chaves.<\/p>\n<p>El n\u00famero 68 del Grupo Cultural Aquae Flaviae est\u00e1 compuesto por historias tem\u00e1ticas sobre los castillos de Monforte de Rio Livre y Montalegre, los notables transmontanos Bento da Cruz y Abade de Ba\u00e7al y, como estrella principal, la conmemoraci\u00f3n del V centenario del nacimiento de Lu\u00eds de Cam\u00f5es, el mayor poeta \u00e9pico portugu\u00e9s del mundo.<\/p>\n<p>Este trabajo incluye una amplia gama de estudios sobre el patrimonio, la naturaleza y la historia de la regi\u00f3n, con la misi\u00f3n de revelar y dar a conocer las experiencias y los espacios emblem\u00e1ticos del Alto T\u00e2mega.<\/p>\n","protected":false},"excerpt":{"rendered":"<p>La revista Aquae Flaviae es actualmente la mayor fuente de conocimiento sobre la identidad, el patrimonio y las tradiciones de la regi\u00f3n, con el objetivo de revelar y divulgar las experiencias del Alto T\u00e2mega. Su \u00faltima edici\u00f3n ser\u00e1 presentada al [&hellip;]<\/p>\n","protected":false},"author":5,"featured_media":32465,"comment_status":"closed","ping_status":"closed","template":"","tags":[],"mec_category":[716],"_links":{"self":[{"href":"https:\/\/visitaltotamegaebarroso.pt\/es\/wp-json\/wp\/v2\/mec-events\/32469"}],"collection":[{"href":"https:\/\/visitaltotamegaebarroso.pt\/es\/wp-json\/wp\/v2\/mec-events"}],"about":[{"href":"https:\/\/visitaltotamegaebarroso.pt\/es\/wp-json\/wp\/v2\/types\/mec-events"}],"author":[{"embeddable":true,"href":"https:\/\/visitaltotamegaebarroso.pt\/es\/wp-json\/wp\/v2\/users\/5"}],"replies":[{"embeddable":true,"href":"https:\/\/visitaltotamegaebarroso.pt\/es\/wp-json\/wp\/v2\/comments?post=32469"}],"wp:featuredmedia":[{"embeddable":true,"href":"https:\/\/visitaltotamegaebarroso.pt\/es\/wp-json\/wp\/v2\/media\/32465"}],"wp:attachment":[{"href":"https:\/\/visitaltotamegaebarroso.pt\/es\/wp-json\/wp\/v2\/media?parent=32469"}],"wp:term":[{"taxonomy":"post_tag","embeddable":true,"href":"https:\/\/visitaltotamegaebarroso.pt\/es\/wp-json\/wp\/v2\/tags?post=32469"},{"taxonomy":"mec_category","embeddable":true,"href":"https:\/\/visitaltotamegaebarroso.pt\/es\/wp-json\/wp\/v2\/mec_category?post=32469"}],"curies":[{"name":"wp","href":"https:\/\/api.w.org\/{rel}","templated":true}]}}

Chaves | Revista Aquae Flaviae nº 68

<p>La revista Aquae Flaviae es actualmente la mayor fuente de conocimiento sobre la identidad, el patrimonio y las tradiciones de la región, con el objetivo de revelar y divulgar las experiencias del Alto Tâmega. Su última edición será presentada al público el día 12 de septiembre, a las 17h30, en la Sala Polivalente de la Biblioteca Municipal de Chaves.</p>
<p>El número 68 del Grupo Cultural Aquae Flaviae está compuesto por historias temáticas sobre los castillos de Monforte de Rio Livre y Montalegre, los notables transmontanos Bento da Cruz y Abade de Baçal y, como estrella principal, la conmemoración del V centenario del nacimiento de Luís de Camões, el mayor poeta épico portugués del mundo.</p>
<p>Este trabajo incluye una amplia gama de estudios sobre el patrimonio, la naturaleza y la historia de la región, con la misión de revelar y dar a conocer las experiencias y los espacios emblemáticos del Alto Tâmega.</p>

<p>La revista Aquae Flaviae es actualmente la mayor fuente de conocimiento sobre la identidad, el patrimonio y las tradiciones de la región, con el objetivo de revelar y divulgar las experiencias del Alto Tâmega. Su última edición será presentada al [&hellip;]</p>
