{"id":32449,"date":"2024-09-11T17:08:09","date_gmt":"2024-09-11T16:08:09","guid":{"rendered":"https:\/\/visitaltotamegaebarroso.pt\/events\/montalegre-34a-feria-del-ahumado\/"},"modified":"2024-09-11T17:08:09","modified_gmt":"2024-09-11T16:08:09","slug":"montalegre-34a-feria-del-ahumado","status":"publish","type":"mec-events","link":"https:\/\/visitaltotamegaebarroso.pt\/es\/events\/montalegre-34a-feria-del-ahumado\/","title":{"rendered":"Montalegre | 34\u00aa Feria del Ahumado"},"content":{"rendered":"<p>La pr\u00f3xima Feria del Ahumado de Montalegre tendr\u00e1 lugar del 23 al 26 de enero del pr\u00f3ximo a\u00f1o. Es el regreso de la \u00abreina de los ahumados\u00bb a la capital de Barroso.<br \/>\nMarque su calendario.<\/p>\n","protected":false},"excerpt":{"rendered":"<p>La pr\u00f3xima Feria del Ahumado de Montalegre tendr\u00e1 lugar del 23 al 26 de enero del pr\u00f3ximo a\u00f1o. Es el regreso de la \u00abreina de los ahumados\u00bb a la capital de Barroso. Marque su calendario.<\/p>\n","protected":false},"author":5,"featured_media":32445,"comment_status":"closed","ping_status":"closed","template":"","tags":[],"mec_category":[724,727],"_links":{"self":[{"href":"https:\/\/visitaltotamegaebarroso.pt\/es\/wp-json\/wp\/v2\/mec-events\/32449"}],"collection":[{"href":"https:\/\/visitaltotamegaebarroso.pt\/es\/wp-json\/wp\/v2\/mec-events"}],"about":[{"href":"https:\/\/visitaltotamegaebarroso.pt\/es\/wp-json\/wp\/v2\/types\/mec-events"}],"author":[{"embeddable":true,"href":"https:\/\/visitaltotamegaebarroso.pt\/es\/wp-json\/wp\/v2\/users\/5"}],"replies":[{"embeddable":true,"href":"https:\/\/visitaltotamegaebarroso.pt\/es\/wp-json\/wp\/v2\/comments?post=32449"}],"wp:featuredmedia":[{"embeddable":true,"href":"https:\/\/visitaltotamegaebarroso.pt\/es\/wp-json\/wp\/v2\/media\/32445"}],"wp:attachment":[{"href":"https:\/\/visitaltotamegaebarroso.pt\/es\/wp-json\/wp\/v2\/media?parent=32449"}],"wp:term":[{"taxonomy":"post_tag","embeddable":true,"href":"https:\/\/visitaltotamegaebarroso.pt\/es\/wp-json\/wp\/v2\/tags?post=32449"},{"taxonomy":"mec_category","embeddable":true,"href":"https:\/\/visitaltotamegaebarroso.pt\/es\/wp-json\/wp\/v2\/mec_category?post=32449"}],"curies":[{"name":"wp","href":"https:\/\/api.w.org\/{rel}","templated":true}]}}

Montalegre | 34ª Feria del Ahumado

<p>La próxima Feria del Ahumado de Montalegre tendrá lugar del 23 al 26 de enero del próximo año. Es el regreso de la «reina de los ahumados» a la capital de Barroso.<br />
Marque su calendario.</p>

<p>La próxima Feria del Ahumado de Montalegre tendrá lugar del 23 al 26 de enero del próximo año. Es el regreso de la «reina de los ahumados» a la capital de Barroso. Marque su calendario.</p>
