{"id":32239,"date":"2024-09-07T14:18:40","date_gmt":"2024-09-07T13:18:40","guid":{"rendered":"https:\/\/visitaltotamegaebarroso.pt\/events\/chaves-rally-transiberico-del-agua\/"},"modified":"2024-09-09T12:44:16","modified_gmt":"2024-09-09T11:44:16","slug":"chaves-rally-transiberico-del-agua","status":"publish","type":"mec-events","link":"https:\/\/visitaltotamegaebarroso.pt\/es\/events\/chaves-rally-transiberico-del-agua\/","title":{"rendered":"Chaves | Rally Transib\u00e9rico del Agua &#8211; Sesi\u00f3n de Aut\u00f3grafos"},"content":{"rendered":"<p>La edici\u00f3n 2024 del Rally N\u00e1utico Transib\u00e9rico Eurocidade Chaves-Ver\u00edn presenta varias novedades. Empezando la v\u00edspera, el d\u00eda 12 (jueves), con una sesi\u00f3n de aut\u00f3grafos y exposici\u00f3n de coches, junto a la Oficina de Turismo del Alto T\u00e2mega, en Chaves. Una oportunidad para conocer de cerca a los pilotos..<\/p>\n<p><a href=\"https:\/\/rali-da-agua.cami.pt\/\">https:\/\/rali-da-agua.cami.pt\/<\/a><\/p>\n","protected":false},"excerpt":{"rendered":"<p>La edici\u00f3n 2024 del Rally N\u00e1utico Transib\u00e9rico Eurocidade Chaves-Ver\u00edn presenta varias novedades. Empezando la v\u00edspera, el d\u00eda 12 (jueves), con una sesi\u00f3n de aut\u00f3grafos y exposici\u00f3n de coches, junto a la Oficina de Turismo del Alto T\u00e2mega, en Chaves. Una [&hellip;]<\/p>\n","protected":false},"author":5,"featured_media":32235,"comment_status":"closed","ping_status":"closed","template":"","tags":[],"mec_category":[720],"_links":{"self":[{"href":"https:\/\/visitaltotamegaebarroso.pt\/es\/wp-json\/wp\/v2\/mec-events\/32239"}],"collection":[{"href":"https:\/\/visitaltotamegaebarroso.pt\/es\/wp-json\/wp\/v2\/mec-events"}],"about":[{"href":"https:\/\/visitaltotamegaebarroso.pt\/es\/wp-json\/wp\/v2\/types\/mec-events"}],"author":[{"embeddable":true,"href":"https:\/\/visitaltotamegaebarroso.pt\/es\/wp-json\/wp\/v2\/users\/5"}],"replies":[{"embeddable":true,"href":"https:\/\/visitaltotamegaebarroso.pt\/es\/wp-json\/wp\/v2\/comments?post=32239"}],"wp:featuredmedia":[{"embeddable":true,"href":"https:\/\/visitaltotamegaebarroso.pt\/es\/wp-json\/wp\/v2\/media\/32235"}],"wp:attachment":[{"href":"https:\/\/visitaltotamegaebarroso.pt\/es\/wp-json\/wp\/v2\/media?parent=32239"}],"wp:term":[{"taxonomy":"post_tag","embeddable":true,"href":"https:\/\/visitaltotamegaebarroso.pt\/es\/wp-json\/wp\/v2\/tags?post=32239"},{"taxonomy":"mec_category","embeddable":true,"href":"https:\/\/visitaltotamegaebarroso.pt\/es\/wp-json\/wp\/v2\/mec_category?post=32239"}],"curies":[{"name":"wp","href":"https:\/\/api.w.org\/{rel}","templated":true}]}}

Chaves | Rally Transibérico del Agua &#8211; Sesión de Autógrafos

<p>La edición 2024 del Rally Náutico Transibérico Eurocidade Chaves-Verín presenta varias novedades. Empezando la víspera, el día 12 (jueves), con una sesión de autógrafos y exposición de coches, junto a la Oficina de Turismo del Alto Tâmega, en Chaves. Una oportunidad para conocer de cerca a los pilotos..</p>
<p><a href="https://rali-da-agua.cami.pt/">https://rali-da-agua.cami.pt/</a></p>

<p>La edición 2024 del Rally Náutico Transibérico Eurocidade Chaves-Verín presenta varias novedades. Empezando la víspera, el día 12 (jueves), con una sesión de autógrafos y exposición de coches, junto a la Oficina de Turismo del Alto Tâmega, en Chaves. Una [&hellip;]</p>
