{"id":32124,"date":"2024-09-04T18:03:45","date_gmt":"2024-09-04T17:03:45","guid":{"rendered":"https:\/\/visitaltotamegaebarroso.pt\/events\/montalegre-taller-bano-de-bosque\/"},"modified":"2024-09-04T18:03:45","modified_gmt":"2024-09-04T17:03:45","slug":"montalegre-taller-bano-de-bosque","status":"publish","type":"mec-events","link":"https:\/\/visitaltotamegaebarroso.pt\/es\/events\/montalegre-taller-bano-de-bosque\/","title":{"rendered":"Montalegre | Taller \u00abBa\u00f1o de Bosque\u00bb"},"content":{"rendered":"<p>l d\u00eda 21 se celebrar\u00e1 en el Parque Nacional de Peneda-Ger\u00eas un taller titulado \u00abBa\u00f1o de bosque\u00bb. Esta iniciativa introductoria tiene como objetivo dotar a los participantes de las t\u00e9cnicas y conocimientos necesarios para impulsar la iniciativa europea Parques Saludables, Gente Saludable en Portugal. Destinatarios: T\u00e9cnicos de territorios integrados en \u00c1reas Protegidas (AP); Profesionales<br \/>\nde \u00c1reas Protegidas (AP); profesionales implicados en actividades de educaci\u00f3n ambiental; guardas de la naturaleza; profesionales de la salud y otras organizaciones (empresas de ocio, asociaciones, etc.) que de alguna manera est\u00e9n interesadas y relacionadas con el tema.<\/p>\n<p>La inscripci\u00f3n est\u00e1 abierta hasta el 17 de septiembre a trav\u00e9s del siguiente enlace: bit.ly\/workshopforest<\/p>\n","protected":false},"excerpt":{"rendered":"<p>l d\u00eda 21 se celebrar\u00e1 en el Parque Nacional de Peneda-Ger\u00eas un taller titulado \u00abBa\u00f1o de bosque\u00bb. Esta iniciativa introductoria tiene como objetivo dotar a los participantes de las t\u00e9cnicas y conocimientos necesarios para impulsar la iniciativa europea Parques Saludables, [&hellip;]<\/p>\n","protected":false},"author":5,"featured_media":32120,"comment_status":"closed","ping_status":"closed","template":"","tags":[],"mec_category":[716],"_links":{"self":[{"href":"https:\/\/visitaltotamegaebarroso.pt\/es\/wp-json\/wp\/v2\/mec-events\/32124"}],"collection":[{"href":"https:\/\/visitaltotamegaebarroso.pt\/es\/wp-json\/wp\/v2\/mec-events"}],"about":[{"href":"https:\/\/visitaltotamegaebarroso.pt\/es\/wp-json\/wp\/v2\/types\/mec-events"}],"author":[{"embeddable":true,"href":"https:\/\/visitaltotamegaebarroso.pt\/es\/wp-json\/wp\/v2\/users\/5"}],"replies":[{"embeddable":true,"href":"https:\/\/visitaltotamegaebarroso.pt\/es\/wp-json\/wp\/v2\/comments?post=32124"}],"wp:featuredmedia":[{"embeddable":true,"href":"https:\/\/visitaltotamegaebarroso.pt\/es\/wp-json\/wp\/v2\/media\/32120"}],"wp:attachment":[{"href":"https:\/\/visitaltotamegaebarroso.pt\/es\/wp-json\/wp\/v2\/media?parent=32124"}],"wp:term":[{"taxonomy":"post_tag","embeddable":true,"href":"https:\/\/visitaltotamegaebarroso.pt\/es\/wp-json\/wp\/v2\/tags?post=32124"},{"taxonomy":"mec_category","embeddable":true,"href":"https:\/\/visitaltotamegaebarroso.pt\/es\/wp-json\/wp\/v2\/mec_category?post=32124"}],"curies":[{"name":"wp","href":"https:\/\/api.w.org\/{rel}","templated":true}]}}

Montalegre | Taller «Baño de Bosque»

<p>l día 21 se celebrará en el Parque Nacional de Peneda-Gerês un taller titulado «Baño de bosque». Esta iniciativa introductoria tiene como objetivo dotar a los participantes de las técnicas y conocimientos necesarios para impulsar la iniciativa europea Parques Saludables, Gente Saludable en Portugal. Destinatarios: Técnicos de territorios integrados en Áreas Protegidas (AP); Profesionales<br />
de Áreas Protegidas (AP); profesionales implicados en actividades de educación ambiental; guardas de la naturaleza; profesionales de la salud y otras organizaciones (empresas de ocio, asociaciones, etc.) que de alguna manera estén interesadas y relacionadas con el tema.</p>
<p>La inscripción está abierta hasta el 17 de septiembre a través del siguiente enlace: bit.ly/workshopforest</p>

<p>l día 21 se celebrará en el Parque Nacional de Peneda-Gerês un taller titulado «Baño de bosque». Esta iniciativa introductoria tiene como objetivo dotar a los participantes de las técnicas y conocimientos necesarios para impulsar la iniciativa europea Parques Saludables, [&hellip;]</p>
