{"id":32079,"date":"2024-09-03T18:00:54","date_gmt":"2024-09-03T17:00:54","guid":{"rendered":"https:\/\/visitaltotamegaebarroso.pt\/events\/boticas-fiesta-de-la-vendimia\/"},"modified":"2024-09-03T18:00:54","modified_gmt":"2024-09-03T17:00:54","slug":"boticas-fiesta-de-la-vendimia","status":"publish","type":"mec-events","link":"https:\/\/visitaltotamegaebarroso.pt\/es\/events\/boticas-fiesta-de-la-vendimia\/","title":{"rendered":"Boticas | Fiesta de la Vendimia"},"content":{"rendered":"<p>La inscripci\u00f3n es obligatoria e ilimitada.<\/p>\n<p>M\u00e1s informaci\u00f3n e inscripciones:<\/p>\n<p>aacceltiberus@gmail.com<\/p>\n<p>tel\u00e9fono: +351 276 410 206<\/p>\n<p><a href=\"http:\/\/www.boticasparque.com\">www.boticasparque.com<\/a><\/p>\n","protected":false},"excerpt":{"rendered":"<p>La inscripci\u00f3n es obligatoria e ilimitada. M\u00e1s informaci\u00f3n e inscripciones: aacceltiberus@gmail.com tel\u00e9fono: +351 276 410 206 www.boticasparque.com<\/p>\n","protected":false},"author":5,"featured_media":32075,"comment_status":"closed","ping_status":"closed","template":"","tags":[],"mec_category":[716],"_links":{"self":[{"href":"https:\/\/visitaltotamegaebarroso.pt\/es\/wp-json\/wp\/v2\/mec-events\/32079"}],"collection":[{"href":"https:\/\/visitaltotamegaebarroso.pt\/es\/wp-json\/wp\/v2\/mec-events"}],"about":[{"href":"https:\/\/visitaltotamegaebarroso.pt\/es\/wp-json\/wp\/v2\/types\/mec-events"}],"author":[{"embeddable":true,"href":"https:\/\/visitaltotamegaebarroso.pt\/es\/wp-json\/wp\/v2\/users\/5"}],"replies":[{"embeddable":true,"href":"https:\/\/visitaltotamegaebarroso.pt\/es\/wp-json\/wp\/v2\/comments?post=32079"}],"wp:featuredmedia":[{"embeddable":true,"href":"https:\/\/visitaltotamegaebarroso.pt\/es\/wp-json\/wp\/v2\/media\/32075"}],"wp:attachment":[{"href":"https:\/\/visitaltotamegaebarroso.pt\/es\/wp-json\/wp\/v2\/media?parent=32079"}],"wp:term":[{"taxonomy":"post_tag","embeddable":true,"href":"https:\/\/visitaltotamegaebarroso.pt\/es\/wp-json\/wp\/v2\/tags?post=32079"},{"taxonomy":"mec_category","embeddable":true,"href":"https:\/\/visitaltotamegaebarroso.pt\/es\/wp-json\/wp\/v2\/mec_category?post=32079"}],"curies":[{"name":"wp","href":"https:\/\/api.w.org\/{rel}","templated":true}]}}

<p>La inscripción es obligatoria e ilimitada.</p>
<p>Más información e inscripciones:</p>
<p>aacceltiberus@gmail.com</p>
<p>teléfono: +351 276 410 206</p>
<p><a href="http://www.boticasparque.com">www.boticasparque.com</a></p>

<p>La inscripción es obligatoria e ilimitada. Más información e inscripciones: aacceltiberus@gmail.com teléfono: +351 276 410 206 www.boticasparque.com</p>
