{"id":31851,"date":"2024-08-30T11:44:48","date_gmt":"2024-08-30T10:44:48","guid":{"rendered":"https:\/\/visitaltotamegaebarroso.pt\/events\/chaves-nuestros-artistas-lapices-de-colores\/"},"modified":"2024-08-30T11:44:48","modified_gmt":"2024-08-30T10:44:48","slug":"chaves-nuestros-artistas-lapices-de-colores","status":"publish","type":"mec-events","link":"https:\/\/visitaltotamegaebarroso.pt\/es\/events\/chaves-nuestros-artistas-lapices-de-colores\/","title":{"rendered":"Chaves | Nuestros Artistas &#8211; L\u00e1pices de colores"},"content":{"rendered":"<p>En un viaje por el mundo emocional creativo y art\u00edstico, la Sala Polivalente de la Biblioteca Municipal acoge durante el mes de septiembre la exposici\u00f3n de dibujo y pintura \u00abL\u00e1pices de colores\u00bb, un conjunto de obras ilustrativas caracterizadas por formas, colores y texturas realizadas con l\u00e1pices, de la artista flavia Maria Jos\u00e9 Neves.<\/p>\n<p>Integrada en el ciclo \u00abNuestros Artistas\u00bb, esta exposici\u00f3n permanecer\u00e1 abierta hasta el d\u00eda 28, estando prevista la inauguraci\u00f3n el d\u00eda 3 de septiembre a las 17:30 horas.<\/p>\n<p>Desde temprana edad, Maria Jos\u00e9 da Gra\u00e7a Neves mostr\u00f3 una notable aptitud para las artes visuales, habiendo ganado su primer premio de pintura cuando a\u00fan estaba en la escuela secundaria, en la Escuela Nadir Afonso. Continu\u00f3 estudiando Arte y Dise\u00f1o en el Instituto Dr. Ant\u00f3nio Granjo y particip\u00f3 en varias exposiciones colectivas, obteniendo reconocimiento art\u00edstico por su pasi\u00f3n por el arte a trav\u00e9s de los diversos proyectos y actividades en los que particip\u00f3.<\/p>\n<p>Estudi\u00f3 Educaci\u00f3n Visual y Tecnol\u00f3gica en el Instituto Polit\u00e9cnico de Bragan\u00e7a y es profesora de esta asignatura desde 2003. A lo largo de los a\u00f1os, su enfoque pedag\u00f3gico creativo e innovador ha contagiado y dejado una huella indeleble en todos sus alumnos, promoviendo el arte y la educaci\u00f3n para construir una sociedad m\u00e1s rica.<\/p>\n<p>La exposici\u00f3n, cuya entrada es gratuita, puede visitarse de lunes a viernes de 09.30 a 13.00 y de 14.00 a 18.00 horas y los s\u00e1bados de 09.30 a 13.00 horas.<\/p>\n","protected":false},"excerpt":{"rendered":"<p>En un viaje por el mundo emocional creativo y art\u00edstico, la Sala Polivalente de la Biblioteca Municipal acoge durante el mes de septiembre la exposici\u00f3n de dibujo y pintura \u00abL\u00e1pices de colores\u00bb, un conjunto de obras ilustrativas caracterizadas por formas, [&hellip;]<\/p>\n","protected":false},"author":5,"featured_media":31847,"comment_status":"closed","ping_status":"closed","template":"","tags":[],"mec_category":[716],"_links":{"self":[{"href":"https:\/\/visitaltotamegaebarroso.pt\/es\/wp-json\/wp\/v2\/mec-events\/31851"}],"collection":[{"href":"https:\/\/visitaltotamegaebarroso.pt\/es\/wp-json\/wp\/v2\/mec-events"}],"about":[{"href":"https:\/\/visitaltotamegaebarroso.pt\/es\/wp-json\/wp\/v2\/types\/mec-events"}],"author":[{"embeddable":true,"href":"https:\/\/visitaltotamegaebarroso.pt\/es\/wp-json\/wp\/v2\/users\/5"}],"replies":[{"embeddable":true,"href":"https:\/\/visitaltotamegaebarroso.pt\/es\/wp-json\/wp\/v2\/comments?post=31851"}],"wp:featuredmedia":[{"embeddable":true,"href":"https:\/\/visitaltotamegaebarroso.pt\/es\/wp-json\/wp\/v2\/media\/31847"}],"wp:attachment":[{"href":"https:\/\/visitaltotamegaebarroso.pt\/es\/wp-json\/wp\/v2\/media?parent=31851"}],"wp:term":[{"taxonomy":"post_tag","embeddable":true,"href":"https:\/\/visitaltotamegaebarroso.pt\/es\/wp-json\/wp\/v2\/tags?post=31851"},{"taxonomy":"mec_category","embeddable":true,"href":"https:\/\/visitaltotamegaebarroso.pt\/es\/wp-json\/wp\/v2\/mec_category?post=31851"}],"curies":[{"name":"wp","href":"https:\/\/api.w.org\/{rel}","templated":true}]}}

Chaves | Nuestros Artistas &#8211; Lápices de colores

<p>En un viaje por el mundo emocional creativo y artístico, la Sala Polivalente de la Biblioteca Municipal acoge durante el mes de septiembre la exposición de dibujo y pintura «Lápices de colores», un conjunto de obras ilustrativas caracterizadas por formas, colores y texturas realizadas con lápices, de la artista flavia Maria José Neves.</p>
<p>Integrada en el ciclo «Nuestros Artistas», esta exposición permanecerá abierta hasta el día 28, estando prevista la inauguración el día 3 de septiembre a las 17:30 horas.</p>
<p>Desde temprana edad, Maria José da Graça Neves mostró una notable aptitud para las artes visuales, habiendo ganado su primer premio de pintura cuando aún estaba en la escuela secundaria, en la Escuela Nadir Afonso. Continuó estudiando Arte y Diseño en el Instituto Dr. António Granjo y participó en varias exposiciones colectivas, obteniendo reconocimiento artístico por su pasión por el arte a través de los diversos proyectos y actividades en los que participó.</p>
<p>Estudió Educación Visual y Tecnológica en el Instituto Politécnico de Bragança y es profesora de esta asignatura desde 2003. A lo largo de los años, su enfoque pedagógico creativo e innovador ha contagiado y dejado una huella indeleble en todos sus alumnos, promoviendo el arte y la educación para construir una sociedad más rica.</p>
<p>La exposición, cuya entrada es gratuita, puede visitarse de lunes a viernes de 09.30 a 13.00 y de 14.00 a 18.00 horas y los sábados de 09.30 a 13.00 horas.</p>

<p>En un viaje por el mundo emocional creativo y artístico, la Sala Polivalente de la Biblioteca Municipal acoge durante el mes de septiembre la exposición de dibujo y pintura «Lápices de colores», un conjunto de obras ilustrativas caracterizadas por formas, [&hellip;]</p>
