{"id":31679,"date":"2024-08-27T19:06:59","date_gmt":"2024-08-27T18:06:59","guid":{"rendered":"https:\/\/visitaltotamegaebarroso.pt\/events\/vila-pouca-de-aguiar-feria-de-la-cebolla\/"},"modified":"2024-08-27T19:06:59","modified_gmt":"2024-08-27T18:06:59","slug":"vila-pouca-de-aguiar-feria-de-la-cebolla","status":"publish","type":"mec-events","link":"https:\/\/visitaltotamegaebarroso.pt\/es\/events\/vila-pouca-de-aguiar-feria-de-la-cebolla\/","title":{"rendered":"Vila Pouca de Aguiar | Feria de la Cebolla"},"content":{"rendered":"<p>Cerca de medio centenar de productores de cebollas estar\u00e1n presentes en la secular Feria de la Cebolla, que se celebra el 25 de septiembre, pero la gran mayor\u00eda empezar\u00e1 a vender sus productos el d\u00eda 24 por la tarde.<\/p>\n<p>En el recinto ferial, habr\u00e1 expositores con productos locales y tabernas con caldo de cebolla, bocadillos de cebolla, pataniscas, feijoada, escabeche de pescado y otras delicias gastron\u00f3micas. Los restaurantes locales se suman al evento regional.<\/p>\n<p>Las actividades socioecon\u00f3micas, culturales y deportivas tendr\u00e1n lugar casi en su totalidad los d\u00edas 24 y 25 de septiembre en la plaza Luis de Cam\u00f5es, la plaza de Camilo Castelo Branco, la plaza Jo\u00e3o Paulo II, el Mercado Municipal y el Complejo Deportivo. Pero los festejos comenzar\u00e1n el fin de semana anterior a la feria con la tradicional carrera de caballos en la pista del complejo deportivo y m\u00e1s actividades relacionadas con el mundo rural.<\/p>\n<p>Los d\u00edas 24 y 25 de septiembre, la elaboraci\u00f3n del caldo de cebolla a la antigua usanza y la tradicional defoliaci\u00f3n, el concurso a la cebolla m\u00e1s grande, el concurso de ganado y las chegas, el teatro de calle y el baile de la cebolla son iniciativas populares.<\/p>\n","protected":false},"excerpt":{"rendered":"<p>Cerca de medio centenar de productores de cebollas estar\u00e1n presentes en la secular Feria de la Cebolla, que se celebra el 25 de septiembre, pero la gran mayor\u00eda empezar\u00e1 a vender sus productos el d\u00eda 24 por la tarde. En [&hellip;]<\/p>\n","protected":false},"author":5,"featured_media":31675,"comment_status":"closed","ping_status":"closed","template":"","tags":[],"mec_category":[727],"_links":{"self":[{"href":"https:\/\/visitaltotamegaebarroso.pt\/es\/wp-json\/wp\/v2\/mec-events\/31679"}],"collection":[{"href":"https:\/\/visitaltotamegaebarroso.pt\/es\/wp-json\/wp\/v2\/mec-events"}],"about":[{"href":"https:\/\/visitaltotamegaebarroso.pt\/es\/wp-json\/wp\/v2\/types\/mec-events"}],"author":[{"embeddable":true,"href":"https:\/\/visitaltotamegaebarroso.pt\/es\/wp-json\/wp\/v2\/users\/5"}],"replies":[{"embeddable":true,"href":"https:\/\/visitaltotamegaebarroso.pt\/es\/wp-json\/wp\/v2\/comments?post=31679"}],"wp:featuredmedia":[{"embeddable":true,"href":"https:\/\/visitaltotamegaebarroso.pt\/es\/wp-json\/wp\/v2\/media\/31675"}],"wp:attachment":[{"href":"https:\/\/visitaltotamegaebarroso.pt\/es\/wp-json\/wp\/v2\/media?parent=31679"}],"wp:term":[{"taxonomy":"post_tag","embeddable":true,"href":"https:\/\/visitaltotamegaebarroso.pt\/es\/wp-json\/wp\/v2\/tags?post=31679"},{"taxonomy":"mec_category","embeddable":true,"href":"https:\/\/visitaltotamegaebarroso.pt\/es\/wp-json\/wp\/v2\/mec_category?post=31679"}],"curies":[{"name":"wp","href":"https:\/\/api.w.org\/{rel}","templated":true}]}}

<p>Cerca de medio centenar de productores de cebollas estarán presentes en la secular Feria de la Cebolla, que se celebra el 25 de septiembre, pero la gran mayoría empezará a vender sus productos el día 24 por la tarde.</p>
<p>En el recinto ferial, habrá expositores con productos locales y tabernas con caldo de cebolla, bocadillos de cebolla, pataniscas, feijoada, escabeche de pescado y otras delicias gastronómicas. Los restaurantes locales se suman al evento regional.</p>
<p>Las actividades socioeconómicas, culturales y deportivas tendrán lugar casi en su totalidad los días 24 y 25 de septiembre en la plaza Luis de Camões, la plaza de Camilo Castelo Branco, la plaza João Paulo II, el Mercado Municipal y el Complejo Deportivo. Pero los festejos comenzarán el fin de semana anterior a la feria con la tradicional carrera de caballos en la pista del complejo deportivo y más actividades relacionadas con el mundo rural.</p>
<p>Los días 24 y 25 de septiembre, la elaboración del caldo de cebolla a la antigua usanza y la tradicional defoliación, el concurso a la cebolla más grande, el concurso de ganado y las chegas, el teatro de calle y el baile de la cebolla son iniciativas populares.</p>

<p>Cerca de medio centenar de productores de cebollas estarán presentes en la secular Feria de la Cebolla, que se celebra el 25 de septiembre, pero la gran mayoría empezará a vender sus productos el día 24 por la tarde. En [&hellip;]</p>
