{"id":31357,"date":"2024-08-13T18:53:43","date_gmt":"2024-08-13T17:53:43","guid":{"rendered":"https:\/\/visitaltotamegaebarroso.pt\/events\/chaves-despique-de-bandas-banda-municipal-flaviense-os-pardais-y-banda-musical-da-torre-de-ervededo\/"},"modified":"2024-08-13T18:53:43","modified_gmt":"2024-08-13T17:53:43","slug":"chaves-despique-de-bandas-banda-municipal-flaviense-os-pardais-y-banda-musical-da-torre-de-ervededo","status":"publish","type":"mec-events","link":"https:\/\/visitaltotamegaebarroso.pt\/es\/events\/chaves-despique-de-bandas-banda-municipal-flaviense-os-pardais-y-banda-musical-da-torre-de-ervededo\/","title":{"rendered":"Chaves | Despique de Bandas &#8211; Banda Municipal Flaviense &#8216;Os Pardais&#8217; y &#8216;Banda Musical da Torre de Ervededo"},"content":{"rendered":"<p>Con el objetivo de amenizar las noches de verano y divulgar las Bandas Filarm\u00f3nicas de la comarca, el municipio organiza una serie de conciertos filarm\u00f3nicos, con la actuaci\u00f3n de bandas en despique.<\/p>\n<p>Organizado por el Ayuntamiento de Chaves<\/p>\n","protected":false},"excerpt":{"rendered":"<p>Con el objetivo de amenizar las noches de verano y divulgar las Bandas Filarm\u00f3nicas de la comarca, el municipio organiza una serie de conciertos filarm\u00f3nicos, con la actuaci\u00f3n de bandas en despique. Organizado por el Ayuntamiento de Chaves<\/p>\n","protected":false},"author":5,"featured_media":31353,"comment_status":"closed","ping_status":"closed","template":"","tags":[],"mec_category":[716],"_links":{"self":[{"href":"https:\/\/visitaltotamegaebarroso.pt\/es\/wp-json\/wp\/v2\/mec-events\/31357"}],"collection":[{"href":"https:\/\/visitaltotamegaebarroso.pt\/es\/wp-json\/wp\/v2\/mec-events"}],"about":[{"href":"https:\/\/visitaltotamegaebarroso.pt\/es\/wp-json\/wp\/v2\/types\/mec-events"}],"author":[{"embeddable":true,"href":"https:\/\/visitaltotamegaebarroso.pt\/es\/wp-json\/wp\/v2\/users\/5"}],"replies":[{"embeddable":true,"href":"https:\/\/visitaltotamegaebarroso.pt\/es\/wp-json\/wp\/v2\/comments?post=31357"}],"wp:featuredmedia":[{"embeddable":true,"href":"https:\/\/visitaltotamegaebarroso.pt\/es\/wp-json\/wp\/v2\/media\/31353"}],"wp:attachment":[{"href":"https:\/\/visitaltotamegaebarroso.pt\/es\/wp-json\/wp\/v2\/media?parent=31357"}],"wp:term":[{"taxonomy":"post_tag","embeddable":true,"href":"https:\/\/visitaltotamegaebarroso.pt\/es\/wp-json\/wp\/v2\/tags?post=31357"},{"taxonomy":"mec_category","embeddable":true,"href":"https:\/\/visitaltotamegaebarroso.pt\/es\/wp-json\/wp\/v2\/mec_category?post=31357"}],"curies":[{"name":"wp","href":"https:\/\/api.w.org\/{rel}","templated":true}]}}

<p>Con el objetivo de amenizar las noches de verano y divulgar las Bandas Filarmónicas de la comarca, el municipio organiza una serie de conciertos filarmónicos, con la actuación de bandas en despique.</p>
<p>Organizado por el Ayuntamiento de Chaves</p>

<p>Con el objetivo de amenizar las noches de verano y divulgar las Bandas Filarmónicas de la comarca, el municipio organiza una serie de conciertos filarmónicos, con la actuación de bandas en despique. Organizado por el Ayuntamiento de Chaves</p>
