{"id":31327,"date":"2024-08-13T16:21:12","date_gmt":"2024-08-13T15:21:12","guid":{"rendered":"https:\/\/visitaltotamegaebarroso.pt\/events\/chaves-xxiii-festival-de-folclore\/"},"modified":"2024-08-13T16:21:12","modified_gmt":"2024-08-13T15:21:12","slug":"chaves-xxiii-festival-de-folclore","status":"publish","type":"mec-events","link":"https:\/\/visitaltotamegaebarroso.pt\/es\/events\/chaves-xxiii-festival-de-folclore\/","title":{"rendered":"Chaves | XXIII Festival de Folclore"},"content":{"rendered":"<p>El Grupo Folcl\u00f3rico de la Villa Medieval de Santo Estev\u00e3o celebra el XXIII Festival de Folclore, trayendo a la ciudad de Chaves un peque\u00f1o escaparate de Tradici\u00f3n, Cultura y Etnograf\u00eda de varias partes del pa\u00eds. Este a\u00f1o traemos a la ciudad de Chaves grupos de Coimbra, Vila Nova de Cerveira y Viseu. En \u00abDefensa de la Cultura y Tradici\u00f3n de nuestro Pueblo\u00bb, pretendemos proporcionar una velada de buenos recuerdos en compa\u00f1\u00eda de buena m\u00fasica portuguesa.<\/p>\n<p>Organiza: Grupo Folcl\u00f3rico de la Villa Medieval de Santo Estev\u00e3o<br \/>\nApoya: Ayuntamiento de Chaves<\/p>\n","protected":false},"excerpt":{"rendered":"<p>El Grupo Folcl\u00f3rico de la Villa Medieval de Santo Estev\u00e3o celebra el XXIII Festival de Folclore, trayendo a la ciudad de Chaves un peque\u00f1o escaparate de Tradici\u00f3n, Cultura y Etnograf\u00eda de varias partes del pa\u00eds. Este a\u00f1o traemos a la [&hellip;]<\/p>\n","protected":false},"author":5,"featured_media":31323,"comment_status":"closed","ping_status":"closed","template":"","tags":[],"mec_category":[716],"_links":{"self":[{"href":"https:\/\/visitaltotamegaebarroso.pt\/es\/wp-json\/wp\/v2\/mec-events\/31327"}],"collection":[{"href":"https:\/\/visitaltotamegaebarroso.pt\/es\/wp-json\/wp\/v2\/mec-events"}],"about":[{"href":"https:\/\/visitaltotamegaebarroso.pt\/es\/wp-json\/wp\/v2\/types\/mec-events"}],"author":[{"embeddable":true,"href":"https:\/\/visitaltotamegaebarroso.pt\/es\/wp-json\/wp\/v2\/users\/5"}],"replies":[{"embeddable":true,"href":"https:\/\/visitaltotamegaebarroso.pt\/es\/wp-json\/wp\/v2\/comments?post=31327"}],"wp:featuredmedia":[{"embeddable":true,"href":"https:\/\/visitaltotamegaebarroso.pt\/es\/wp-json\/wp\/v2\/media\/31323"}],"wp:attachment":[{"href":"https:\/\/visitaltotamegaebarroso.pt\/es\/wp-json\/wp\/v2\/media?parent=31327"}],"wp:term":[{"taxonomy":"post_tag","embeddable":true,"href":"https:\/\/visitaltotamegaebarroso.pt\/es\/wp-json\/wp\/v2\/tags?post=31327"},{"taxonomy":"mec_category","embeddable":true,"href":"https:\/\/visitaltotamegaebarroso.pt\/es\/wp-json\/wp\/v2\/mec_category?post=31327"}],"curies":[{"name":"wp","href":"https:\/\/api.w.org\/{rel}","templated":true}]}}

<p>El Grupo Folclórico de la Villa Medieval de Santo Estevão celebra el XXIII Festival de Folclore, trayendo a la ciudad de Chaves un pequeño escaparate de Tradición, Cultura y Etnografía de varias partes del país. Este año traemos a la ciudad de Chaves grupos de Coimbra, Vila Nova de Cerveira y Viseu. En «Defensa de la Cultura y Tradición de nuestro Pueblo», pretendemos proporcionar una velada de buenos recuerdos en compañía de buena música portuguesa.</p>
<p>Organiza: Grupo Folclórico de la Villa Medieval de Santo Estevão<br />
Apoya: Ayuntamiento de Chaves</p>

<p>El Grupo Folclórico de la Villa Medieval de Santo Estevão celebra el XXIII Festival de Folclore, trayendo a la ciudad de Chaves un pequeño escaparate de Tradición, Cultura y Etnografía de varias partes del país. Este año traemos a la [&hellip;]</p>
