{"id":30975,"date":"2024-08-03T16:49:06","date_gmt":"2024-08-03T15:49:06","guid":{"rendered":"https:\/\/visitaltotamegaebarroso.pt\/events\/chaves-festival-de-los-pueblos-en-aquae-flaviae\/"},"modified":"2024-08-13T10:36:46","modified_gmt":"2024-08-13T09:36:46","slug":"chaves-festival-de-los-pueblos-en-aquae-flaviae","status":"publish","type":"mec-events","link":"https:\/\/visitaltotamegaebarroso.pt\/es\/events\/chaves-festival-de-los-pueblos-en-aquae-flaviae\/","title":{"rendered":"Chaves | Festival de los Pueblos en Aquae Flaviae"},"content":{"rendered":"<p>Chaves celebra la \u00e9poca dorada del Imperio Romano en Aquae Flaviae con la d\u00e9cima edici\u00f3n del mercado galaico-romano \u00abFestival de los Pueblos en Aquae Flaviae\u00bb.<\/p>\n<p>Durante tres d\u00edas, los pueblos galos, legionarios, gladiadores, senadores, m\u00fasicos, bailarines, mendigos, esclavos, halconeros y divinidades estar\u00e1n representados en un constante bullicio de episodios que retratar\u00e1n la vida cotidiana de Aquae Flaviae y donde tendr\u00e1n lugar las m\u00e1s variadas actividades socioculturales.<\/p>\n<p>Organiza: Ayuntamiento de Chaves<\/p>\n<p><strong><a href=\"https:\/\/www.chaves.pt\/pages\/315?event_id=1905\">Programa<\/a><\/strong><\/p>\n","protected":false},"excerpt":{"rendered":"<p>Chaves celebra la \u00e9poca dorada del Imperio Romano en Aquae Flaviae con la d\u00e9cima edici\u00f3n del mercado galaico-romano \u00abFestival de los Pueblos en Aquae Flaviae\u00bb. Durante tres d\u00edas, los pueblos galos, legionarios, gladiadores, senadores, m\u00fasicos, bailarines, mendigos, esclavos, halconeros y [&hellip;]<\/p>\n","protected":false},"author":5,"featured_media":31244,"comment_status":"closed","ping_status":"closed","template":"","tags":[],"mec_category":[716],"_links":{"self":[{"href":"https:\/\/visitaltotamegaebarroso.pt\/es\/wp-json\/wp\/v2\/mec-events\/30975"}],"collection":[{"href":"https:\/\/visitaltotamegaebarroso.pt\/es\/wp-json\/wp\/v2\/mec-events"}],"about":[{"href":"https:\/\/visitaltotamegaebarroso.pt\/es\/wp-json\/wp\/v2\/types\/mec-events"}],"author":[{"embeddable":true,"href":"https:\/\/visitaltotamegaebarroso.pt\/es\/wp-json\/wp\/v2\/users\/5"}],"replies":[{"embeddable":true,"href":"https:\/\/visitaltotamegaebarroso.pt\/es\/wp-json\/wp\/v2\/comments?post=30975"}],"wp:featuredmedia":[{"embeddable":true,"href":"https:\/\/visitaltotamegaebarroso.pt\/es\/wp-json\/wp\/v2\/media\/31244"}],"wp:attachment":[{"href":"https:\/\/visitaltotamegaebarroso.pt\/es\/wp-json\/wp\/v2\/media?parent=30975"}],"wp:term":[{"taxonomy":"post_tag","embeddable":true,"href":"https:\/\/visitaltotamegaebarroso.pt\/es\/wp-json\/wp\/v2\/tags?post=30975"},{"taxonomy":"mec_category","embeddable":true,"href":"https:\/\/visitaltotamegaebarroso.pt\/es\/wp-json\/wp\/v2\/mec_category?post=30975"}],"curies":[{"name":"wp","href":"https:\/\/api.w.org\/{rel}","templated":true}]}}

<p>Chaves celebra la época dorada del Imperio Romano en Aquae Flaviae con la décima edición del mercado galaico-romano «Festival de los Pueblos en Aquae Flaviae».</p>
<p>Durante tres días, los pueblos galos, legionarios, gladiadores, senadores, músicos, bailarines, mendigos, esclavos, halconeros y divinidades estarán representados en un constante bullicio de episodios que retratarán la vida cotidiana de Aquae Flaviae y donde tendrán lugar las más variadas actividades socioculturales.</p>
<p>Organiza: Ayuntamiento de Chaves</p>
<p><strong><a href="https://www.chaves.pt/pages/315?event_id=1905">Programa</a></strong></p>

<p>Chaves celebra la época dorada del Imperio Romano en Aquae Flaviae con la décima edición del mercado galaico-romano «Festival de los Pueblos en Aquae Flaviae». Durante tres días, los pueblos galos, legionarios, gladiadores, senadores, músicos, bailarines, mendigos, esclavos, halconeros y [&hellip;]</p>
