{"id":30959,"date":"2024-08-03T15:53:25","date_gmt":"2024-08-03T14:53:25","guid":{"rendered":"https:\/\/visitaltotamegaebarroso.pt\/events\/chaves-nuestros-artistas-carlos-ranna\/"},"modified":"2024-08-03T15:53:25","modified_gmt":"2024-08-03T14:53:25","slug":"chaves-nuestros-artistas-carlos-ranna","status":"publish","type":"mec-events","link":"https:\/\/visitaltotamegaebarroso.pt\/es\/events\/chaves-nuestros-artistas-carlos-ranna\/","title":{"rendered":"Chaves | Nuestros artistas &#8211; Carlos Ranna"},"content":{"rendered":"<p>Carlos Ranna invita a la introspecci\u00f3n y a la exploraci\u00f3n art\u00edstica en una exposici\u00f3n de pintura<\/p>\n<p>Durante el mes de agosto, la Biblioteca Municipal acoge una exposici\u00f3n de pintura creativa de Carlos Ranna, artista pl\u00e1stico e ilustrador que presenta una gran variedad de estilos y t\u00e9cnicas. Programada para inaugurarse el viernes 2 de agosto a las 17.30 horas, esta presentaci\u00f3n p\u00fablica es una invitaci\u00f3n a la introspecci\u00f3n y a la exploraci\u00f3n art\u00edstica, en una experiencia desafiante e inspiradora.<\/p>\n<p>La exposici\u00f3n titulada \u00abFragmentos de un alma. En buen estado. Muchos kil\u00f3metros recorridos. Necesita renovaci\u00f3n\u00bb re\u00fane una variedad de ilustraciones con paisajes de la regi\u00f3n de Tr\u00e1s-os-Montes, figuras humanas, rostros e incluso cr\u00e1neos, obras que invitan a la imprevisibilidad.<\/p>\n<p>Carlos Ranna es originario de Brasil, pero eligi\u00f3 la ciudad de Flavi para vivir. Es licenciado en Artes Visuales y tiene experiencia en Dise\u00f1o Gr\u00e1fico. Ha estudiado con grandes nombres del panorama art\u00edstico internacional y tiene m\u00e1s de una d\u00e9cada de experiencia en la ense\u00f1anza del dibujo y la pintura. Es fundador de la Escuela de Arte Musical Est\u00fadio Alicerce y de la Escuela de Arte Online FundamentosdoDesenho.com, y tambi\u00e9n imparte clases presenciales en Montalegre.<\/p>\n<p>Esta exposici\u00f3n est\u00e1 organizada por el ayuntamiento y la entrada es gratuita.<\/p>\n","protected":false},"excerpt":{"rendered":"<p>Carlos Ranna invita a la introspecci\u00f3n y a la exploraci\u00f3n art\u00edstica en una exposici\u00f3n de pintura Durante el mes de agosto, la Biblioteca Municipal acoge una exposici\u00f3n de pintura creativa de Carlos Ranna, artista pl\u00e1stico e ilustrador que presenta una [&hellip;]<\/p>\n","protected":false},"author":5,"featured_media":30955,"comment_status":"closed","ping_status":"closed","template":"","tags":[],"mec_category":[716],"_links":{"self":[{"href":"https:\/\/visitaltotamegaebarroso.pt\/es\/wp-json\/wp\/v2\/mec-events\/30959"}],"collection":[{"href":"https:\/\/visitaltotamegaebarroso.pt\/es\/wp-json\/wp\/v2\/mec-events"}],"about":[{"href":"https:\/\/visitaltotamegaebarroso.pt\/es\/wp-json\/wp\/v2\/types\/mec-events"}],"author":[{"embeddable":true,"href":"https:\/\/visitaltotamegaebarroso.pt\/es\/wp-json\/wp\/v2\/users\/5"}],"replies":[{"embeddable":true,"href":"https:\/\/visitaltotamegaebarroso.pt\/es\/wp-json\/wp\/v2\/comments?post=30959"}],"wp:featuredmedia":[{"embeddable":true,"href":"https:\/\/visitaltotamegaebarroso.pt\/es\/wp-json\/wp\/v2\/media\/30955"}],"wp:attachment":[{"href":"https:\/\/visitaltotamegaebarroso.pt\/es\/wp-json\/wp\/v2\/media?parent=30959"}],"wp:term":[{"taxonomy":"post_tag","embeddable":true,"href":"https:\/\/visitaltotamegaebarroso.pt\/es\/wp-json\/wp\/v2\/tags?post=30959"},{"taxonomy":"mec_category","embeddable":true,"href":"https:\/\/visitaltotamegaebarroso.pt\/es\/wp-json\/wp\/v2\/mec_category?post=30959"}],"curies":[{"name":"wp","href":"https:\/\/api.w.org\/{rel}","templated":true}]}}

<p>Carlos Ranna invita a la introspección y a la exploración artística en una exposición de pintura</p>
<p>Durante el mes de agosto, la Biblioteca Municipal acoge una exposición de pintura creativa de Carlos Ranna, artista plástico e ilustrador que presenta una gran variedad de estilos y técnicas. Programada para inaugurarse el viernes 2 de agosto a las 17.30 horas, esta presentación pública es una invitación a la introspección y a la exploración artística, en una experiencia desafiante e inspiradora.</p>
<p>La exposición titulada «Fragmentos de un alma. En buen estado. Muchos kilómetros recorridos. Necesita renovación» reúne una variedad de ilustraciones con paisajes de la región de Trás-os-Montes, figuras humanas, rostros e incluso cráneos, obras que invitan a la imprevisibilidad.</p>
<p>Carlos Ranna es originario de Brasil, pero eligió la ciudad de Flavi para vivir. Es licenciado en Artes Visuales y tiene experiencia en Diseño Gráfico. Ha estudiado con grandes nombres del panorama artístico internacional y tiene más de una década de experiencia en la enseñanza del dibujo y la pintura. Es fundador de la Escuela de Arte Musical Estúdio Alicerce y de la Escuela de Arte Online FundamentosdoDesenho.com, y también imparte clases presenciales en Montalegre.</p>
<p>Esta exposición está organizada por el ayuntamiento y la entrada es gratuita.</p>

<p>Carlos Ranna invita a la introspección y a la exploración artística en una exposición de pintura Durante el mes de agosto, la Biblioteca Municipal acoge una exposición de pintura creativa de Carlos Ranna, artista plástico e ilustrador que presenta una [&hellip;]</p>
