{"id":30811,"date":"2024-07-30T14:42:13","date_gmt":"2024-07-30T13:42:13","guid":{"rendered":"https:\/\/visitaltotamegaebarroso.pt\/events\/ptat-iniciativa-promocional-aguas-do-alto-tamega-e-barroso\/"},"modified":"2024-08-05T15:14:24","modified_gmt":"2024-08-05T14:14:24","slug":"ptat-iniciativa-promocional-aguas-do-alto-tamega-e-barroso","status":"publish","type":"mec-events","link":"https:\/\/visitaltotamegaebarroso.pt\/es\/events\/ptat-iniciativa-promocional-aguas-do-alto-tamega-e-barroso\/","title":{"rendered":"PTAT | Iniciativa promocional \u00ab\u00c1guas do Alto T\u00e2mega e Barroso\u00bb"},"content":{"rendered":"<p>Agosto ya se ha convertido en sin\u00f3nimo de \u00ab\u00c1guas do Alto T\u00e2mega e Barroso\u00bb. Como viene siendo habitual en los \u00faltimos a\u00f1os, la Oficina de Turismo del Alto T\u00e2mega e Barroso (PTAT) vuelve a promocionar las aguas de la regi\u00f3n durante todo el mes de agosto ofreci\u00e9ndolas a los visitantes.<\/p>\n<p>La iniciativa arranca el 1 de agosto y se prolongar\u00e1 hasta finales de mes. Siendo el Alto T\u00e2mega e Barroso un territorio acu\u00e1tico por excelencia, y con el fin de promocionar este producto end\u00f3geno &#8211; el agua, el PTAT cuenta con la colaboraci\u00f3n de las empresas propietarias de las aguas de la regi\u00f3n (Grupo Super Bock, \u00c1guas de Carvalhelhos y \u00c1guas Campilho Vidago) para suministrar botellas de agua a los visitantes de esta infraestructura, conociendo as\u00ed sus productos, historia, parques termales e instalaciones.<\/p>\n<p>\u00a1Venga a visitarnos! \u00a1Estaremos encantados de recibirle!<\/p>\n","protected":false},"excerpt":{"rendered":"<p>Agosto ya se ha convertido en sin\u00f3nimo de \u00ab\u00c1guas do Alto T\u00e2mega e Barroso\u00bb. Como viene siendo habitual en los \u00faltimos a\u00f1os, la Oficina de Turismo del Alto T\u00e2mega e Barroso (PTAT) vuelve a promocionar las aguas del territorio durante todo el mes de agosto ofreci\u00e9ndolas a los visitantes. <\/p>\n","protected":false},"author":3,"featured_media":30802,"comment_status":"closed","ping_status":"closed","template":"","tags":[],"mec_category":[],"_links":{"self":[{"href":"https:\/\/visitaltotamegaebarroso.pt\/es\/wp-json\/wp\/v2\/mec-events\/30811"}],"collection":[{"href":"https:\/\/visitaltotamegaebarroso.pt\/es\/wp-json\/wp\/v2\/mec-events"}],"about":[{"href":"https:\/\/visitaltotamegaebarroso.pt\/es\/wp-json\/wp\/v2\/types\/mec-events"}],"author":[{"embeddable":true,"href":"https:\/\/visitaltotamegaebarroso.pt\/es\/wp-json\/wp\/v2\/users\/3"}],"replies":[{"embeddable":true,"href":"https:\/\/visitaltotamegaebarroso.pt\/es\/wp-json\/wp\/v2\/comments?post=30811"}],"wp:featuredmedia":[{"embeddable":true,"href":"https:\/\/visitaltotamegaebarroso.pt\/es\/wp-json\/wp\/v2\/media\/30802"}],"wp:attachment":[{"href":"https:\/\/visitaltotamegaebarroso.pt\/es\/wp-json\/wp\/v2\/media?parent=30811"}],"wp:term":[{"taxonomy":"post_tag","embeddable":true,"href":"https:\/\/visitaltotamegaebarroso.pt\/es\/wp-json\/wp\/v2\/tags?post=30811"},{"taxonomy":"mec_category","embeddable":true,"href":"https:\/\/visitaltotamegaebarroso.pt\/es\/wp-json\/wp\/v2\/mec_category?post=30811"}],"curies":[{"name":"wp","href":"https:\/\/api.w.org\/{rel}","templated":true}]}}

PTAT | Iniciativa promocional «Águas do Alto Tâmega e Barroso»

<p>Agosto ya se ha convertido en sinónimo de «Águas do Alto Tâmega e Barroso». Como viene siendo habitual en los últimos años, la Oficina de Turismo del Alto Tâmega e Barroso (PTAT) vuelve a promocionar las aguas de la región durante todo el mes de agosto ofreciéndolas a los visitantes.</p>
<p>La iniciativa arranca el 1 de agosto y se prolongará hasta finales de mes. Siendo el Alto Tâmega e Barroso un territorio acuático por excelencia, y con el fin de promocionar este producto endógeno &#8211; el agua, el PTAT cuenta con la colaboración de las empresas propietarias de las aguas de la región (Grupo Super Bock, Águas de Carvalhelhos y Águas Campilho Vidago) para suministrar botellas de agua a los visitantes de esta infraestructura, conociendo así sus productos, historia, parques termales e instalaciones.</p>
<p>¡Venga a visitarnos! ¡Estaremos encantados de recibirle!</p>

<p>Agosto ya se ha convertido en sinónimo de «Águas do Alto Tâmega e Barroso». Como viene siendo habitual en los últimos años, la Oficina de Turismo del Alto Tâmega e Barroso (PTAT) vuelve a promocionar las aguas del territorio durante todo el mes de agosto ofreciéndolas a los visitantes. </p>
