{"id":30609,"date":"2024-07-21T17:09:04","date_gmt":"2024-07-21T16:09:04","guid":{"rendered":"https:\/\/visitaltotamegaebarroso.pt\/events\/chaves-nossa-senhora-da-saude-2024\/"},"modified":"2024-07-21T17:09:04","modified_gmt":"2024-07-21T16:09:04","slug":"chaves-nossa-senhora-da-saude-2024","status":"publish","type":"mec-events","link":"https:\/\/visitaltotamegaebarroso.pt\/es\/events\/chaves-nossa-senhora-da-saude-2024\/","title":{"rendered":"CHAVES | Nossa Senhora da Sa\u00fade 2024"},"content":{"rendered":"<p>D\u00cdA 1 &#8211; Jueves<br \/>\n08h00: Inicio de las Fiestas &#8211; Feria Tradicional<br \/>\n19h00: Cena Popular (Largo da Pra\u00e7a)<br \/>\n22h00: Arraial con el grupo musical CHAMA DO NORTE (Largo da Pra\u00e7a)<\/p>\n<p>D\u00cdA 2 &#8211; Viernes<br \/>\n21h00: Procesi\u00f3n de las Velas<br \/>\n23h00: Z\u00c9 DAS CONCERTINAS (Largo Miguel de Carvalho)<\/p>\n<p>D\u00cdA 3 &#8211; S\u00e1bado<br \/>\n18h00: Grupo de canto ACREPES (Largo do Turismo)<br \/>\n22h30: Animaci\u00f3n del grupo musical CORDOSOM (Largo da Feira)<\/p>\n<p>D\u00cdA 4 &#8211; Domingo<br \/>\n09h30: Desfile de Bandas de M\u00fasica<br \/>\n15h00: Entrada de la Fanfarria de los Pa\u00e7os de Ferreira (Desfile por la Carretera Nacional 2)<br \/>\n17h00: Misa Solemne (Largo da Santa)<br \/>\n17h45: Procesi\u00f3n<br \/>\n22h00: Fiesta Popular en el Largo da Santa &#8211; Banda de Vilarandelo y Banda da Torre de Ervededo<br \/>\n22h30: Grupo musical BANDA EUROPA (Largo da Feira)<br \/>\n00.45: Fuegos artificiales (Largo da Santa)<\/p>\n<p>D\u00cdA 5 &#8211; Lunes<br \/>\n22h30: Grupo COSTA VERDE (Largo da Feira)<\/p>\n<p>Organiza: Comisi\u00f3n de Fiestas de Vidago<br \/>\nApoyo: Ayuntamiento de Chaves, Uni\u00f3n de las Parroquias de Vidago, Arcoss\u00f3, Selhariz y Vilarinho das Paranheiras<\/p>\n","protected":false},"excerpt":{"rendered":"<p>D\u00cdA 1 &#8211; Jueves 08h00: Inicio de las Fiestas &#8211; Feria Tradicional 19h00: Cena Popular (Largo da Pra\u00e7a) 22h00: Arraial con el grupo musical CHAMA DO NORTE (Largo da Pra\u00e7a) D\u00cdA 2 &#8211; Viernes 21h00: Procesi\u00f3n de las Velas 23h00: [&hellip;]<\/p>\n","protected":false},"author":5,"featured_media":30605,"comment_status":"closed","ping_status":"closed","template":"","tags":[],"mec_category":[716],"_links":{"self":[{"href":"https:\/\/visitaltotamegaebarroso.pt\/es\/wp-json\/wp\/v2\/mec-events\/30609"}],"collection":[{"href":"https:\/\/visitaltotamegaebarroso.pt\/es\/wp-json\/wp\/v2\/mec-events"}],"about":[{"href":"https:\/\/visitaltotamegaebarroso.pt\/es\/wp-json\/wp\/v2\/types\/mec-events"}],"author":[{"embeddable":true,"href":"https:\/\/visitaltotamegaebarroso.pt\/es\/wp-json\/wp\/v2\/users\/5"}],"replies":[{"embeddable":true,"href":"https:\/\/visitaltotamegaebarroso.pt\/es\/wp-json\/wp\/v2\/comments?post=30609"}],"wp:featuredmedia":[{"embeddable":true,"href":"https:\/\/visitaltotamegaebarroso.pt\/es\/wp-json\/wp\/v2\/media\/30605"}],"wp:attachment":[{"href":"https:\/\/visitaltotamegaebarroso.pt\/es\/wp-json\/wp\/v2\/media?parent=30609"}],"wp:term":[{"taxonomy":"post_tag","embeddable":true,"href":"https:\/\/visitaltotamegaebarroso.pt\/es\/wp-json\/wp\/v2\/tags?post=30609"},{"taxonomy":"mec_category","embeddable":true,"href":"https:\/\/visitaltotamegaebarroso.pt\/es\/wp-json\/wp\/v2\/mec_category?post=30609"}],"curies":[{"name":"wp","href":"https:\/\/api.w.org\/{rel}","templated":true}]}}

CHAVES | Nossa Senhora da Saúde 2024

<p>DÍA 1 &#8211; Jueves<br />
08h00: Inicio de las Fiestas &#8211; Feria Tradicional<br />
19h00: Cena Popular (Largo da Praça)<br />
22h00: Arraial con el grupo musical CHAMA DO NORTE (Largo da Praça)</p>
<p>DÍA 2 &#8211; Viernes<br />
21h00: Procesión de las Velas<br />
23h00: ZÉ DAS CONCERTINAS (Largo Miguel de Carvalho)</p>
<p>DÍA 3 &#8211; Sábado<br />
18h00: Grupo de canto ACREPES (Largo do Turismo)<br />
22h30: Animación del grupo musical CORDOSOM (Largo da Feira)</p>
<p>DÍA 4 &#8211; Domingo<br />
09h30: Desfile de Bandas de Música<br />
15h00: Entrada de la Fanfarria de los Paços de Ferreira (Desfile por la Carretera Nacional 2)<br />
17h00: Misa Solemne (Largo da Santa)<br />
17h45: Procesión<br />
22h00: Fiesta Popular en el Largo da Santa &#8211; Banda de Vilarandelo y Banda da Torre de Ervededo<br />
22h30: Grupo musical BANDA EUROPA (Largo da Feira)<br />
00.45: Fuegos artificiales (Largo da Santa)</p>
<p>DÍA 5 &#8211; Lunes<br />
22h30: Grupo COSTA VERDE (Largo da Feira)</p>
<p>Organiza: Comisión de Fiestas de Vidago<br />
Apoyo: Ayuntamiento de Chaves, Unión de las Parroquias de Vidago, Arcossó, Selhariz y Vilarinho das Paranheiras</p>

<p>DÍA 1 &#8211; Jueves 08h00: Inicio de las Fiestas &#8211; Feria Tradicional 19h00: Cena Popular (Largo da Praça) 22h00: Arraial con el grupo musical CHAMA DO NORTE (Largo da Praça) DÍA 2 &#8211; Viernes 21h00: Procesión de las Velas 23h00: [&hellip;]</p>
