{"id":30524,"date":"2024-07-20T15:14:53","date_gmt":"2024-07-20T14:14:53","guid":{"rendered":"https:\/\/visitaltotamegaebarroso.pt\/events\/vila-pouca-de-aguiar-exposicion-de-apicultura\/"},"modified":"2024-07-20T15:14:53","modified_gmt":"2024-07-20T14:14:53","slug":"vila-pouca-de-aguiar-exposicion-de-apicultura","status":"publish","type":"mec-events","link":"https:\/\/visitaltotamegaebarroso.pt\/es\/events\/vila-pouca-de-aguiar-exposicion-de-apicultura\/","title":{"rendered":"VILA POUCA DE AGUIAR | Exposici\u00f3n de apicultura"},"content":{"rendered":"<p>Exposici\u00f3n de trabajos tem\u00e1ticos de alumnos de preescolar en el Centro de Acogida de Pedras Salgadas (antigua estaci\u00f3n de ferrocarril).<br \/>\n\u00a1Vis\u00edtela!<\/p>\n","protected":false},"excerpt":{"rendered":"<p>Exposici\u00f3n de trabajos tem\u00e1ticos de alumnos de preescolar en el Centro de Acogida de Pedras Salgadas (antigua estaci\u00f3n de ferrocarril). \u00a1Vis\u00edtela!<\/p>\n","protected":false},"author":5,"featured_media":30520,"comment_status":"closed","ping_status":"closed","template":"","tags":[],"mec_category":[716],"_links":{"self":[{"href":"https:\/\/visitaltotamegaebarroso.pt\/es\/wp-json\/wp\/v2\/mec-events\/30524"}],"collection":[{"href":"https:\/\/visitaltotamegaebarroso.pt\/es\/wp-json\/wp\/v2\/mec-events"}],"about":[{"href":"https:\/\/visitaltotamegaebarroso.pt\/es\/wp-json\/wp\/v2\/types\/mec-events"}],"author":[{"embeddable":true,"href":"https:\/\/visitaltotamegaebarroso.pt\/es\/wp-json\/wp\/v2\/users\/5"}],"replies":[{"embeddable":true,"href":"https:\/\/visitaltotamegaebarroso.pt\/es\/wp-json\/wp\/v2\/comments?post=30524"}],"wp:featuredmedia":[{"embeddable":true,"href":"https:\/\/visitaltotamegaebarroso.pt\/es\/wp-json\/wp\/v2\/media\/30520"}],"wp:attachment":[{"href":"https:\/\/visitaltotamegaebarroso.pt\/es\/wp-json\/wp\/v2\/media?parent=30524"}],"wp:term":[{"taxonomy":"post_tag","embeddable":true,"href":"https:\/\/visitaltotamegaebarroso.pt\/es\/wp-json\/wp\/v2\/tags?post=30524"},{"taxonomy":"mec_category","embeddable":true,"href":"https:\/\/visitaltotamegaebarroso.pt\/es\/wp-json\/wp\/v2\/mec_category?post=30524"}],"curies":[{"name":"wp","href":"https:\/\/api.w.org\/{rel}","templated":true}]}}

VILA POUCA DE AGUIAR | Exposición de apicultura

<p>Exposición de trabajos temáticos de alumnos de preescolar en el Centro de Acogida de Pedras Salgadas (antigua estación de ferrocarril).<br />
¡Visítela!</p>

<p>Exposición de trabajos temáticos de alumnos de preescolar en el Centro de Acogida de Pedras Salgadas (antigua estación de ferrocarril). ¡Visítela!</p>
