{"id":30503,"date":"2024-07-20T13:03:47","date_gmt":"2024-07-20T12:03:47","guid":{"rendered":"https:\/\/visitaltotamegaebarroso.pt\/events\/montalegre-ii-festival-de-verano-de-vilar\/"},"modified":"2024-07-20T13:03:47","modified_gmt":"2024-07-20T12:03:47","slug":"montalegre-ii-festival-de-verano-de-vilar","status":"publish","type":"mec-events","link":"https:\/\/visitaltotamegaebarroso.pt\/es\/events\/montalegre-ii-festival-de-verano-de-vilar\/","title":{"rendered":"MONTALEGRE | II Festival de Verano de Vilar"},"content":{"rendered":"<p>La conocida villa de Vilar de Perdizes, en el municipio de Montalegre, acoge el 10 de agosto la segunda edici\u00f3n del Festival de Verano de Vilar, organizado por la Asociaci\u00f3n de Defensa del Patrimonio de Vilar de Perdizes, la Uni\u00f3n Parroquial de Vilar de Perdizes y Meixide, el Ayuntamiento de Montalegre y Juventude de Vilar.<\/p>\n","protected":false},"excerpt":{"rendered":"<p>La conocida villa de Vilar de Perdizes, en el municipio de Montalegre, acoge el 10 de agosto la segunda edici\u00f3n del Festival de Verano de Vilar, organizado por la Asociaci\u00f3n de Defensa del Patrimonio de Vilar de Perdizes, la Uni\u00f3n [&hellip;]<\/p>\n","protected":false},"author":5,"featured_media":30499,"comment_status":"closed","ping_status":"closed","template":"","tags":[],"mec_category":[716],"_links":{"self":[{"href":"https:\/\/visitaltotamegaebarroso.pt\/es\/wp-json\/wp\/v2\/mec-events\/30503"}],"collection":[{"href":"https:\/\/visitaltotamegaebarroso.pt\/es\/wp-json\/wp\/v2\/mec-events"}],"about":[{"href":"https:\/\/visitaltotamegaebarroso.pt\/es\/wp-json\/wp\/v2\/types\/mec-events"}],"author":[{"embeddable":true,"href":"https:\/\/visitaltotamegaebarroso.pt\/es\/wp-json\/wp\/v2\/users\/5"}],"replies":[{"embeddable":true,"href":"https:\/\/visitaltotamegaebarroso.pt\/es\/wp-json\/wp\/v2\/comments?post=30503"}],"wp:featuredmedia":[{"embeddable":true,"href":"https:\/\/visitaltotamegaebarroso.pt\/es\/wp-json\/wp\/v2\/media\/30499"}],"wp:attachment":[{"href":"https:\/\/visitaltotamegaebarroso.pt\/es\/wp-json\/wp\/v2\/media?parent=30503"}],"wp:term":[{"taxonomy":"post_tag","embeddable":true,"href":"https:\/\/visitaltotamegaebarroso.pt\/es\/wp-json\/wp\/v2\/tags?post=30503"},{"taxonomy":"mec_category","embeddable":true,"href":"https:\/\/visitaltotamegaebarroso.pt\/es\/wp-json\/wp\/v2\/mec_category?post=30503"}],"curies":[{"name":"wp","href":"https:\/\/api.w.org\/{rel}","templated":true}]}}

<p>La conocida villa de Vilar de Perdizes, en el municipio de Montalegre, acoge el 10 de agosto la segunda edición del Festival de Verano de Vilar, organizado por la Asociación de Defensa del Patrimonio de Vilar de Perdizes, la Unión Parroquial de Vilar de Perdizes y Meixide, el Ayuntamiento de Montalegre y Juventude de Vilar.</p>

<p>La conocida villa de Vilar de Perdizes, en el municipio de Montalegre, acoge el 10 de agosto la segunda edición del Festival de Verano de Vilar, organizado por la Asociación de Defensa del Patrimonio de Vilar de Perdizes, la Unión [&hellip;]</p>
