{"id":29520,"date":"2024-07-06T11:20:15","date_gmt":"2024-07-06T10:20:15","guid":{"rendered":"https:\/\/visitaltotamegaebarroso.pt\/events\/chaves-concierto-de-la-orquesta-de-viento-de-la-academia-de-las-artes-de-chaves-ignis\/"},"modified":"2024-07-06T11:20:15","modified_gmt":"2024-07-06T10:20:15","slug":"chaves-concierto-de-la-orquesta-de-viento-de-la-academia-de-las-artes-de-chaves-ignis","status":"publish","type":"mec-events","link":"https:\/\/visitaltotamegaebarroso.pt\/es\/events\/chaves-concierto-de-la-orquesta-de-viento-de-la-academia-de-las-artes-de-chaves-ignis\/","title":{"rendered":"Chaves | Concierto de la Orquesta de Viento de la Academia de las Artes de Chaves &#8211; Ignis"},"content":{"rendered":"<p>Entre en el fascinante reino de la dualidad humana y la inmensidad del alma a trav\u00e9s de un concierto cautivador. Explore las profundidades de los sentimientos contrastantes que habitan en nuestro interior, mientras la m\u00fasica da vida a esta complejidad emocional. Cada nota es un reflejo de nuestra capacidad para sentir alegr\u00eda y tristeza, esperanza y melancol\u00eda, todo ello entrelazado en una armon\u00eda \u00fanica. D\u00e9jese envolver por la inmensidad de nuestros pensamientos y emociones, testigo de la expresi\u00f3n musical del rico tapiz que es el alma humana. Acomp\u00e1\u00f1enos en este viaje sonoro de descubrimiento interior, celebrando la dualidad que nos hace verdaderamente humanos. Programa: Moth &#8211; Viet Cuong Stones and Sea- Saul Gomez SolerDuende &#8211; Lu\u00eds Serrano Alarcon<\/p>\n<p>Org: Alma.Alta y FAI<br \/>\nApoyo: Ayuntamiento de Chaves<\/p>\n","protected":false},"excerpt":{"rendered":"<p>Entre en el fascinante reino de la dualidad humana y la inmensidad del alma a trav\u00e9s de un concierto cautivador. Explore las profundidades de los sentimientos contrastantes que habitan en nuestro interior, mientras la m\u00fasica da vida a esta complejidad [&hellip;]<\/p>\n","protected":false},"author":5,"featured_media":29516,"comment_status":"closed","ping_status":"closed","template":"","tags":[],"mec_category":[716],"_links":{"self":[{"href":"https:\/\/visitaltotamegaebarroso.pt\/es\/wp-json\/wp\/v2\/mec-events\/29520"}],"collection":[{"href":"https:\/\/visitaltotamegaebarroso.pt\/es\/wp-json\/wp\/v2\/mec-events"}],"about":[{"href":"https:\/\/visitaltotamegaebarroso.pt\/es\/wp-json\/wp\/v2\/types\/mec-events"}],"author":[{"embeddable":true,"href":"https:\/\/visitaltotamegaebarroso.pt\/es\/wp-json\/wp\/v2\/users\/5"}],"replies":[{"embeddable":true,"href":"https:\/\/visitaltotamegaebarroso.pt\/es\/wp-json\/wp\/v2\/comments?post=29520"}],"wp:featuredmedia":[{"embeddable":true,"href":"https:\/\/visitaltotamegaebarroso.pt\/es\/wp-json\/wp\/v2\/media\/29516"}],"wp:attachment":[{"href":"https:\/\/visitaltotamegaebarroso.pt\/es\/wp-json\/wp\/v2\/media?parent=29520"}],"wp:term":[{"taxonomy":"post_tag","embeddable":true,"href":"https:\/\/visitaltotamegaebarroso.pt\/es\/wp-json\/wp\/v2\/tags?post=29520"},{"taxonomy":"mec_category","embeddable":true,"href":"https:\/\/visitaltotamegaebarroso.pt\/es\/wp-json\/wp\/v2\/mec_category?post=29520"}],"curies":[{"name":"wp","href":"https:\/\/api.w.org\/{rel}","templated":true}]}}

<p>Entre en el fascinante reino de la dualidad humana y la inmensidad del alma a través de un concierto cautivador. Explore las profundidades de los sentimientos contrastantes que habitan en nuestro interior, mientras la música da vida a esta complejidad emocional. Cada nota es un reflejo de nuestra capacidad para sentir alegría y tristeza, esperanza y melancolía, todo ello entrelazado en una armonía única. Déjese envolver por la inmensidad de nuestros pensamientos y emociones, testigo de la expresión musical del rico tapiz que es el alma humana. Acompáñenos en este viaje sonoro de descubrimiento interior, celebrando la dualidad que nos hace verdaderamente humanos. Programa: Moth &#8211; Viet Cuong Stones and Sea- Saul Gomez SolerDuende &#8211; Luís Serrano Alarcon</p>
<p>Org: Alma.Alta y FAI<br />
Apoyo: Ayuntamiento de Chaves</p>

<p>Entre en el fascinante reino de la dualidad humana y la inmensidad del alma a través de un concierto cautivador. Explore las profundidades de los sentimientos contrastantes que habitan en nuestro interior, mientras la música da vida a esta complejidad [&hellip;]</p>
