{"id":29510,"date":"2024-07-05T16:36:53","date_gmt":"2024-07-05T15:36:53","guid":{"rendered":"https:\/\/visitaltotamegaebarroso.pt\/events\/chaves-xxiv-festival-de-folclore-del-grupo-cultural-serra-do-brunheiro\/"},"modified":"2024-07-05T16:36:53","modified_gmt":"2024-07-05T15:36:53","slug":"chaves-xxiv-festival-de-folclore-del-grupo-cultural-serra-do-brunheiro","status":"publish","type":"mec-events","link":"https:\/\/visitaltotamegaebarroso.pt\/es\/events\/chaves-xxiv-festival-de-folclore-del-grupo-cultural-serra-do-brunheiro\/","title":{"rendered":"Chaves | XXIV Festival de Folclore del Grupo Cultural Serra do Brunheiro"},"content":{"rendered":"<p>El Festival de Folclore del Grupo Cultural Serra do Brunheiro cuenta con la participaci\u00f3n de las siguientes ganader\u00edas:<br \/>\n&#8211; Grupo Cultural Serra do Brunheiro &#8211; Chaves<br \/>\n&#8211; Associa\u00e7\u00e3o S\u00f3cio Cultural do Rancho Folcl\u00f3rico da Borralheira &#8211; Covilh\u00e3<br \/>\n&#8211; Grupo Folcl\u00f3rico da Amizade de Tel\u00f5es &#8211; Amarante<\/p>\n<p>Organiza: Grupo Cultural Serra do Brunheiro<br \/>\nApoyo: Ayuntamiento de Chaves<\/p>\n","protected":false},"excerpt":{"rendered":"<p>El Festival de Folclore del Grupo Cultural Serra do Brunheiro cuenta con la participaci\u00f3n de las siguientes ganader\u00edas: &#8211; Grupo Cultural Serra do Brunheiro &#8211; Chaves &#8211; Associa\u00e7\u00e3o S\u00f3cio Cultural do Rancho Folcl\u00f3rico da Borralheira &#8211; Covilh\u00e3 &#8211; Grupo Folcl\u00f3rico [&hellip;]<\/p>\n","protected":false},"author":5,"featured_media":29506,"comment_status":"closed","ping_status":"closed","template":"","tags":[],"mec_category":[716],"_links":{"self":[{"href":"https:\/\/visitaltotamegaebarroso.pt\/es\/wp-json\/wp\/v2\/mec-events\/29510"}],"collection":[{"href":"https:\/\/visitaltotamegaebarroso.pt\/es\/wp-json\/wp\/v2\/mec-events"}],"about":[{"href":"https:\/\/visitaltotamegaebarroso.pt\/es\/wp-json\/wp\/v2\/types\/mec-events"}],"author":[{"embeddable":true,"href":"https:\/\/visitaltotamegaebarroso.pt\/es\/wp-json\/wp\/v2\/users\/5"}],"replies":[{"embeddable":true,"href":"https:\/\/visitaltotamegaebarroso.pt\/es\/wp-json\/wp\/v2\/comments?post=29510"}],"wp:featuredmedia":[{"embeddable":true,"href":"https:\/\/visitaltotamegaebarroso.pt\/es\/wp-json\/wp\/v2\/media\/29506"}],"wp:attachment":[{"href":"https:\/\/visitaltotamegaebarroso.pt\/es\/wp-json\/wp\/v2\/media?parent=29510"}],"wp:term":[{"taxonomy":"post_tag","embeddable":true,"href":"https:\/\/visitaltotamegaebarroso.pt\/es\/wp-json\/wp\/v2\/tags?post=29510"},{"taxonomy":"mec_category","embeddable":true,"href":"https:\/\/visitaltotamegaebarroso.pt\/es\/wp-json\/wp\/v2\/mec_category?post=29510"}],"curies":[{"name":"wp","href":"https:\/\/api.w.org\/{rel}","templated":true}]}}

<p>El Festival de Folclore del Grupo Cultural Serra do Brunheiro cuenta con la participación de las siguientes ganaderías:<br />
&#8211; Grupo Cultural Serra do Brunheiro &#8211; Chaves<br />
&#8211; Associação Sócio Cultural do Rancho Folclórico da Borralheira &#8211; Covilhã<br />
&#8211; Grupo Folclórico da Amizade de Telões &#8211; Amarante</p>
<p>Organiza: Grupo Cultural Serra do Brunheiro<br />
Apoyo: Ayuntamiento de Chaves</p>

<p>El Festival de Folclore del Grupo Cultural Serra do Brunheiro cuenta con la participación de las siguientes ganaderías: &#8211; Grupo Cultural Serra do Brunheiro &#8211; Chaves &#8211; Associação Sócio Cultural do Rancho Folclórico da Borralheira &#8211; Covilhã &#8211; Grupo Folclórico [&hellip;]</p>
