{"id":29500,"date":"2024-07-05T16:28:35","date_gmt":"2024-07-05T15:28:35","guid":{"rendered":"https:\/\/visitaltotamegaebarroso.pt\/events\/chaves-carrera-nocturna-aquae-flaviae\/"},"modified":"2024-07-05T16:28:35","modified_gmt":"2024-07-05T15:28:35","slug":"chaves-carrera-nocturna-aquae-flaviae","status":"publish","type":"mec-events","link":"https:\/\/visitaltotamegaebarroso.pt\/es\/events\/chaves-carrera-nocturna-aquae-flaviae\/","title":{"rendered":"Chaves | Carrera Nocturna Aquae Flaviae"},"content":{"rendered":"<p>Evento deportivo de car\u00e1cter cultural, que combina deporte y cultura. Los atletas correr\u00e1n o caminar\u00e1n por las principales calles hist\u00f3ricas de la ciudad, en un ambiente diferente al habitual de la noche.<br \/>\nChaves (salida en Eleclerc), 21h00<\/p>\n<p>Organiza: Asociaci\u00f3n Deportiva ADAF-Aquae Flaviae<br \/>\nApoyan: Ayuntamiento de Chaves, IPDJ<\/p>\n","protected":false},"excerpt":{"rendered":"<p>Evento deportivo de car\u00e1cter cultural, que combina deporte y cultura. Los atletas correr\u00e1n o caminar\u00e1n por las principales calles hist\u00f3ricas de la ciudad, en un ambiente diferente al habitual de la noche. Chaves (salida en Eleclerc), 21h00 Organiza: Asociaci\u00f3n Deportiva [&hellip;]<\/p>\n","protected":false},"author":5,"featured_media":29496,"comment_status":"closed","ping_status":"closed","template":"","tags":[],"mec_category":[720],"_links":{"self":[{"href":"https:\/\/visitaltotamegaebarroso.pt\/es\/wp-json\/wp\/v2\/mec-events\/29500"}],"collection":[{"href":"https:\/\/visitaltotamegaebarroso.pt\/es\/wp-json\/wp\/v2\/mec-events"}],"about":[{"href":"https:\/\/visitaltotamegaebarroso.pt\/es\/wp-json\/wp\/v2\/types\/mec-events"}],"author":[{"embeddable":true,"href":"https:\/\/visitaltotamegaebarroso.pt\/es\/wp-json\/wp\/v2\/users\/5"}],"replies":[{"embeddable":true,"href":"https:\/\/visitaltotamegaebarroso.pt\/es\/wp-json\/wp\/v2\/comments?post=29500"}],"wp:featuredmedia":[{"embeddable":true,"href":"https:\/\/visitaltotamegaebarroso.pt\/es\/wp-json\/wp\/v2\/media\/29496"}],"wp:attachment":[{"href":"https:\/\/visitaltotamegaebarroso.pt\/es\/wp-json\/wp\/v2\/media?parent=29500"}],"wp:term":[{"taxonomy":"post_tag","embeddable":true,"href":"https:\/\/visitaltotamegaebarroso.pt\/es\/wp-json\/wp\/v2\/tags?post=29500"},{"taxonomy":"mec_category","embeddable":true,"href":"https:\/\/visitaltotamegaebarroso.pt\/es\/wp-json\/wp\/v2\/mec_category?post=29500"}],"curies":[{"name":"wp","href":"https:\/\/api.w.org\/{rel}","templated":true}]}}

<p>Evento deportivo de carácter cultural, que combina deporte y cultura. Los atletas correrán o caminarán por las principales calles históricas de la ciudad, en un ambiente diferente al habitual de la noche.<br />
Chaves (salida en Eleclerc), 21h00</p>
<p>Organiza: Asociación Deportiva ADAF-Aquae Flaviae<br />
Apoyan: Ayuntamiento de Chaves, IPDJ</p>

<p>Evento deportivo de carácter cultural, que combina deporte y cultura. Los atletas correrán o caminarán por las principales calles históricas de la ciudad, en un ambiente diferente al habitual de la noche. Chaves (salida en Eleclerc), 21h00 Organiza: Asociación Deportiva [&hellip;]</p>
