{"id":29445,"date":"2024-07-04T11:38:26","date_gmt":"2024-07-04T10:38:26","guid":{"rendered":"https:\/\/visitaltotamegaebarroso.pt\/events\/montalegre-exposicion-trotchos-y-tablas-viejas\/"},"modified":"2024-07-04T11:38:26","modified_gmt":"2024-07-04T10:38:26","slug":"montalegre-exposicion-trotchos-y-tablas-viejas","status":"publish","type":"mec-events","link":"https:\/\/visitaltotamegaebarroso.pt\/es\/events\/montalegre-exposicion-trotchos-y-tablas-viejas\/","title":{"rendered":"Montalegre | Exposici\u00f3n: \u00abTrotchos y Tablas Viejas\u00bb"},"content":{"rendered":"<div><strong>El Ecomuseu de Barroso &#8211; Espa\u00e7o Padre Fontes, en Montalegre, se complace en anunciar la exposici\u00f3n \u00abTrotchos\u00bb &amp; tablas antiguas, de Carlos Gon\u00e7alves, del 13 de julio al 15 de septiembre de 2024.<\/strong><\/div>\n<div><\/div>\n<div>\u00abCarlos Gon\u00e7alves naci\u00f3 en la ciudad de Montalegre. A los seis a\u00f1os se fue a Angola en compa\u00f1\u00eda de sus padres, adonde regres\u00f3 en la saga de la descolonizaci\u00f3n a los veinte a\u00f1os.<\/div>\n<div><\/div>\n<div>A su regreso a la \u00abmetr\u00f3poli\u00bb, desarroll\u00f3 toda su carrera profesional trabajando para el Ayuntamiento de Montalegre, tiempo durante el cual tambi\u00e9n dio rienda suelta a su esp\u00edritu creativo, realizando tareas que han quedado olvidadas con el paso del tiempo (decoraci\u00f3n en ferias de artesan\u00eda, construcci\u00f3n de decorados m\u00f3viles para desfiles hist\u00f3ricos&#8230;) y tambi\u00e9n aprendi\u00f3 a trabajar el cuero de la mano de Jo\u00e3o Barroso (el fallecido Jo\u00e3o das Malas).<\/div>\n<div><\/div>\n<div>Entretanto, su inter\u00e9s se dirigi\u00f3 hacia la escultura y la fotograf\u00eda, en las que invirti\u00f3 tiempo y parte de sus ahorros por el puro placer de buscar la est\u00e9tica en el uso de \u00abtrotchos y tablas viejas\u00bb.<\/div>\n<div><\/div>\n<div>\n<div>Montalegre es una regi\u00f3n monta\u00f1osa, con pocas y malas v\u00edas de comunicaci\u00f3n, lo que la ha hecho inh\u00f3spita y aislada del resto del mundo a lo largo de los a\u00f1os, y a\u00fan hoy. Por eso, Carlos Gon\u00e7alves sinti\u00f3 la necesidad de crear su propio espacio -el espacio no es lo que vemos, sino lo que buscamos descubrir, lo oculto m\u00e1s all\u00e1 de lo que nos parece- y moldearlo en formas utilizando ramas secas recogidas en la naturaleza, dando vida est\u00e9tica a trozos de madera desechados, y fijando el paisaje a trav\u00e9s de un lenguaje sencillo y po\u00e9tico que registra la regi\u00f3n de Barroso.<\/div>\n<div><\/div>\n<div>Exponer en el Espa\u00e7o Padre Fontes &#8211; Ecomuseu do Barroso es una oportunidad para Carlos Gon\u00e7alves de compartir parte de su trabajo con un p\u00fablico m\u00e1s amplio y diverso.\u00bb<\/div>\n<\/div>\n","protected":false},"excerpt":{"rendered":"<p>El Ecomuseu de Barroso &#8211; Espa\u00e7o Padre Fontes, en Montalegre, se complace en anunciar la exposici\u00f3n \u00abTrotchos\u00bb &amp; tablas antiguas, de Carlos Gon\u00e7alves, del 13 de julio al 15 de septiembre de 2024. \u00abCarlos Gon\u00e7alves naci\u00f3 en la ciudad de [&hellip;]<\/p>\n","protected":false},"author":5,"featured_media":29441,"comment_status":"closed","ping_status":"closed","template":"","tags":[],"mec_category":[716],"_links":{"self":[{"href":"https:\/\/visitaltotamegaebarroso.pt\/es\/wp-json\/wp\/v2\/mec-events\/29445"}],"collection":[{"href":"https:\/\/visitaltotamegaebarroso.pt\/es\/wp-json\/wp\/v2\/mec-events"}],"about":[{"href":"https:\/\/visitaltotamegaebarroso.pt\/es\/wp-json\/wp\/v2\/types\/mec-events"}],"author":[{"embeddable":true,"href":"https:\/\/visitaltotamegaebarroso.pt\/es\/wp-json\/wp\/v2\/users\/5"}],"replies":[{"embeddable":true,"href":"https:\/\/visitaltotamegaebarroso.pt\/es\/wp-json\/wp\/v2\/comments?post=29445"}],"wp:featuredmedia":[{"embeddable":true,"href":"https:\/\/visitaltotamegaebarroso.pt\/es\/wp-json\/wp\/v2\/media\/29441"}],"wp:attachment":[{"href":"https:\/\/visitaltotamegaebarroso.pt\/es\/wp-json\/wp\/v2\/media?parent=29445"}],"wp:term":[{"taxonomy":"post_tag","embeddable":true,"href":"https:\/\/visitaltotamegaebarroso.pt\/es\/wp-json\/wp\/v2\/tags?post=29445"},{"taxonomy":"mec_category","embeddable":true,"href":"https:\/\/visitaltotamegaebarroso.pt\/es\/wp-json\/wp\/v2\/mec_category?post=29445"}],"curies":[{"name":"wp","href":"https:\/\/api.w.org\/{rel}","templated":true}]}}

Montalegre | Exposición: «Trotchos y Tablas Viejas»

<div><strong>El Ecomuseu de Barroso &#8211; Espaço Padre Fontes, en Montalegre, se complace en anunciar la exposición «Trotchos» &amp; tablas antiguas, de Carlos Gonçalves, del 13 de julio al 15 de septiembre de 2024.</strong></div>
<div></div>
<div>«Carlos Gonçalves nació en la ciudad de Montalegre. A los seis años se fue a Angola en compañía de sus padres, adonde regresó en la saga de la descolonización a los veinte años.</div>
<div></div>
<div>A su regreso a la «metrópoli», desarrolló toda su carrera profesional trabajando para el Ayuntamiento de Montalegre, tiempo durante el cual también dio rienda suelta a su espíritu creativo, realizando tareas que han quedado olvidadas con el paso del tiempo (decoración en ferias de artesanía, construcción de decorados móviles para desfiles históricos&#8230;) y también aprendió a trabajar el cuero de la mano de João Barroso (el fallecido João das Malas).</div>
<div></div>
<div>Entretanto, su interés se dirigió hacia la escultura y la fotografía, en las que invirtió tiempo y parte de sus ahorros por el puro placer de buscar la estética en el uso de «trotchos y tablas viejas».</div>
<div></div>
<div>
<div>Montalegre es una región montañosa, con pocas y malas vías de comunicación, lo que la ha hecho inhóspita y aislada del resto del mundo a lo largo de los años, y aún hoy. Por eso, Carlos Gonçalves sintió la necesidad de crear su propio espacio -el espacio no es lo que vemos, sino lo que buscamos descubrir, lo oculto más allá de lo que nos parece- y moldearlo en formas utilizando ramas secas recogidas en la naturaleza, dando vida estética a trozos de madera desechados, y fijando el paisaje a través de un lenguaje sencillo y poético que registra la región de Barroso.</div>
<div></div>
<div>Exponer en el Espaço Padre Fontes &#8211; Ecomuseu do Barroso es una oportunidad para Carlos Gonçalves de compartir parte de su trabajo con un público más amplio y diverso.»</div>
</div>

<p>El Ecomuseu de Barroso &#8211; Espaço Padre Fontes, en Montalegre, se complace en anunciar la exposición «Trotchos» &amp; tablas antiguas, de Carlos Gonçalves, del 13 de julio al 15 de septiembre de 2024. «Carlos Gonçalves nació en la ciudad de [&hellip;]</p>
