{"id":29423,"date":"2024-07-02T15:24:01","date_gmt":"2024-07-02T14:24:01","guid":{"rendered":"https:\/\/visitaltotamegaebarroso.pt\/events\/valpacos-asesino-profesional\/"},"modified":"2024-07-02T15:24:01","modified_gmt":"2024-07-02T14:24:01","slug":"valpacos-asesino-profesional","status":"publish","type":"mec-events","link":"https:\/\/visitaltotamegaebarroso.pt\/es\/events\/valpacos-asesino-profesional\/","title":{"rendered":"Valpa\u00e7os | Asesino profesional"},"content":{"rendered":"<p>Inspirada en una historia real, \u00abAsesino Profesional\u00bb sigue la vida de un profesor de filosof\u00eda que es tambi\u00e9n un misterioso asesino a sueldo que trabaja de inc\u00f3gnito para la polic\u00eda.<br \/>\nNo se la pierda, el jueves 4 de julio, a las 21.30 horas, en el Auditorio de Arte y Cultura Lu\u00eds Teixeira.<\/p>\n","protected":false},"excerpt":{"rendered":"<p>Inspirada en una historia real, \u00abAsesino Profesional\u00bb sigue la vida de un profesor de filosof\u00eda que es tambi\u00e9n un misterioso asesino a sueldo que trabaja de inc\u00f3gnito para la polic\u00eda. No se la pierda, el jueves 4 de julio, a [&hellip;]<\/p>\n","protected":false},"author":5,"featured_media":29419,"comment_status":"closed","ping_status":"closed","template":"","tags":[],"mec_category":[716],"_links":{"self":[{"href":"https:\/\/visitaltotamegaebarroso.pt\/es\/wp-json\/wp\/v2\/mec-events\/29423"}],"collection":[{"href":"https:\/\/visitaltotamegaebarroso.pt\/es\/wp-json\/wp\/v2\/mec-events"}],"about":[{"href":"https:\/\/visitaltotamegaebarroso.pt\/es\/wp-json\/wp\/v2\/types\/mec-events"}],"author":[{"embeddable":true,"href":"https:\/\/visitaltotamegaebarroso.pt\/es\/wp-json\/wp\/v2\/users\/5"}],"replies":[{"embeddable":true,"href":"https:\/\/visitaltotamegaebarroso.pt\/es\/wp-json\/wp\/v2\/comments?post=29423"}],"wp:featuredmedia":[{"embeddable":true,"href":"https:\/\/visitaltotamegaebarroso.pt\/es\/wp-json\/wp\/v2\/media\/29419"}],"wp:attachment":[{"href":"https:\/\/visitaltotamegaebarroso.pt\/es\/wp-json\/wp\/v2\/media?parent=29423"}],"wp:term":[{"taxonomy":"post_tag","embeddable":true,"href":"https:\/\/visitaltotamegaebarroso.pt\/es\/wp-json\/wp\/v2\/tags?post=29423"},{"taxonomy":"mec_category","embeddable":true,"href":"https:\/\/visitaltotamegaebarroso.pt\/es\/wp-json\/wp\/v2\/mec_category?post=29423"}],"curies":[{"name":"wp","href":"https:\/\/api.w.org\/{rel}","templated":true}]}}

Valpaços | Asesino profesional

<p>Inspirada en una historia real, «Asesino Profesional» sigue la vida de un profesor de filosofía que es también un misterioso asesino a sueldo que trabaja de incógnito para la policía.<br />
No se la pierda, el jueves 4 de julio, a las 21.30 horas, en el Auditorio de Arte y Cultura Luís Teixeira.</p>

<p>Inspirada en una historia real, «Asesino Profesional» sigue la vida de un profesor de filosofía que es también un misterioso asesino a sueldo que trabaja de incógnito para la policía. No se la pierda, el jueves 4 de julio, a [&hellip;]</p>
