{"id":29402,"date":"2024-07-02T13:26:30","date_gmt":"2024-07-02T12:26:30","guid":{"rendered":"https:\/\/visitaltotamegaebarroso.pt\/events\/montalegre-concierto-de-bandalusa\/"},"modified":"2024-07-02T13:26:30","modified_gmt":"2024-07-02T12:26:30","slug":"montalegre-concierto-de-bandalusa","status":"publish","type":"mec-events","link":"https:\/\/visitaltotamegaebarroso.pt\/es\/events\/montalegre-concierto-de-bandalusa\/","title":{"rendered":"Montalegre | Concierto de Bandalusa"},"content":{"rendered":"<p>Bandalusa actuar\u00e1 en la Pra\u00e7a do Munic\u00edpio de Montalegre el 8 de agosto. Se trata de un concierto para mover los pies, que forma parte del programa de las Fiestas del Municipio.<\/p>\n","protected":false},"excerpt":{"rendered":"<p>Bandalusa actuar\u00e1 en la Pra\u00e7a do Munic\u00edpio de Montalegre el 8 de agosto. Se trata de un concierto para mover los pies, que forma parte del programa de las Fiestas del Municipio.<\/p>\n","protected":false},"author":5,"featured_media":29398,"comment_status":"closed","ping_status":"closed","template":"","tags":[],"mec_category":[716],"_links":{"self":[{"href":"https:\/\/visitaltotamegaebarroso.pt\/es\/wp-json\/wp\/v2\/mec-events\/29402"}],"collection":[{"href":"https:\/\/visitaltotamegaebarroso.pt\/es\/wp-json\/wp\/v2\/mec-events"}],"about":[{"href":"https:\/\/visitaltotamegaebarroso.pt\/es\/wp-json\/wp\/v2\/types\/mec-events"}],"author":[{"embeddable":true,"href":"https:\/\/visitaltotamegaebarroso.pt\/es\/wp-json\/wp\/v2\/users\/5"}],"replies":[{"embeddable":true,"href":"https:\/\/visitaltotamegaebarroso.pt\/es\/wp-json\/wp\/v2\/comments?post=29402"}],"wp:featuredmedia":[{"embeddable":true,"href":"https:\/\/visitaltotamegaebarroso.pt\/es\/wp-json\/wp\/v2\/media\/29398"}],"wp:attachment":[{"href":"https:\/\/visitaltotamegaebarroso.pt\/es\/wp-json\/wp\/v2\/media?parent=29402"}],"wp:term":[{"taxonomy":"post_tag","embeddable":true,"href":"https:\/\/visitaltotamegaebarroso.pt\/es\/wp-json\/wp\/v2\/tags?post=29402"},{"taxonomy":"mec_category","embeddable":true,"href":"https:\/\/visitaltotamegaebarroso.pt\/es\/wp-json\/wp\/v2\/mec_category?post=29402"}],"curies":[{"name":"wp","href":"https:\/\/api.w.org\/{rel}","templated":true}]}}

<p>Bandalusa actuará en la Praça do Município de Montalegre el 8 de agosto. Se trata de un concierto para mover los pies, que forma parte del programa de las Fiestas del Municipio.</p>
