{"id":29222,"date":"2024-07-01T16:10:15","date_gmt":"2024-07-01T15:10:15","guid":{"rendered":"https:\/\/visitaltotamegaebarroso.pt\/events\/montalegre-concierto-de-calema\/"},"modified":"2024-07-01T16:10:15","modified_gmt":"2024-07-01T15:10:15","slug":"montalegre-concierto-de-calema","status":"publish","type":"mec-events","link":"https:\/\/visitaltotamegaebarroso.pt\/es\/events\/montalegre-concierto-de-calema\/","title":{"rendered":"Montalegre | Concierto de Calema"},"content":{"rendered":"<p>Este promete ser uno de los conciertos del a\u00f1o en Montalegre. El grupo Calema estar\u00e1 aqu\u00ed por primera vez. Un espect\u00e1culo para ver y saborear el 2 de agosto, a partir de las 22h, en la Pra\u00e7a do Munic\u00edpio de Montalegre. \u00a1No se lo pierda!<\/p>\n","protected":false},"excerpt":{"rendered":"<p>Este promete ser uno de los conciertos del a\u00f1o en Montalegre. El grupo Calema estar\u00e1 aqu\u00ed por primera vez. Un espect\u00e1culo para ver y saborear el 2 de agosto, a partir de las 22h, en la Pra\u00e7a do Munic\u00edpio de [&hellip;]<\/p>\n","protected":false},"author":5,"featured_media":29218,"comment_status":"closed","ping_status":"closed","template":"","tags":[],"mec_category":[716],"_links":{"self":[{"href":"https:\/\/visitaltotamegaebarroso.pt\/es\/wp-json\/wp\/v2\/mec-events\/29222"}],"collection":[{"href":"https:\/\/visitaltotamegaebarroso.pt\/es\/wp-json\/wp\/v2\/mec-events"}],"about":[{"href":"https:\/\/visitaltotamegaebarroso.pt\/es\/wp-json\/wp\/v2\/types\/mec-events"}],"author":[{"embeddable":true,"href":"https:\/\/visitaltotamegaebarroso.pt\/es\/wp-json\/wp\/v2\/users\/5"}],"replies":[{"embeddable":true,"href":"https:\/\/visitaltotamegaebarroso.pt\/es\/wp-json\/wp\/v2\/comments?post=29222"}],"wp:featuredmedia":[{"embeddable":true,"href":"https:\/\/visitaltotamegaebarroso.pt\/es\/wp-json\/wp\/v2\/media\/29218"}],"wp:attachment":[{"href":"https:\/\/visitaltotamegaebarroso.pt\/es\/wp-json\/wp\/v2\/media?parent=29222"}],"wp:term":[{"taxonomy":"post_tag","embeddable":true,"href":"https:\/\/visitaltotamegaebarroso.pt\/es\/wp-json\/wp\/v2\/tags?post=29222"},{"taxonomy":"mec_category","embeddable":true,"href":"https:\/\/visitaltotamegaebarroso.pt\/es\/wp-json\/wp\/v2\/mec_category?post=29222"}],"curies":[{"name":"wp","href":"https:\/\/api.w.org\/{rel}","templated":true}]}}

<p>Este promete ser uno de los conciertos del año en Montalegre. El grupo Calema estará aquí por primera vez. Un espectáculo para ver y saborear el 2 de agosto, a partir de las 22h, en la Praça do Município de Montalegre. ¡No se lo pierda!</p>

<p>Este promete ser uno de los conciertos del año en Montalegre. El grupo Calema estará aquí por primera vez. Un espectáculo para ver y saborear el 2 de agosto, a partir de las 22h, en la Praça do Município de [&hellip;]</p>
