{"id":29211,"date":"2024-07-01T15:44:58","date_gmt":"2024-07-01T14:44:58","guid":{"rendered":"https:\/\/visitaltotamegaebarroso.pt\/events\/montalegre-concierto-sol-nascente\/"},"modified":"2024-07-01T15:44:58","modified_gmt":"2024-07-01T14:44:58","slug":"montalegre-concierto-sol-nascente","status":"publish","type":"mec-events","link":"https:\/\/visitaltotamegaebarroso.pt\/es\/events\/montalegre-concierto-sol-nascente\/","title":{"rendered":"Montalegre | Concierto Sol Nascente"},"content":{"rendered":"<p>Es con la \u00abplata de la casa\u00bb que abrimos el calendario de las Festas do Concelho de este a\u00f1o. El d\u00eda 1 de agosto, a las 22:00 horas, en la Pra\u00e7a do Munic\u00edpio de Montalegre, actuar\u00e1 la Agrupaci\u00f3n Musical Sol Nascente.<\/p>\n","protected":false},"excerpt":{"rendered":"<p>Es con la \u00abplata de la casa\u00bb que abrimos el calendario de las Festas do Concelho de este a\u00f1o. El d\u00eda 1 de agosto, a las 22:00 horas, en la Pra\u00e7a do Munic\u00edpio de Montalegre, actuar\u00e1 la Agrupaci\u00f3n Musical Sol [&hellip;]<\/p>\n","protected":false},"author":5,"featured_media":29207,"comment_status":"closed","ping_status":"closed","template":"","tags":[],"mec_category":[716],"_links":{"self":[{"href":"https:\/\/visitaltotamegaebarroso.pt\/es\/wp-json\/wp\/v2\/mec-events\/29211"}],"collection":[{"href":"https:\/\/visitaltotamegaebarroso.pt\/es\/wp-json\/wp\/v2\/mec-events"}],"about":[{"href":"https:\/\/visitaltotamegaebarroso.pt\/es\/wp-json\/wp\/v2\/types\/mec-events"}],"author":[{"embeddable":true,"href":"https:\/\/visitaltotamegaebarroso.pt\/es\/wp-json\/wp\/v2\/users\/5"}],"replies":[{"embeddable":true,"href":"https:\/\/visitaltotamegaebarroso.pt\/es\/wp-json\/wp\/v2\/comments?post=29211"}],"wp:featuredmedia":[{"embeddable":true,"href":"https:\/\/visitaltotamegaebarroso.pt\/es\/wp-json\/wp\/v2\/media\/29207"}],"wp:attachment":[{"href":"https:\/\/visitaltotamegaebarroso.pt\/es\/wp-json\/wp\/v2\/media?parent=29211"}],"wp:term":[{"taxonomy":"post_tag","embeddable":true,"href":"https:\/\/visitaltotamegaebarroso.pt\/es\/wp-json\/wp\/v2\/tags?post=29211"},{"taxonomy":"mec_category","embeddable":true,"href":"https:\/\/visitaltotamegaebarroso.pt\/es\/wp-json\/wp\/v2\/mec_category?post=29211"}],"curies":[{"name":"wp","href":"https:\/\/api.w.org\/{rel}","templated":true}]}}

<p>Es con la «plata de la casa» que abrimos el calendario de las Festas do Concelho de este año. El día 1 de agosto, a las 22:00 horas, en la Praça do Município de Montalegre, actuará la Agrupación Musical Sol Nascente.</p>

<p>Es con la «plata de la casa» que abrimos el calendario de las Festas do Concelho de este año. El día 1 de agosto, a las 22:00 horas, en la Praça do Município de Montalegre, actuará la Agrupación Musical Sol [&hellip;]</p>
