{"id":29201,"date":"2024-07-01T15:35:02","date_gmt":"2024-07-01T14:35:02","guid":{"rendered":"https:\/\/visitaltotamegaebarroso.pt\/events\/boticas-6a-etapa-de-la-vuelta-a-portugal-2024\/"},"modified":"2024-07-01T15:35:02","modified_gmt":"2024-07-01T14:35:02","slug":"boticas-6a-etapa-de-la-vuelta-a-portugal-2024","status":"publish","type":"mec-events","link":"https:\/\/visitaltotamegaebarroso.pt\/es\/events\/boticas-6a-etapa-de-la-vuelta-a-portugal-2024\/","title":{"rendered":"Boticas | 6\u00aa Etapa de la Vuelta a Portugal 2024"},"content":{"rendered":"<p>Boticas acoger\u00e1 la 6\u00aa etapa de la 85\u00aa Vuelta a Portugal<\/p>\n<p>El 31 de julio, los ciclistas partir\u00e1n de Bragan\u00e7a en direcci\u00f3n a Boticas, afrontando un recorrido de 169,1 km.<\/p>\n<p>La 85\u00aa edici\u00f3n de la Volta a Portugal tendr\u00e1 lugar del 24 de julio al 4 de agosto.<\/p>\n","protected":false},"excerpt":{"rendered":"<p>Boticas acoger\u00e1 la 6\u00aa etapa de la 85\u00aa Vuelta a Portugal El 31 de julio, los ciclistas partir\u00e1n de Bragan\u00e7a en direcci\u00f3n a Boticas, afrontando un recorrido de 169,1 km. La 85\u00aa edici\u00f3n de la Volta a Portugal tendr\u00e1 lugar [&hellip;]<\/p>\n","protected":false},"author":5,"featured_media":29197,"comment_status":"closed","ping_status":"closed","template":"","tags":[],"mec_category":[720],"_links":{"self":[{"href":"https:\/\/visitaltotamegaebarroso.pt\/es\/wp-json\/wp\/v2\/mec-events\/29201"}],"collection":[{"href":"https:\/\/visitaltotamegaebarroso.pt\/es\/wp-json\/wp\/v2\/mec-events"}],"about":[{"href":"https:\/\/visitaltotamegaebarroso.pt\/es\/wp-json\/wp\/v2\/types\/mec-events"}],"author":[{"embeddable":true,"href":"https:\/\/visitaltotamegaebarroso.pt\/es\/wp-json\/wp\/v2\/users\/5"}],"replies":[{"embeddable":true,"href":"https:\/\/visitaltotamegaebarroso.pt\/es\/wp-json\/wp\/v2\/comments?post=29201"}],"wp:featuredmedia":[{"embeddable":true,"href":"https:\/\/visitaltotamegaebarroso.pt\/es\/wp-json\/wp\/v2\/media\/29197"}],"wp:attachment":[{"href":"https:\/\/visitaltotamegaebarroso.pt\/es\/wp-json\/wp\/v2\/media?parent=29201"}],"wp:term":[{"taxonomy":"post_tag","embeddable":true,"href":"https:\/\/visitaltotamegaebarroso.pt\/es\/wp-json\/wp\/v2\/tags?post=29201"},{"taxonomy":"mec_category","embeddable":true,"href":"https:\/\/visitaltotamegaebarroso.pt\/es\/wp-json\/wp\/v2\/mec_category?post=29201"}],"curies":[{"name":"wp","href":"https:\/\/api.w.org\/{rel}","templated":true}]}}

Boticas | 6ª Etapa de la Vuelta a Portugal 2024

<p>Boticas acogerá la 6ª etapa de la 85ª Vuelta a Portugal</p>
<p>El 31 de julio, los ciclistas partirán de Bragança en dirección a Boticas, afrontando un recorrido de 169,1 km.</p>
<p>La 85ª edición de la Volta a Portugal tendrá lugar del 24 de julio al 4 de agosto.</p>

<p>Boticas acogerá la 6ª etapa de la 85ª Vuelta a Portugal El 31 de julio, los ciclistas partirán de Bragança en dirección a Boticas, afrontando un recorrido de 169,1 km. La 85ª edición de la Volta a Portugal tendrá lugar [&hellip;]</p>
