{"id":29089,"date":"2024-06-26T17:00:30","date_gmt":"2024-06-26T16:00:30","guid":{"rendered":"https:\/\/visitaltotamegaebarroso.pt\/events\/chaves-feria-de-antiguedades\/"},"modified":"2024-06-26T17:00:30","modified_gmt":"2024-06-26T16:00:30","slug":"chaves-feria-de-antiguedades","status":"publish","type":"mec-events","link":"https:\/\/visitaltotamegaebarroso.pt\/es\/events\/chaves-feria-de-antiguedades\/","title":{"rendered":"Chaves | Feria de Antig\u00fcedades"},"content":{"rendered":"<p>Las tiendas de \u00e9poca y antig\u00fcedades vuelven al Jardim do Bacalhau. Los expositores llevan a los visitantes a un viaje al pasado. Adem\u00e1s de comprar objetos \u00fanicos e interesantes, los visitantes pueden aprender mucho sobre la historia y el arte de Portugal recorriendo las ferias de antig\u00fcedades y vintage y viendo de cerca piezas antiguas y objetos raros.<br \/>\nSi busca objetos antiguos \u00fanicos o simplemente quiere pasar un d\u00eda agradable, la Feira de Velharias es una gran opci\u00f3n.<\/p>\n<p>Organiza: Procentro<\/p>\n<p>Con el apoyo de: Acisat y Ayuntamiento de Chaves<\/p>\n","protected":false},"excerpt":{"rendered":"<p>Las tiendas de \u00e9poca y antig\u00fcedades vuelven al Jardim do Bacalhau. Los expositores llevan a los visitantes a un viaje al pasado. Adem\u00e1s de comprar objetos \u00fanicos e interesantes, los visitantes pueden aprender mucho sobre la historia y el arte [&hellip;]<\/p>\n","protected":false},"author":5,"featured_media":29085,"comment_status":"closed","ping_status":"closed","template":"","tags":[],"mec_category":[716],"_links":{"self":[{"href":"https:\/\/visitaltotamegaebarroso.pt\/es\/wp-json\/wp\/v2\/mec-events\/29089"}],"collection":[{"href":"https:\/\/visitaltotamegaebarroso.pt\/es\/wp-json\/wp\/v2\/mec-events"}],"about":[{"href":"https:\/\/visitaltotamegaebarroso.pt\/es\/wp-json\/wp\/v2\/types\/mec-events"}],"author":[{"embeddable":true,"href":"https:\/\/visitaltotamegaebarroso.pt\/es\/wp-json\/wp\/v2\/users\/5"}],"replies":[{"embeddable":true,"href":"https:\/\/visitaltotamegaebarroso.pt\/es\/wp-json\/wp\/v2\/comments?post=29089"}],"wp:featuredmedia":[{"embeddable":true,"href":"https:\/\/visitaltotamegaebarroso.pt\/es\/wp-json\/wp\/v2\/media\/29085"}],"wp:attachment":[{"href":"https:\/\/visitaltotamegaebarroso.pt\/es\/wp-json\/wp\/v2\/media?parent=29089"}],"wp:term":[{"taxonomy":"post_tag","embeddable":true,"href":"https:\/\/visitaltotamegaebarroso.pt\/es\/wp-json\/wp\/v2\/tags?post=29089"},{"taxonomy":"mec_category","embeddable":true,"href":"https:\/\/visitaltotamegaebarroso.pt\/es\/wp-json\/wp\/v2\/mec_category?post=29089"}],"curies":[{"name":"wp","href":"https:\/\/api.w.org\/{rel}","templated":true}]}}

Chaves | Feria de Antigüedades

<p>Las tiendas de época y antigüedades vuelven al Jardim do Bacalhau. Los expositores llevan a los visitantes a un viaje al pasado. Además de comprar objetos únicos e interesantes, los visitantes pueden aprender mucho sobre la historia y el arte de Portugal recorriendo las ferias de antigüedades y vintage y viendo de cerca piezas antiguas y objetos raros.<br />
Si busca objetos antiguos únicos o simplemente quiere pasar un día agradable, la Feira de Velharias es una gran opción.</p>
<p>Organiza: Procentro</p>
<p>Con el apoyo de: Acisat y Ayuntamiento de Chaves</p>

<p>Las tiendas de época y antigüedades vuelven al Jardim do Bacalhau. Los expositores llevan a los visitantes a un viaje al pasado. Además de comprar objetos únicos e interesantes, los visitantes pueden aprender mucho sobre la historia y el arte [&hellip;]</p>
