{"id":29069,"date":"2024-06-26T15:11:08","date_gmt":"2024-06-26T14:11:08","guid":{"rendered":"https:\/\/visitaltotamegaebarroso.pt\/events\/chaves-revista-forum-no-8-del-forum-galaico-transmontano\/"},"modified":"2024-06-26T15:11:08","modified_gmt":"2024-06-26T14:11:08","slug":"chaves-revista-forum-no-8-del-forum-galaico-transmontano","status":"publish","type":"mec-events","link":"https:\/\/visitaltotamegaebarroso.pt\/es\/events\/chaves-revista-forum-no-8-del-forum-galaico-transmontano\/","title":{"rendered":"Chaves | Revista F\u00f3rum n\u00ba 8, del F\u00f3rum Galaico Transmontano"},"content":{"rendered":"<p>El F\u00f3rum Galaico Transmontano &#8211; C\u00edrculo de Estudos e Divulga\u00e7\u00e3o presenta la Revista F\u00f3rum n\u00ba 8, que hace un recorrido por \u00abEn torno al T\u00e2mega\u00bb, aqu\u00ed y al otro lado de la frontera, que nos une y ya no nos separa. Es la reanudaci\u00f3n de la actividad cultural que nos permite conocer mejor a nuestros dos pueblos hermanos, los gallegos y los de Tr\u00e1s-os-Montes. Al fin y al cabo, somos un solo pueblo: adem\u00e1s de nuestros or\u00edgenes hist\u00f3ricos, estamos unidos de muchas maneras diferentes: social, cultural y familiarmente, e incluso compartimos una g\u00e9nesis ling\u00fc\u00edstica com\u00fan. En este n\u00famero de F\u00f3rum han colaborado autores gallegos y portugueses, socios y amigos.<\/p>\n<p>Organiza: F\u00f3rum Galaico Transmontano &#8211; C\u00edrculo de Estudos e Divulga\u00e7\u00e3o<\/p>\n<p>Apoyo: Ayuntamiento de Chaves<\/p>\n","protected":false},"excerpt":{"rendered":"<p>El F\u00f3rum Galaico Transmontano &#8211; C\u00edrculo de Estudos e Divulga\u00e7\u00e3o presenta la Revista F\u00f3rum n\u00ba 8, que hace un recorrido por \u00abEn torno al T\u00e2mega\u00bb, aqu\u00ed y al otro lado de la frontera, que nos une y ya no nos [&hellip;]<\/p>\n","protected":false},"author":5,"featured_media":29065,"comment_status":"closed","ping_status":"closed","template":"","tags":[],"mec_category":[716],"_links":{"self":[{"href":"https:\/\/visitaltotamegaebarroso.pt\/es\/wp-json\/wp\/v2\/mec-events\/29069"}],"collection":[{"href":"https:\/\/visitaltotamegaebarroso.pt\/es\/wp-json\/wp\/v2\/mec-events"}],"about":[{"href":"https:\/\/visitaltotamegaebarroso.pt\/es\/wp-json\/wp\/v2\/types\/mec-events"}],"author":[{"embeddable":true,"href":"https:\/\/visitaltotamegaebarroso.pt\/es\/wp-json\/wp\/v2\/users\/5"}],"replies":[{"embeddable":true,"href":"https:\/\/visitaltotamegaebarroso.pt\/es\/wp-json\/wp\/v2\/comments?post=29069"}],"wp:featuredmedia":[{"embeddable":true,"href":"https:\/\/visitaltotamegaebarroso.pt\/es\/wp-json\/wp\/v2\/media\/29065"}],"wp:attachment":[{"href":"https:\/\/visitaltotamegaebarroso.pt\/es\/wp-json\/wp\/v2\/media?parent=29069"}],"wp:term":[{"taxonomy":"post_tag","embeddable":true,"href":"https:\/\/visitaltotamegaebarroso.pt\/es\/wp-json\/wp\/v2\/tags?post=29069"},{"taxonomy":"mec_category","embeddable":true,"href":"https:\/\/visitaltotamegaebarroso.pt\/es\/wp-json\/wp\/v2\/mec_category?post=29069"}],"curies":[{"name":"wp","href":"https:\/\/api.w.org\/{rel}","templated":true}]}}

Chaves | Revista Fórum nº 8, del Fórum Galaico Transmontano

<p>El Fórum Galaico Transmontano &#8211; Círculo de Estudos e Divulgação presenta la Revista Fórum nº 8, que hace un recorrido por «En torno al Tâmega», aquí y al otro lado de la frontera, que nos une y ya no nos separa. Es la reanudación de la actividad cultural que nos permite conocer mejor a nuestros dos pueblos hermanos, los gallegos y los de Trás-os-Montes. Al fin y al cabo, somos un solo pueblo: además de nuestros orígenes históricos, estamos unidos de muchas maneras diferentes: social, cultural y familiarmente, e incluso compartimos una génesis lingüística común. En este número de Fórum han colaborado autores gallegos y portugueses, socios y amigos.</p>
<p>Organiza: Fórum Galaico Transmontano &#8211; Círculo de Estudos e Divulgação</p>
<p>Apoyo: Ayuntamiento de Chaves</p>

<p>El Fórum Galaico Transmontano &#8211; Círculo de Estudos e Divulgação presenta la Revista Fórum nº 8, que hace un recorrido por «En torno al Tâmega», aquí y al otro lado de la frontera, que nos une y ya no nos [&hellip;]</p>
