{"id":29049,"date":"2024-06-26T14:51:33","date_gmt":"2024-06-26T13:51:33","guid":{"rendered":"https:\/\/visitaltotamegaebarroso.pt\/events\/chaves-recital-de-iara-alves-con-la-orquesta-de-viento-de-la-academia-de-las-artes-de-chaves\/"},"modified":"2024-06-26T14:51:33","modified_gmt":"2024-06-26T13:51:33","slug":"chaves-recital-de-iara-alves-con-la-orquesta-de-viento-de-la-academia-de-las-artes-de-chaves","status":"publish","type":"mec-events","link":"https:\/\/visitaltotamegaebarroso.pt\/es\/events\/chaves-recital-de-iara-alves-con-la-orquesta-de-viento-de-la-academia-de-las-artes-de-chaves\/","title":{"rendered":"Chaves | Recital de Iara Alves, con la Orquesta de Viento de la Academia de las Artes de Chaves"},"content":{"rendered":"<p>En este concierto, la Orquesta de Viento de la Academia de Artes de Chaves tendr\u00e1 el honor de acompa\u00f1ar a la antigua alumna Iara Alves en su Recital de Fin de M\u00e1ster. La talentosa clarinetista interpretar\u00e1 el deslumbrante 2\u00ba Concierto para Clarinete de Oscar Navarro. Ser\u00e1 una oportunidad imperdible para disfrutar de la excelencia musical de Iara Alves y de la maestr\u00eda de la Orquesta de Vientos, en un repertorio que promete emocionar y encantar al p\u00fablico.<\/p>\n<p>Org: Alma.Alta y Academia de Artes de Chaves<\/p>\n<p>Apoyo: Ayuntamiento de Chaves<\/p>\n","protected":false},"excerpt":{"rendered":"<p>En este concierto, la Orquesta de Viento de la Academia de Artes de Chaves tendr\u00e1 el honor de acompa\u00f1ar a la antigua alumna Iara Alves en su Recital de Fin de M\u00e1ster. La talentosa clarinetista interpretar\u00e1 el deslumbrante 2\u00ba Concierto [&hellip;]<\/p>\n","protected":false},"author":5,"featured_media":29045,"comment_status":"closed","ping_status":"closed","template":"","tags":[],"mec_category":[716],"_links":{"self":[{"href":"https:\/\/visitaltotamegaebarroso.pt\/es\/wp-json\/wp\/v2\/mec-events\/29049"}],"collection":[{"href":"https:\/\/visitaltotamegaebarroso.pt\/es\/wp-json\/wp\/v2\/mec-events"}],"about":[{"href":"https:\/\/visitaltotamegaebarroso.pt\/es\/wp-json\/wp\/v2\/types\/mec-events"}],"author":[{"embeddable":true,"href":"https:\/\/visitaltotamegaebarroso.pt\/es\/wp-json\/wp\/v2\/users\/5"}],"replies":[{"embeddable":true,"href":"https:\/\/visitaltotamegaebarroso.pt\/es\/wp-json\/wp\/v2\/comments?post=29049"}],"wp:featuredmedia":[{"embeddable":true,"href":"https:\/\/visitaltotamegaebarroso.pt\/es\/wp-json\/wp\/v2\/media\/29045"}],"wp:attachment":[{"href":"https:\/\/visitaltotamegaebarroso.pt\/es\/wp-json\/wp\/v2\/media?parent=29049"}],"wp:term":[{"taxonomy":"post_tag","embeddable":true,"href":"https:\/\/visitaltotamegaebarroso.pt\/es\/wp-json\/wp\/v2\/tags?post=29049"},{"taxonomy":"mec_category","embeddable":true,"href":"https:\/\/visitaltotamegaebarroso.pt\/es\/wp-json\/wp\/v2\/mec_category?post=29049"}],"curies":[{"name":"wp","href":"https:\/\/api.w.org\/{rel}","templated":true}]}}

<p>En este concierto, la Orquesta de Viento de la Academia de Artes de Chaves tendrá el honor de acompañar a la antigua alumna Iara Alves en su Recital de Fin de Máster. La talentosa clarinetista interpretará el deslumbrante 2º Concierto para Clarinete de Oscar Navarro. Será una oportunidad imperdible para disfrutar de la excelencia musical de Iara Alves y de la maestría de la Orquesta de Vientos, en un repertorio que promete emocionar y encantar al público.</p>
<p>Org: Alma.Alta y Academia de Artes de Chaves</p>
<p>Apoyo: Ayuntamiento de Chaves</p>

<p>En este concierto, la Orquesta de Viento de la Academia de Artes de Chaves tendrá el honor de acompañar a la antigua alumna Iara Alves en su Recital de Fin de Máster. La talentosa clarinetista interpretará el deslumbrante 2º Concierto [&hellip;]</p>
