{"id":28939,"date":"2024-06-22T10:35:06","date_gmt":"2024-06-22T09:35:06","guid":{"rendered":"https:\/\/visitaltotamegaebarroso.pt\/events\/valpacos-gran-gala-solidaria-de-fado\/"},"modified":"2024-06-22T10:35:06","modified_gmt":"2024-06-22T09:35:06","slug":"valpacos-gran-gala-solidaria-de-fado","status":"publish","type":"mec-events","link":"https:\/\/visitaltotamegaebarroso.pt\/es\/events\/valpacos-gran-gala-solidaria-de-fado\/","title":{"rendered":"Valpa\u00e7os | Gran Gala Solidaria de Fado"},"content":{"rendered":"<p>El 28 de junio, a las 21h, el Auditorio de Arte y Cultura Lu\u00eds Teixeira acoger\u00e1 la Gran Gala Solidaria de Fado, con la participaci\u00f3n de varios artistas.<\/p>\n<p>No se la pierda&#8230;<\/p>\n","protected":false},"excerpt":{"rendered":"<p>El 28 de junio, a las 21h, el Auditorio de Arte y Cultura Lu\u00eds Teixeira acoger\u00e1 la Gran Gala Solidaria de Fado, con la participaci\u00f3n de varios artistas. No se la pierda&#8230;<\/p>\n","protected":false},"author":5,"featured_media":28935,"comment_status":"closed","ping_status":"closed","template":"","tags":[],"mec_category":[716],"_links":{"self":[{"href":"https:\/\/visitaltotamegaebarroso.pt\/es\/wp-json\/wp\/v2\/mec-events\/28939"}],"collection":[{"href":"https:\/\/visitaltotamegaebarroso.pt\/es\/wp-json\/wp\/v2\/mec-events"}],"about":[{"href":"https:\/\/visitaltotamegaebarroso.pt\/es\/wp-json\/wp\/v2\/types\/mec-events"}],"author":[{"embeddable":true,"href":"https:\/\/visitaltotamegaebarroso.pt\/es\/wp-json\/wp\/v2\/users\/5"}],"replies":[{"embeddable":true,"href":"https:\/\/visitaltotamegaebarroso.pt\/es\/wp-json\/wp\/v2\/comments?post=28939"}],"wp:featuredmedia":[{"embeddable":true,"href":"https:\/\/visitaltotamegaebarroso.pt\/es\/wp-json\/wp\/v2\/media\/28935"}],"wp:attachment":[{"href":"https:\/\/visitaltotamegaebarroso.pt\/es\/wp-json\/wp\/v2\/media?parent=28939"}],"wp:term":[{"taxonomy":"post_tag","embeddable":true,"href":"https:\/\/visitaltotamegaebarroso.pt\/es\/wp-json\/wp\/v2\/tags?post=28939"},{"taxonomy":"mec_category","embeddable":true,"href":"https:\/\/visitaltotamegaebarroso.pt\/es\/wp-json\/wp\/v2\/mec_category?post=28939"}],"curies":[{"name":"wp","href":"https:\/\/api.w.org\/{rel}","templated":true}]}}

Valpaços | Gran Gala Solidaria de Fado

<p>El 28 de junio, a las 21h, el Auditorio de Arte y Cultura Luís Teixeira acogerá la Gran Gala Solidaria de Fado, con la participación de varios artistas.</p>
<p>No se la pierda&#8230;</p>

<p>El 28 de junio, a las 21h, el Auditorio de Arte y Cultura Luís Teixeira acogerá la Gran Gala Solidaria de Fado, con la participación de varios artistas. No se la pierda&#8230;</p>
