{"id":28884,"date":"2024-06-19T11:51:26","date_gmt":"2024-06-19T10:51:26","guid":{"rendered":"https:\/\/visitaltotamegaebarroso.pt\/events\/ribeira-de-pena-fiesta-en-honor-a-san-pedro\/"},"modified":"2024-06-19T11:51:26","modified_gmt":"2024-06-19T10:51:26","slug":"ribeira-de-pena-fiesta-en-honor-a-san-pedro","status":"publish","type":"mec-events","link":"https:\/\/visitaltotamegaebarroso.pt\/es\/events\/ribeira-de-pena-fiesta-en-honor-a-san-pedro\/","title":{"rendered":"Ribeira de Pena | Fiesta en Honor a San Pedro"},"content":{"rendered":"<div>La tradicional Festa em Honra de S. Pedro vuelve al pueblo de Cerva los d\u00edas 28 y 29 de junio. Este evento, que celebra al patr\u00f3n del pueblo, promete dos d\u00edas llenos de devoci\u00f3n, m\u00fasica y entretenimiento para todos los lugare\u00f1os y visitantes.<\/div>\n<div><\/div>\n<div>\u00danase a nosotros para honrar a San Pedro y disfrute de dos d\u00edas llenos de actividades culturales y religiosas en un ambiente de unidad y celebraci\u00f3n.<\/div>\n<div><\/div>\n<div>\u00a1Le esperamos!<\/div>\n","protected":false},"excerpt":{"rendered":"<p>La tradicional Festa em Honra de S. Pedro vuelve al pueblo de Cerva los d\u00edas 28 y 29 de junio. Este evento, que celebra al patr\u00f3n del pueblo, promete dos d\u00edas llenos de devoci\u00f3n, m\u00fasica y entretenimiento para todos los [&hellip;]<\/p>\n","protected":false},"author":5,"featured_media":28880,"comment_status":"closed","ping_status":"closed","template":"","tags":[],"mec_category":[716],"_links":{"self":[{"href":"https:\/\/visitaltotamegaebarroso.pt\/es\/wp-json\/wp\/v2\/mec-events\/28884"}],"collection":[{"href":"https:\/\/visitaltotamegaebarroso.pt\/es\/wp-json\/wp\/v2\/mec-events"}],"about":[{"href":"https:\/\/visitaltotamegaebarroso.pt\/es\/wp-json\/wp\/v2\/types\/mec-events"}],"author":[{"embeddable":true,"href":"https:\/\/visitaltotamegaebarroso.pt\/es\/wp-json\/wp\/v2\/users\/5"}],"replies":[{"embeddable":true,"href":"https:\/\/visitaltotamegaebarroso.pt\/es\/wp-json\/wp\/v2\/comments?post=28884"}],"wp:featuredmedia":[{"embeddable":true,"href":"https:\/\/visitaltotamegaebarroso.pt\/es\/wp-json\/wp\/v2\/media\/28880"}],"wp:attachment":[{"href":"https:\/\/visitaltotamegaebarroso.pt\/es\/wp-json\/wp\/v2\/media?parent=28884"}],"wp:term":[{"taxonomy":"post_tag","embeddable":true,"href":"https:\/\/visitaltotamegaebarroso.pt\/es\/wp-json\/wp\/v2\/tags?post=28884"},{"taxonomy":"mec_category","embeddable":true,"href":"https:\/\/visitaltotamegaebarroso.pt\/es\/wp-json\/wp\/v2\/mec_category?post=28884"}],"curies":[{"name":"wp","href":"https:\/\/api.w.org\/{rel}","templated":true}]}}

<div>La tradicional Festa em Honra de S. Pedro vuelve al pueblo de Cerva los días 28 y 29 de junio. Este evento, que celebra al patrón del pueblo, promete dos días llenos de devoción, música y entretenimiento para todos los lugareños y visitantes.</div>
<div></div>
<div>Únase a nosotros para honrar a San Pedro y disfrute de dos días llenos de actividades culturales y religiosas en un ambiente de unidad y celebración.</div>
<div></div>
<div>¡Le esperamos!</div>

<p>La tradicional Festa em Honra de S. Pedro vuelve al pueblo de Cerva los días 28 y 29 de junio. Este evento, que celebra al patrón del pueblo, promete dos días llenos de devoción, música y entretenimiento para todos los [&hellip;]</p>
