{"id":28728,"date":"2024-06-13T12:14:17","date_gmt":"2024-06-13T11:14:17","guid":{"rendered":"https:\/\/visitaltotamegaebarroso.pt\/events\/chaves-dando-alegria-a-los-anos\/"},"modified":"2024-06-13T12:14:17","modified_gmt":"2024-06-13T11:14:17","slug":"chaves-dando-alegria-a-los-anos","status":"publish","type":"mec-events","link":"https:\/\/visitaltotamegaebarroso.pt\/es\/events\/chaves-dando-alegria-a-los-anos\/","title":{"rendered":"Chaves | Dando alegr\u00eda a los a\u00f1os"},"content":{"rendered":"<div>Con el objetivo de crear actitudes proactivas, este encuentro dominical contar\u00e1 con la animaci\u00f3n musical del grupo \u00abMusic Star\u00bb, proporcionando una ciudadan\u00eda cada vez m\u00e1s activa y participativa, con mucha diversi\u00f3n y alegr\u00eda. Potenciar las diferentes generaciones para promover la solidaridad, el cooperativismo y el respeto a las diferentes necesidades y potencialidades asociadas a cada edad contribuye a la construcci\u00f3n social de un envejecimiento activo y saludable. Las personas que experimentan actividades positivas se sienten mejor consigo mismas y con su mundo, y afrontan mejor la enfermedad, el estr\u00e9s y otras dificultades. El proyecto \u00abEnvejecimiento Saludable\u00bb forma parte del Pacto por el Desarrollo y la Cohesi\u00f3n Territorial del Alto T\u00e2mega, promoviendo eventos y celebraciones tem\u00e1ticas a lo largo de todo el a\u00f1o.<\/div>\n<div>GRUPO MUSICAL \u00ab\u00c1FRICA STAR<\/div>\n<div><\/div>\n<div>Organiza: Ayuntamiento de Chaves<\/div>\n","protected":false},"excerpt":{"rendered":"<p>Con el objetivo de crear actitudes proactivas, este encuentro dominical contar\u00e1 con la animaci\u00f3n musical del grupo \u00abMusic Star\u00bb, proporcionando una ciudadan\u00eda cada vez m\u00e1s activa y participativa, con mucha diversi\u00f3n y alegr\u00eda. Potenciar las diferentes generaciones para promover la [&hellip;]<\/p>\n","protected":false},"author":5,"featured_media":28724,"comment_status":"closed","ping_status":"closed","template":"","tags":[],"mec_category":[716],"_links":{"self":[{"href":"https:\/\/visitaltotamegaebarroso.pt\/es\/wp-json\/wp\/v2\/mec-events\/28728"}],"collection":[{"href":"https:\/\/visitaltotamegaebarroso.pt\/es\/wp-json\/wp\/v2\/mec-events"}],"about":[{"href":"https:\/\/visitaltotamegaebarroso.pt\/es\/wp-json\/wp\/v2\/types\/mec-events"}],"author":[{"embeddable":true,"href":"https:\/\/visitaltotamegaebarroso.pt\/es\/wp-json\/wp\/v2\/users\/5"}],"replies":[{"embeddable":true,"href":"https:\/\/visitaltotamegaebarroso.pt\/es\/wp-json\/wp\/v2\/comments?post=28728"}],"wp:featuredmedia":[{"embeddable":true,"href":"https:\/\/visitaltotamegaebarroso.pt\/es\/wp-json\/wp\/v2\/media\/28724"}],"wp:attachment":[{"href":"https:\/\/visitaltotamegaebarroso.pt\/es\/wp-json\/wp\/v2\/media?parent=28728"}],"wp:term":[{"taxonomy":"post_tag","embeddable":true,"href":"https:\/\/visitaltotamegaebarroso.pt\/es\/wp-json\/wp\/v2\/tags?post=28728"},{"taxonomy":"mec_category","embeddable":true,"href":"https:\/\/visitaltotamegaebarroso.pt\/es\/wp-json\/wp\/v2\/mec_category?post=28728"}],"curies":[{"name":"wp","href":"https:\/\/api.w.org\/{rel}","templated":true}]}}

Chaves | Dando alegría a los años

<div>Con el objetivo de crear actitudes proactivas, este encuentro dominical contará con la animación musical del grupo «Music Star», proporcionando una ciudadanía cada vez más activa y participativa, con mucha diversión y alegría. Potenciar las diferentes generaciones para promover la solidaridad, el cooperativismo y el respeto a las diferentes necesidades y potencialidades asociadas a cada edad contribuye a la construcción social de un envejecimiento activo y saludable. Las personas que experimentan actividades positivas se sienten mejor consigo mismas y con su mundo, y afrontan mejor la enfermedad, el estrés y otras dificultades. El proyecto «Envejecimiento Saludable» forma parte del Pacto por el Desarrollo y la Cohesión Territorial del Alto Tâmega, promoviendo eventos y celebraciones temáticas a lo largo de todo el año.</div>
<div>GRUPO MUSICAL «ÁFRICA STAR</div>
<div></div>
<div>Organiza: Ayuntamiento de Chaves</div>

<p>Con el objetivo de crear actitudes proactivas, este encuentro dominical contará con la animación musical del grupo «Music Star», proporcionando una ciudadanía cada vez más activa y participativa, con mucha diversión y alegría. Potenciar las diferentes generaciones para promover la [&hellip;]</p>
