{"id":28551,"date":"2024-06-02T10:26:53","date_gmt":"2024-06-02T09:26:53","guid":{"rendered":"https:\/\/visitaltotamegaebarroso.pt\/events\/chaves-exposicion-nuestros-artistas\/"},"modified":"2024-06-07T16:24:12","modified_gmt":"2024-06-07T15:24:12","slug":"chaves-exposicion-nuestros-artistas","status":"publish","type":"mec-events","link":"https:\/\/visitaltotamegaebarroso.pt\/es\/events\/chaves-exposicion-nuestros-artistas\/","title":{"rendered":"Chaves | Exposici\u00f3n: Nuestros Artistas"},"content":{"rendered":"<p>El pr\u00f3ximo mes de junio, la Biblioteca Municipal acoger\u00e1 una exposici\u00f3n de pintura creativa de Ricardo Costa, con una variada gama de obras llenas de color y luz. Inaugurada el martes 4 de junio, a las 17h30, esta presentaci\u00f3n p\u00fablica es el resultado del gran est\u00edmulo de familiares y amigos.<\/p>\n<p>Nacido en Lebu\u00e7\u00e3o, pero residente en Chaves desde 2002, donde trabaja como agente inmobiliario, es un artista autodidacta que comenz\u00f3 dibujando a carboncillo y pas\u00f3 a la pintura acr\u00edlica en 2006.<\/p>\n<p>Dej\u00f3 de pintar alrededor de 2011, pero volvi\u00f3 a hacerlo durante el dram\u00e1tico per\u00edodo de COVID. Fue en el arte donde llen\u00f3 su tiempo y su mente. Ya ha realizado varias exposiciones individuales y colectivas.<\/p>\n","protected":false},"excerpt":{"rendered":"<p>El pr\u00f3ximo mes de junio, la Biblioteca Municipal acoger\u00e1 una exposici\u00f3n de pintura creativa de Ricardo Costa, con una variada gama de obras llenas de color y luz. Inaugurada el martes 4 de junio, a las 17h30, esta presentaci\u00f3n p\u00fablica [&hellip;]<\/p>\n","protected":false},"author":5,"featured_media":27969,"comment_status":"closed","ping_status":"closed","template":"","tags":[],"mec_category":[716],"_links":{"self":[{"href":"https:\/\/visitaltotamegaebarroso.pt\/es\/wp-json\/wp\/v2\/mec-events\/28551"}],"collection":[{"href":"https:\/\/visitaltotamegaebarroso.pt\/es\/wp-json\/wp\/v2\/mec-events"}],"about":[{"href":"https:\/\/visitaltotamegaebarroso.pt\/es\/wp-json\/wp\/v2\/types\/mec-events"}],"author":[{"embeddable":true,"href":"https:\/\/visitaltotamegaebarroso.pt\/es\/wp-json\/wp\/v2\/users\/5"}],"replies":[{"embeddable":true,"href":"https:\/\/visitaltotamegaebarroso.pt\/es\/wp-json\/wp\/v2\/comments?post=28551"}],"wp:featuredmedia":[{"embeddable":true,"href":"https:\/\/visitaltotamegaebarroso.pt\/es\/wp-json\/wp\/v2\/media\/27969"}],"wp:attachment":[{"href":"https:\/\/visitaltotamegaebarroso.pt\/es\/wp-json\/wp\/v2\/media?parent=28551"}],"wp:term":[{"taxonomy":"post_tag","embeddable":true,"href":"https:\/\/visitaltotamegaebarroso.pt\/es\/wp-json\/wp\/v2\/tags?post=28551"},{"taxonomy":"mec_category","embeddable":true,"href":"https:\/\/visitaltotamegaebarroso.pt\/es\/wp-json\/wp\/v2\/mec_category?post=28551"}],"curies":[{"name":"wp","href":"https:\/\/api.w.org\/{rel}","templated":true}]}}

Chaves | Exposición: Nuestros Artistas

<p>El próximo mes de junio, la Biblioteca Municipal acogerá una exposición de pintura creativa de Ricardo Costa, con una variada gama de obras llenas de color y luz. Inaugurada el martes 4 de junio, a las 17h30, esta presentación pública es el resultado del gran estímulo de familiares y amigos.</p>
<p>Nacido en Lebução, pero residente en Chaves desde 2002, donde trabaja como agente inmobiliario, es un artista autodidacta que comenzó dibujando a carboncillo y pasó a la pintura acrílica en 2006.</p>
<p>Dejó de pintar alrededor de 2011, pero volvió a hacerlo durante el dramático período de COVID. Fue en el arte donde llenó su tiempo y su mente. Ya ha realizado varias exposiciones individuales y colectivas.</p>

<p>El próximo mes de junio, la Biblioteca Municipal acogerá una exposición de pintura creativa de Ricardo Costa, con una variada gama de obras llenas de color y luz. Inaugurada el martes 4 de junio, a las 17h30, esta presentación pública [&hellip;]</p>
