{"id":27360,"date":"2024-05-07T11:50:54","date_gmt":"2024-05-07T10:50:54","guid":{"rendered":"https:\/\/visitaltotamegaebarroso.pt\/events\/chaves-marcha-solidaria\/"},"modified":"2024-05-07T11:50:54","modified_gmt":"2024-05-07T10:50:54","slug":"chaves-marcha-solidaria","status":"publish","type":"mec-events","link":"https:\/\/visitaltotamegaebarroso.pt\/es\/events\/chaves-marcha-solidaria\/","title":{"rendered":"Chaves | Marcha solidaria"},"content":{"rendered":"<p>Caminata solidaria a favor de la Liga Portuguesa Contra el C\u00e1ncer &#8211; Delegaci\u00f3n de Vila Real. La Caminata Solidaria del D\u00eda de la Mujer promete unir a la comunidad en un gesto de solidaridad y salud. El ejercicio f\u00edsico es reconocido como un factor de protecci\u00f3n contra el desarrollo del c\u00e1ncer, adem\u00e1s de promover una sensaci\u00f3n de bienestar.<\/p>\n<p>Por eso, invitamos a todos a unirse a nosotros en este evento especial. Inscripciones en 6 etapas (todo lo recaudado se destina a la Liga Portuguesa Contra el C\u00e1ncer): 910 084 573 o a trav\u00e9s del siguiente enlace<\/p>\n<p>(las inscripciones deben realizarse antes del 28 de mayo).<\/p>\n<p>Organiza: Liga Portuguesa Contra el C\u00e1ncer &#8211; Delegaci\u00f3n de Vila Real<\/p>\n<p>Apoyo: Ayuntamiento de Chaves<\/p>\n","protected":false},"excerpt":{"rendered":"<p>Caminata solidaria a favor de la Liga Portuguesa Contra el C\u00e1ncer &#8211; Delegaci\u00f3n de Vila Real. La Caminata Solidaria del D\u00eda de la Mujer promete unir a la comunidad en un gesto de solidaridad y salud. El ejercicio f\u00edsico es [&hellip;]<\/p>\n","protected":false},"author":5,"featured_media":26940,"comment_status":"closed","ping_status":"closed","template":"","tags":[],"mec_category":[720],"_links":{"self":[{"href":"https:\/\/visitaltotamegaebarroso.pt\/es\/wp-json\/wp\/v2\/mec-events\/27360"}],"collection":[{"href":"https:\/\/visitaltotamegaebarroso.pt\/es\/wp-json\/wp\/v2\/mec-events"}],"about":[{"href":"https:\/\/visitaltotamegaebarroso.pt\/es\/wp-json\/wp\/v2\/types\/mec-events"}],"author":[{"embeddable":true,"href":"https:\/\/visitaltotamegaebarroso.pt\/es\/wp-json\/wp\/v2\/users\/5"}],"replies":[{"embeddable":true,"href":"https:\/\/visitaltotamegaebarroso.pt\/es\/wp-json\/wp\/v2\/comments?post=27360"}],"wp:featuredmedia":[{"embeddable":true,"href":"https:\/\/visitaltotamegaebarroso.pt\/es\/wp-json\/wp\/v2\/media\/26940"}],"wp:attachment":[{"href":"https:\/\/visitaltotamegaebarroso.pt\/es\/wp-json\/wp\/v2\/media?parent=27360"}],"wp:term":[{"taxonomy":"post_tag","embeddable":true,"href":"https:\/\/visitaltotamegaebarroso.pt\/es\/wp-json\/wp\/v2\/tags?post=27360"},{"taxonomy":"mec_category","embeddable":true,"href":"https:\/\/visitaltotamegaebarroso.pt\/es\/wp-json\/wp\/v2\/mec_category?post=27360"}],"curies":[{"name":"wp","href":"https:\/\/api.w.org\/{rel}","templated":true}]}}

<p>Caminata solidaria a favor de la Liga Portuguesa Contra el Cáncer &#8211; Delegación de Vila Real. La Caminata Solidaria del Día de la Mujer promete unir a la comunidad en un gesto de solidaridad y salud. El ejercicio físico es reconocido como un factor de protección contra el desarrollo del cáncer, además de promover una sensación de bienestar.</p>
<p>Por eso, invitamos a todos a unirse a nosotros en este evento especial. Inscripciones en 6 etapas (todo lo recaudado se destina a la Liga Portuguesa Contra el Cáncer): 910 084 573 o a través del siguiente enlace</p>
<p>(las inscripciones deben realizarse antes del 28 de mayo).</p>
<p>Organiza: Liga Portuguesa Contra el Cáncer &#8211; Delegación de Vila Real</p>
<p>Apoyo: Ayuntamiento de Chaves</p>

<p>Caminata solidaria a favor de la Liga Portuguesa Contra el Cáncer &#8211; Delegación de Vila Real. La Caminata Solidaria del Día de la Mujer promete unir a la comunidad en un gesto de solidaridad y salud. El ejercicio físico es [&hellip;]</p>
