{"id":27316,"date":"2024-05-07T12:07:30","date_gmt":"2024-05-07T11:07:30","guid":{"rendered":"https:\/\/visitaltotamegaebarroso.pt\/events\/chaves-a-luz-das-impresiones-festival-entre-curtas\/"},"modified":"2024-05-07T12:07:30","modified_gmt":"2024-05-07T11:07:30","slug":"chaves-a-luz-das-impresiones-festival-entre-curtas","status":"publish","type":"mec-events","link":"https:\/\/visitaltotamegaebarroso.pt\/es\/events\/chaves-a-luz-das-impresiones-festival-entre-curtas\/","title":{"rendered":"Chaves | \u00c1 Luz das Impresiones &#8211; Festival Entre Curtas"},"content":{"rendered":"<p>Doc, Experimental<\/p>\n<p>Vista. Sentido. O\u00eddo<\/p>\n<p>Percibido. A trav\u00e9s de la luz. Desde el m\u00e1s all\u00e1.<\/p>\n<p>Arte. Descubrir.<\/p>\n<p>Organiza:<\/p>\n<p>Teatro Experimental Flaviense<\/p>\n","protected":false},"excerpt":{"rendered":"<p>Doc, Experimental Vista. Sentido. O\u00eddo Percibido. A trav\u00e9s de la luz. Desde el m\u00e1s all\u00e1. Arte. Descubrir. Organiza: Teatro Experimental Flaviense<\/p>\n","protected":false},"author":5,"featured_media":26952,"comment_status":"closed","ping_status":"closed","template":"","tags":[],"mec_category":[716],"_links":{"self":[{"href":"https:\/\/visitaltotamegaebarroso.pt\/es\/wp-json\/wp\/v2\/mec-events\/27316"}],"collection":[{"href":"https:\/\/visitaltotamegaebarroso.pt\/es\/wp-json\/wp\/v2\/mec-events"}],"about":[{"href":"https:\/\/visitaltotamegaebarroso.pt\/es\/wp-json\/wp\/v2\/types\/mec-events"}],"author":[{"embeddable":true,"href":"https:\/\/visitaltotamegaebarroso.pt\/es\/wp-json\/wp\/v2\/users\/5"}],"replies":[{"embeddable":true,"href":"https:\/\/visitaltotamegaebarroso.pt\/es\/wp-json\/wp\/v2\/comments?post=27316"}],"wp:featuredmedia":[{"embeddable":true,"href":"https:\/\/visitaltotamegaebarroso.pt\/es\/wp-json\/wp\/v2\/media\/26952"}],"wp:attachment":[{"href":"https:\/\/visitaltotamegaebarroso.pt\/es\/wp-json\/wp\/v2\/media?parent=27316"}],"wp:term":[{"taxonomy":"post_tag","embeddable":true,"href":"https:\/\/visitaltotamegaebarroso.pt\/es\/wp-json\/wp\/v2\/tags?post=27316"},{"taxonomy":"mec_category","embeddable":true,"href":"https:\/\/visitaltotamegaebarroso.pt\/es\/wp-json\/wp\/v2\/mec_category?post=27316"}],"curies":[{"name":"wp","href":"https:\/\/api.w.org\/{rel}","templated":true}]}}

Chaves | Á Luz das Impresiones &#8211; Festival Entre Curtas

<p>Doc, Experimental</p>
<p>Vista. Sentido. Oído</p>
<p>Percibido. A través de la luz. Desde el más allá.</p>
<p>Arte. Descubrir.</p>
<p>Organiza:</p>
<p>Teatro Experimental Flaviense</p>

<p>Doc, Experimental Vista. Sentido. Oído Percibido. A través de la luz. Desde el más allá. Arte. Descubrir. Organiza: Teatro Experimental Flaviense</p>
