{"id":27264,"date":"2024-05-07T15:31:21","date_gmt":"2024-05-07T14:31:21","guid":{"rendered":"https:\/\/visitaltotamegaebarroso.pt\/events\/chaves-hijas-de-la-patria-festival-entre-curtas\/"},"modified":"2024-05-07T15:31:21","modified_gmt":"2024-05-07T14:31:21","slug":"chaves-hijas-de-la-patria-festival-entre-curtas","status":"publish","type":"mec-events","link":"https:\/\/visitaltotamegaebarroso.pt\/es\/events\/chaves-hijas-de-la-patria-festival-entre-curtas\/","title":{"rendered":"Chaves | Hijas de la Patria &#8211; Festival Entre Curtas"},"content":{"rendered":"<p>Ficci\u00f3n, Drama<\/p>\n<p>En 1968, In\u00e9s, una homosexual de 18 a\u00f1os, busca la emancipaci\u00f3n a trav\u00e9s de los movimientos estudiantiles cuando le proh\u00edben asistir a la facultad de Derecho.<\/p>\n<p>Organizaci\u00f3n:<\/p>\n<p>Teatro Experimental Flaviense<\/p>\n","protected":false},"excerpt":{"rendered":"<p>Ficci\u00f3n, Drama En 1968, In\u00e9s, una homosexual de 18 a\u00f1os, busca la emancipaci\u00f3n a trav\u00e9s de los movimientos estudiantiles cuando le proh\u00edben asistir a la facultad de Derecho. Organizaci\u00f3n: Teatro Experimental Flaviense<\/p>\n","protected":false},"author":5,"featured_media":27061,"comment_status":"closed","ping_status":"closed","template":"","tags":[],"mec_category":[716],"_links":{"self":[{"href":"https:\/\/visitaltotamegaebarroso.pt\/es\/wp-json\/wp\/v2\/mec-events\/27264"}],"collection":[{"href":"https:\/\/visitaltotamegaebarroso.pt\/es\/wp-json\/wp\/v2\/mec-events"}],"about":[{"href":"https:\/\/visitaltotamegaebarroso.pt\/es\/wp-json\/wp\/v2\/types\/mec-events"}],"author":[{"embeddable":true,"href":"https:\/\/visitaltotamegaebarroso.pt\/es\/wp-json\/wp\/v2\/users\/5"}],"replies":[{"embeddable":true,"href":"https:\/\/visitaltotamegaebarroso.pt\/es\/wp-json\/wp\/v2\/comments?post=27264"}],"wp:featuredmedia":[{"embeddable":true,"href":"https:\/\/visitaltotamegaebarroso.pt\/es\/wp-json\/wp\/v2\/media\/27061"}],"wp:attachment":[{"href":"https:\/\/visitaltotamegaebarroso.pt\/es\/wp-json\/wp\/v2\/media?parent=27264"}],"wp:term":[{"taxonomy":"post_tag","embeddable":true,"href":"https:\/\/visitaltotamegaebarroso.pt\/es\/wp-json\/wp\/v2\/tags?post=27264"},{"taxonomy":"mec_category","embeddable":true,"href":"https:\/\/visitaltotamegaebarroso.pt\/es\/wp-json\/wp\/v2\/mec_category?post=27264"}],"curies":[{"name":"wp","href":"https:\/\/api.w.org\/{rel}","templated":true}]}}

<p>Ficción, Drama</p>
<p>En 1968, Inés, una homosexual de 18 años, busca la emancipación a través de los movimientos estudiantiles cuando le prohíben asistir a la facultad de Derecho.</p>
<p>Organización:</p>
<p>Teatro Experimental Flaviense</p>

<p>Ficción, Drama En 1968, Inés, una homosexual de 18 años, busca la emancipación a través de los movimientos estudiantiles cuando le prohíben asistir a la facultad de Derecho. Organización: Teatro Experimental Flaviense</p>
