{"id":27240,"date":"2024-05-07T15:47:23","date_gmt":"2024-05-07T14:47:23","guid":{"rendered":"https:\/\/visitaltotamegaebarroso.pt\/events\/chaves-el-silenciador-festival-entre-curtas\/"},"modified":"2024-05-07T15:47:23","modified_gmt":"2024-05-07T14:47:23","slug":"chaves-el-silenciador-festival-entre-curtas","status":"publish","type":"mec-events","link":"https:\/\/visitaltotamegaebarroso.pt\/es\/events\/chaves-el-silenciador-festival-entre-curtas\/","title":{"rendered":"Chaves | El Silenciador &#8211; Festival Entre Curtas"},"content":{"rendered":"<p>Ficci\u00f3n, Drama<\/p>\n<p>Vicente es un asfixiante que viaja por tierra con la misi\u00f3n de ayudar a los que sufren y esperan la muerte.<br \/>\nCansado de vivir como un criminal, realiza una \u00faltima \u00abasfixia\u00bb, pero es sorprendido por una mujer. Olivia intenta contratar a Vicente para que ponga fin al sufrimiento de su padre, pero \u00e9l se niega. Desesperada, amenaza con denunciarle.<\/p>\n<p>Organizaci\u00f3n:<br \/>\nTeatro Experimental Flaviense<\/p>\n","protected":false},"excerpt":{"rendered":"<p>Ficci\u00f3n, Drama Vicente es un asfixiante que viaja por tierra con la misi\u00f3n de ayudar a los que sufren y esperan la muerte. Cansado de vivir como un criminal, realiza una \u00faltima \u00abasfixia\u00bb, pero es sorprendido por una mujer. Olivia [&hellip;]<\/p>\n","protected":false},"author":5,"featured_media":27103,"comment_status":"closed","ping_status":"closed","template":"","tags":[],"mec_category":[716],"_links":{"self":[{"href":"https:\/\/visitaltotamegaebarroso.pt\/es\/wp-json\/wp\/v2\/mec-events\/27240"}],"collection":[{"href":"https:\/\/visitaltotamegaebarroso.pt\/es\/wp-json\/wp\/v2\/mec-events"}],"about":[{"href":"https:\/\/visitaltotamegaebarroso.pt\/es\/wp-json\/wp\/v2\/types\/mec-events"}],"author":[{"embeddable":true,"href":"https:\/\/visitaltotamegaebarroso.pt\/es\/wp-json\/wp\/v2\/users\/5"}],"replies":[{"embeddable":true,"href":"https:\/\/visitaltotamegaebarroso.pt\/es\/wp-json\/wp\/v2\/comments?post=27240"}],"wp:featuredmedia":[{"embeddable":true,"href":"https:\/\/visitaltotamegaebarroso.pt\/es\/wp-json\/wp\/v2\/media\/27103"}],"wp:attachment":[{"href":"https:\/\/visitaltotamegaebarroso.pt\/es\/wp-json\/wp\/v2\/media?parent=27240"}],"wp:term":[{"taxonomy":"post_tag","embeddable":true,"href":"https:\/\/visitaltotamegaebarroso.pt\/es\/wp-json\/wp\/v2\/tags?post=27240"},{"taxonomy":"mec_category","embeddable":true,"href":"https:\/\/visitaltotamegaebarroso.pt\/es\/wp-json\/wp\/v2\/mec_category?post=27240"}],"curies":[{"name":"wp","href":"https:\/\/api.w.org\/{rel}","templated":true}]}}

<p>Ficción, Drama</p>
<p>Vicente es un asfixiante que viaja por tierra con la misión de ayudar a los que sufren y esperan la muerte.<br />
Cansado de vivir como un criminal, realiza una última «asfixia», pero es sorprendido por una mujer. Olivia intenta contratar a Vicente para que ponga fin al sufrimiento de su padre, pero él se niega. Desesperada, amenaza con denunciarle.</p>
<p>Organización:<br />
Teatro Experimental Flaviense</p>

<p>Ficción, Drama Vicente es un asfixiante que viaja por tierra con la misión de ayudar a los que sufren y esperan la muerte. Cansado de vivir como un criminal, realiza una última «asfixia», pero es sorprendido por una mujer. Olivia [&hellip;]</p>
