{"id":26799,"date":"2024-04-15T15:05:51","date_gmt":"2024-04-15T14:05:51","guid":{"rendered":"https:\/\/visitaltotamegaebarroso.pt\/events\/ribeira-de-pena-3a-marcha-solidaria\/"},"modified":"2024-04-15T15:05:51","modified_gmt":"2024-04-15T14:05:51","slug":"ribeira-de-pena-3a-marcha-solidaria","status":"publish","type":"mec-events","link":"https:\/\/visitaltotamegaebarroso.pt\/es\/events\/ribeira-de-pena-3a-marcha-solidaria\/","title":{"rendered":"Ribeira de Pena | 3\u00aa Marcha Solidaria"},"content":{"rendered":"<p>En el marco del Mes Internacional de la Prevenci\u00f3n del Maltrato Infantil, la Comisi\u00f3n de Protecci\u00f3n de la Infancia y la Juventud de Ribeira de Pena, en colaboraci\u00f3n con el Ayuntamiento de Ribeira de Pena, Pena Aventura y Nicho Verde, organiza una marcha solidaria el pr\u00f3ximo 4 de mayo.<\/p>\n<p>Invitamos a todos a participar en la marcha, que pretende sensibilizar y llamar la atenci\u00f3n sobre esta realidad mundial, que es necesario eliminar.<\/p>\n<p>La caminata comenzar\u00e1 en la Pra\u00e7a do Munic\u00edpio a las 8.30 horas, y recomendamos a todos los participantes que lleven ropa c\u00f3moda y adecuada para el ejercicio f\u00edsico.<\/p>\n<p>Las inscripciones se pueden realizar online o presencialmente en las Juntas Parroquiales o Servicios Municipales, y tienen un coste de dos alimentos que posteriormente ser\u00e1n donados a la tienda solidaria de Ribeira de Pena.<\/p>\n<p>Las inscripciones estar\u00e1n abiertas hasta el 19 de abril.<\/p>\n<p>No dejes de unirte a esta causa y contribuir a un futuro mejor.<\/p>\n<p>\u00abSer\u00e9 lo que me des&#8230; \u00a1que sea amor!\u00bb.<\/p>\n<p><span style=\"color: #00ccff;\"><a style=\"color: #00ccff;\" href=\"https:\/\/forms.gle\/j6ZpETPMTt6aSdgo9\"><b><strong>Inscripci\u00f3n<\/strong><\/b><\/a><\/span><\/p>\n","protected":false},"excerpt":{"rendered":"<p>En el marco del Mes Internacional de la Prevenci\u00f3n del Maltrato Infantil, la Comisi\u00f3n de Protecci\u00f3n de la Infancia y la Juventud de Ribeira de Pena, en colaboraci\u00f3n con el Ayuntamiento de Ribeira de Pena, Pena Aventura y Nicho Verde, [&hellip;]<\/p>\n","protected":false},"author":5,"featured_media":26904,"comment_status":"closed","ping_status":"closed","template":"","tags":[],"mec_category":[720],"_links":{"self":[{"href":"https:\/\/visitaltotamegaebarroso.pt\/es\/wp-json\/wp\/v2\/mec-events\/26799"}],"collection":[{"href":"https:\/\/visitaltotamegaebarroso.pt\/es\/wp-json\/wp\/v2\/mec-events"}],"about":[{"href":"https:\/\/visitaltotamegaebarroso.pt\/es\/wp-json\/wp\/v2\/types\/mec-events"}],"author":[{"embeddable":true,"href":"https:\/\/visitaltotamegaebarroso.pt\/es\/wp-json\/wp\/v2\/users\/5"}],"replies":[{"embeddable":true,"href":"https:\/\/visitaltotamegaebarroso.pt\/es\/wp-json\/wp\/v2\/comments?post=26799"}],"wp:featuredmedia":[{"embeddable":true,"href":"https:\/\/visitaltotamegaebarroso.pt\/es\/wp-json\/wp\/v2\/media\/26904"}],"wp:attachment":[{"href":"https:\/\/visitaltotamegaebarroso.pt\/es\/wp-json\/wp\/v2\/media?parent=26799"}],"wp:term":[{"taxonomy":"post_tag","embeddable":true,"href":"https:\/\/visitaltotamegaebarroso.pt\/es\/wp-json\/wp\/v2\/tags?post=26799"},{"taxonomy":"mec_category","embeddable":true,"href":"https:\/\/visitaltotamegaebarroso.pt\/es\/wp-json\/wp\/v2\/mec_category?post=26799"}],"curies":[{"name":"wp","href":"https:\/\/api.w.org\/{rel}","templated":true}]}}

Ribeira de Pena | 3ª Marcha Solidaria

<p>En el marco del Mes Internacional de la Prevención del Maltrato Infantil, la Comisión de Protección de la Infancia y la Juventud de Ribeira de Pena, en colaboración con el Ayuntamiento de Ribeira de Pena, Pena Aventura y Nicho Verde, organiza una marcha solidaria el próximo 4 de mayo.</p>
<p>Invitamos a todos a participar en la marcha, que pretende sensibilizar y llamar la atención sobre esta realidad mundial, que es necesario eliminar.</p>
<p>La caminata comenzará en la Praça do Município a las 8.30 horas, y recomendamos a todos los participantes que lleven ropa cómoda y adecuada para el ejercicio físico.</p>
<p>Las inscripciones se pueden realizar online o presencialmente en las Juntas Parroquiales o Servicios Municipales, y tienen un coste de dos alimentos que posteriormente serán donados a la tienda solidaria de Ribeira de Pena.</p>
<p>Las inscripciones estarán abiertas hasta el 19 de abril.</p>
<p>No dejes de unirte a esta causa y contribuir a un futuro mejor.</p>
<p>«Seré lo que me des&#8230; ¡que sea amor!».</p>
<p><span style="color: #00ccff;"><a style="color: #00ccff;" href="https://forms.gle/j6ZpETPMTt6aSdgo9"><b><strong>Inscripción</strong></b></a></span></p>

<p>En el marco del Mes Internacional de la Prevención del Maltrato Infantil, la Comisión de Protección de la Infancia y la Juventud de Ribeira de Pena, en colaboración con el Ayuntamiento de Ribeira de Pena, Pena Aventura y Nicho Verde, [&hellip;]</p>
