{"id":26778,"date":"2024-04-15T15:25:35","date_gmt":"2024-04-15T14:25:35","guid":{"rendered":"https:\/\/visitaltotamegaebarroso.pt\/events\/valpacos-cine-el-recreo\/"},"modified":"2024-04-15T15:25:35","modified_gmt":"2024-04-15T14:25:35","slug":"valpacos-cine-el-recreo","status":"publish","type":"mec-events","link":"https:\/\/visitaltotamegaebarroso.pt\/es\/events\/valpacos-cine-el-recreo\/","title":{"rendered":"Valpa\u00e7os | Cine: El Recreo"},"content":{"rendered":"<p>Cine (M12) | Con motivo del Mes de la Prevenci\u00f3n del Maltrato Infantil, la Comisi\u00f3n de Protecci\u00f3n de la Infancia y de la Juventud de Valpa\u00e7os proyectar\u00e1 la pel\u00edcula \u00abRecreio\u00bb el pr\u00f3ximo mi\u00e9rcoles, 18 de abril, en el Auditorio de Arte y Cultura Lu\u00eds Teixeira.<br \/>\nImperdible, a las 21h<br \/>\n\u00abUna inmersi\u00f3n en el mundo de la escolarizaci\u00f3n de una maestr\u00eda impresionante\u00bb<\/p>\n","protected":false},"excerpt":{"rendered":"<p>Cine (M12) | Con motivo del Mes de la Prevenci\u00f3n del Maltrato Infantil, la Comisi\u00f3n de Protecci\u00f3n de la Infancia y de la Juventud de Valpa\u00e7os proyectar\u00e1 la pel\u00edcula \u00abRecreio\u00bb el pr\u00f3ximo mi\u00e9rcoles, 18 de abril, en el Auditorio de [&hellip;]<\/p>\n","protected":false},"author":5,"featured_media":26724,"comment_status":"closed","ping_status":"closed","template":"","tags":[],"mec_category":[716],"_links":{"self":[{"href":"https:\/\/visitaltotamegaebarroso.pt\/es\/wp-json\/wp\/v2\/mec-events\/26778"}],"collection":[{"href":"https:\/\/visitaltotamegaebarroso.pt\/es\/wp-json\/wp\/v2\/mec-events"}],"about":[{"href":"https:\/\/visitaltotamegaebarroso.pt\/es\/wp-json\/wp\/v2\/types\/mec-events"}],"author":[{"embeddable":true,"href":"https:\/\/visitaltotamegaebarroso.pt\/es\/wp-json\/wp\/v2\/users\/5"}],"replies":[{"embeddable":true,"href":"https:\/\/visitaltotamegaebarroso.pt\/es\/wp-json\/wp\/v2\/comments?post=26778"}],"wp:featuredmedia":[{"embeddable":true,"href":"https:\/\/visitaltotamegaebarroso.pt\/es\/wp-json\/wp\/v2\/media\/26724"}],"wp:attachment":[{"href":"https:\/\/visitaltotamegaebarroso.pt\/es\/wp-json\/wp\/v2\/media?parent=26778"}],"wp:term":[{"taxonomy":"post_tag","embeddable":true,"href":"https:\/\/visitaltotamegaebarroso.pt\/es\/wp-json\/wp\/v2\/tags?post=26778"},{"taxonomy":"mec_category","embeddable":true,"href":"https:\/\/visitaltotamegaebarroso.pt\/es\/wp-json\/wp\/v2\/mec_category?post=26778"}],"curies":[{"name":"wp","href":"https:\/\/api.w.org\/{rel}","templated":true}]}}

Valpaços | Cine: El Recreo

<p>Cine (M12) | Con motivo del Mes de la Prevención del Maltrato Infantil, la Comisión de Protección de la Infancia y de la Juventud de Valpaços proyectará la película «Recreio» el próximo miércoles, 18 de abril, en el Auditorio de Arte y Cultura Luís Teixeira.<br />
Imperdible, a las 21h<br />
«Una inmersión en el mundo de la escolarización de una maestría impresionante»</p>

<p>Cine (M12) | Con motivo del Mes de la Prevención del Maltrato Infantil, la Comisión de Protección de la Infancia y de la Juventud de Valpaços proyectará la película «Recreio» el próximo miércoles, 18 de abril, en el Auditorio de [&hellip;]</p>
