{"id":26766,"date":"2024-04-15T15:37:51","date_gmt":"2024-04-15T14:37:51","guid":{"rendered":"https:\/\/visitaltotamegaebarroso.pt\/events\/montalegre-visita-guiada-proyecto-fuego\/"},"modified":"2024-04-15T15:37:51","modified_gmt":"2024-04-15T14:37:51","slug":"montalegre-visita-guiada-proyecto-fuego","status":"publish","type":"mec-events","link":"https:\/\/visitaltotamegaebarroso.pt\/es\/events\/montalegre-visita-guiada-proyecto-fuego\/","title":{"rendered":"Montalegre | Visita guiada \u00abProyecto Fuego\u00bb"},"content":{"rendered":"<div>En el marco de la celebraci\u00f3n del \u00abD\u00eda Internacional de los Monumentos y Sitios\u00bb, el 18 de abril -fecha fijada en 1982 por el Consejo Internacional de Monumentos y Sitios (ICOMOS)-, el Ecomuseu de Barroso, como en a\u00f1os anteriores, vuelve a celebrar este d\u00eda invitando a todos los interesados a inscribirse en una visita guiada a la exposici\u00f3n \u00abProjeto Inc\u00eandios\u00bb (en el Ecomuseu de Barroso &#8211; Espa\u00e7o Padre Fontes) dirigida por el autor de la exposici\u00f3n, Miguel Mosquera, el 21 de abril a las 15h.<\/div>\n<div><\/div>\n<div>Para inscribirse, s\u00f3lo tiene que enviar un correo electr\u00f3nico a: geral@ecomuseu.org con sus datos (nombre, n\u00famero de tel\u00e9fono y lugar de residencia), llamar al +351 276 510 203 o puede hacerlo personalmente en la sede del Ecomuseu de Barroso, en Montalegre.<\/div>\n<div><\/div>\n<div>La inscripci\u00f3n (fecha l\u00edmite: 18 de abril) es gratuita, obligatoria y limitada.<\/div>\n","protected":false},"excerpt":{"rendered":"<p>En el marco de la celebraci\u00f3n del \u00abD\u00eda Internacional de los Monumentos y Sitios\u00bb, el 18 de abril -fecha fijada en 1982 por el Consejo Internacional de Monumentos y Sitios (ICOMOS)-, el Ecomuseu de Barroso, como en a\u00f1os anteriores, vuelve [&hellip;]<\/p>\n","protected":false},"author":5,"featured_media":26742,"comment_status":"closed","ping_status":"closed","template":"","tags":[],"mec_category":[716],"_links":{"self":[{"href":"https:\/\/visitaltotamegaebarroso.pt\/es\/wp-json\/wp\/v2\/mec-events\/26766"}],"collection":[{"href":"https:\/\/visitaltotamegaebarroso.pt\/es\/wp-json\/wp\/v2\/mec-events"}],"about":[{"href":"https:\/\/visitaltotamegaebarroso.pt\/es\/wp-json\/wp\/v2\/types\/mec-events"}],"author":[{"embeddable":true,"href":"https:\/\/visitaltotamegaebarroso.pt\/es\/wp-json\/wp\/v2\/users\/5"}],"replies":[{"embeddable":true,"href":"https:\/\/visitaltotamegaebarroso.pt\/es\/wp-json\/wp\/v2\/comments?post=26766"}],"wp:featuredmedia":[{"embeddable":true,"href":"https:\/\/visitaltotamegaebarroso.pt\/es\/wp-json\/wp\/v2\/media\/26742"}],"wp:attachment":[{"href":"https:\/\/visitaltotamegaebarroso.pt\/es\/wp-json\/wp\/v2\/media?parent=26766"}],"wp:term":[{"taxonomy":"post_tag","embeddable":true,"href":"https:\/\/visitaltotamegaebarroso.pt\/es\/wp-json\/wp\/v2\/tags?post=26766"},{"taxonomy":"mec_category","embeddable":true,"href":"https:\/\/visitaltotamegaebarroso.pt\/es\/wp-json\/wp\/v2\/mec_category?post=26766"}],"curies":[{"name":"wp","href":"https:\/\/api.w.org\/{rel}","templated":true}]}}

<div>En el marco de la celebración del «Día Internacional de los Monumentos y Sitios», el 18 de abril -fecha fijada en 1982 por el Consejo Internacional de Monumentos y Sitios (ICOMOS)-, el Ecomuseu de Barroso, como en años anteriores, vuelve a celebrar este día invitando a todos los interesados a inscribirse en una visita guiada a la exposición «Projeto Incêndios» (en el Ecomuseu de Barroso &#8211; Espaço Padre Fontes) dirigida por el autor de la exposición, Miguel Mosquera, el 21 de abril a las 15h.</div>
<div></div>
<div>Para inscribirse, sólo tiene que enviar un correo electrónico a: geral@ecomuseu.org con sus datos (nombre, número de teléfono y lugar de residencia), llamar al +351 276 510 203 o puede hacerlo personalmente en la sede del Ecomuseu de Barroso, en Montalegre.</div>
<div></div>
<div>La inscripción (fecha límite: 18 de abril) es gratuita, obligatoria y limitada.</div>

<p>En el marco de la celebración del «Día Internacional de los Monumentos y Sitios», el 18 de abril -fecha fijada en 1982 por el Consejo Internacional de Monumentos y Sitios (ICOMOS)-, el Ecomuseu de Barroso, como en años anteriores, vuelve [&hellip;]</p>
