{"id":26445,"date":"2024-04-07T15:05:21","date_gmt":"2024-04-07T14:05:21","guid":{"rendered":"https:\/\/visitaltotamegaebarroso.pt\/events\/chaves-25-de-abril-concierto-filarmonico\/"},"modified":"2024-04-07T15:05:21","modified_gmt":"2024-04-07T14:05:21","slug":"chaves-25-de-abril-concierto-filarmonico","status":"publish","type":"mec-events","link":"https:\/\/visitaltotamegaebarroso.pt\/es\/events\/chaves-25-de-abril-concierto-filarmonico\/","title":{"rendered":"Chaves | 25 de abril Concierto Filarm\u00f3nico"},"content":{"rendered":"<p>Como parte de las celebraciones del 50 aniversario del 25 de Abril, la Banda Musical de la Casa de Cultura Popular de Outeiro Seco ofrecer\u00e1 un concierto el 27 de abril, en colaboraci\u00f3n con el Coro de la Escuela Nadir Afonso.<br \/>\nPara conmemorar este aniversario, el concierto se dividir\u00e1 en dos momentos musicales. El primero comenzar\u00e1 con un repertorio de concierto\/tradicional y el segundo contar\u00e1 con la participaci\u00f3n del mencionado coro, bajo la responsabilidad del profesor Concei\u00e7\u00e3o Capela, interpretando canciones de Zeca Afonso.<\/p>\n<p>Animaci\u00f3n infantil<br \/>\nAlameda do Trajano &#8211; 15h<\/p>\n<p>La celebraci\u00f3n del 25 de abril es m\u00e1s que un evento para adultos, vamos a convertirlo en una fiesta de la infancia, la creatividad y la aventura, creando recuerdos duraderos y sonrisas inolvidables, con una tarde llena de actividades divertidas y creativas, aventura y entretenimiento.<br \/>\nDiversas actividades: torre de escalada, rappel, tobog\u00e1n, pintacaras y talleres de manualidades.<\/p>\n<p>Organizado por el Ayuntamiento de Chaves<\/p>\n","protected":false},"excerpt":{"rendered":"<p>Como parte de las celebraciones del 50 aniversario del 25 de Abril, la Banda Musical de la Casa de Cultura Popular de Outeiro Seco ofrecer\u00e1 un concierto el 27 de abril, en colaboraci\u00f3n con el Coro de la Escuela Nadir [&hellip;]<\/p>\n","protected":false},"author":5,"featured_media":26441,"comment_status":"closed","ping_status":"closed","template":"","tags":[],"mec_category":[716],"_links":{"self":[{"href":"https:\/\/visitaltotamegaebarroso.pt\/es\/wp-json\/wp\/v2\/mec-events\/26445"}],"collection":[{"href":"https:\/\/visitaltotamegaebarroso.pt\/es\/wp-json\/wp\/v2\/mec-events"}],"about":[{"href":"https:\/\/visitaltotamegaebarroso.pt\/es\/wp-json\/wp\/v2\/types\/mec-events"}],"author":[{"embeddable":true,"href":"https:\/\/visitaltotamegaebarroso.pt\/es\/wp-json\/wp\/v2\/users\/5"}],"replies":[{"embeddable":true,"href":"https:\/\/visitaltotamegaebarroso.pt\/es\/wp-json\/wp\/v2\/comments?post=26445"}],"wp:featuredmedia":[{"embeddable":true,"href":"https:\/\/visitaltotamegaebarroso.pt\/es\/wp-json\/wp\/v2\/media\/26441"}],"wp:attachment":[{"href":"https:\/\/visitaltotamegaebarroso.pt\/es\/wp-json\/wp\/v2\/media?parent=26445"}],"wp:term":[{"taxonomy":"post_tag","embeddable":true,"href":"https:\/\/visitaltotamegaebarroso.pt\/es\/wp-json\/wp\/v2\/tags?post=26445"},{"taxonomy":"mec_category","embeddable":true,"href":"https:\/\/visitaltotamegaebarroso.pt\/es\/wp-json\/wp\/v2\/mec_category?post=26445"}],"curies":[{"name":"wp","href":"https:\/\/api.w.org\/{rel}","templated":true}]}}

Chaves | 25 de abril Concierto Filarmónico

<p>Como parte de las celebraciones del 50 aniversario del 25 de Abril, la Banda Musical de la Casa de Cultura Popular de Outeiro Seco ofrecerá un concierto el 27 de abril, en colaboración con el Coro de la Escuela Nadir Afonso.<br />
Para conmemorar este aniversario, el concierto se dividirá en dos momentos musicales. El primero comenzará con un repertorio de concierto/tradicional y el segundo contará con la participación del mencionado coro, bajo la responsabilidad del profesor Conceição Capela, interpretando canciones de Zeca Afonso.</p>
<p>Animación infantil<br />
Alameda do Trajano &#8211; 15h</p>
<p>La celebración del 25 de abril es más que un evento para adultos, vamos a convertirlo en una fiesta de la infancia, la creatividad y la aventura, creando recuerdos duraderos y sonrisas inolvidables, con una tarde llena de actividades divertidas y creativas, aventura y entretenimiento.<br />
Diversas actividades: torre de escalada, rappel, tobogán, pintacaras y talleres de manualidades.</p>
<p>Organizado por el Ayuntamiento de Chaves</p>

<p>Como parte de las celebraciones del 50 aniversario del 25 de Abril, la Banda Musical de la Casa de Cultura Popular de Outeiro Seco ofrecerá un concierto el 27 de abril, en colaboración con el Coro de la Escuela Nadir [&hellip;]</p>
