{"id":26405,"date":"2024-04-07T12:59:58","date_gmt":"2024-04-07T11:59:58","guid":{"rendered":"https:\/\/visitaltotamegaebarroso.pt\/events\/chaves-nuestros-artistas-2024\/"},"modified":"2024-04-07T12:59:58","modified_gmt":"2024-04-07T11:59:58","slug":"chaves-nuestros-artistas-2024","status":"publish","type":"mec-events","link":"https:\/\/visitaltotamegaebarroso.pt\/es\/events\/chaves-nuestros-artistas-2024\/","title":{"rendered":"Chaves | \u00abNuestros Artistas\u00bb 2024"},"content":{"rendered":"<p>Ant\u00f3nio Jos\u00e9 Montenegro de Ara\u00fajo Coelho Pizarro naci\u00f3 en Coimbra el 9 de febrero de 1960 y vive en Chaves, Portugal. Licenciado en Bellas Artes &#8211; Pintura (E.S.A.P.) Oporto. Disc\u00edpulo de Nadir Afonso. Desde 1979, ha participado en cerca de 70 exposiciones individuales y colectivas en galer\u00edas de arte portuguesas y extranjeras, ferias de arte y bienales en Portugal, B\u00e9lgica, Italia, Alemania y Espa\u00f1a, entre ellas la Bienal de Cerveira, Europ\u00e1lia en B\u00e9lgica, la Bienal Internacional de Arte Contempor\u00e1neo de Gaia y la Bienal Internacional de Tr\u00e1s-os-Montes.<\/p>\n<p>Organiza: Ayuntamiento de Chaves<\/p>\n","protected":false},"excerpt":{"rendered":"<p>Ant\u00f3nio Jos\u00e9 Montenegro de Ara\u00fajo Coelho Pizarro naci\u00f3 en Coimbra el 9 de febrero de 1960 y vive en Chaves, Portugal. Licenciado en Bellas Artes &#8211; Pintura (E.S.A.P.) Oporto. Disc\u00edpulo de Nadir Afonso. Desde 1979, ha participado en cerca de [&hellip;]<\/p>\n","protected":false},"author":5,"featured_media":26401,"comment_status":"closed","ping_status":"closed","template":"","tags":[],"mec_category":[716],"_links":{"self":[{"href":"https:\/\/visitaltotamegaebarroso.pt\/es\/wp-json\/wp\/v2\/mec-events\/26405"}],"collection":[{"href":"https:\/\/visitaltotamegaebarroso.pt\/es\/wp-json\/wp\/v2\/mec-events"}],"about":[{"href":"https:\/\/visitaltotamegaebarroso.pt\/es\/wp-json\/wp\/v2\/types\/mec-events"}],"author":[{"embeddable":true,"href":"https:\/\/visitaltotamegaebarroso.pt\/es\/wp-json\/wp\/v2\/users\/5"}],"replies":[{"embeddable":true,"href":"https:\/\/visitaltotamegaebarroso.pt\/es\/wp-json\/wp\/v2\/comments?post=26405"}],"wp:featuredmedia":[{"embeddable":true,"href":"https:\/\/visitaltotamegaebarroso.pt\/es\/wp-json\/wp\/v2\/media\/26401"}],"wp:attachment":[{"href":"https:\/\/visitaltotamegaebarroso.pt\/es\/wp-json\/wp\/v2\/media?parent=26405"}],"wp:term":[{"taxonomy":"post_tag","embeddable":true,"href":"https:\/\/visitaltotamegaebarroso.pt\/es\/wp-json\/wp\/v2\/tags?post=26405"},{"taxonomy":"mec_category","embeddable":true,"href":"https:\/\/visitaltotamegaebarroso.pt\/es\/wp-json\/wp\/v2\/mec_category?post=26405"}],"curies":[{"name":"wp","href":"https:\/\/api.w.org\/{rel}","templated":true}]}}

<p>António José Montenegro de Araújo Coelho Pizarro nació en Coimbra el 9 de febrero de 1960 y vive en Chaves, Portugal. Licenciado en Bellas Artes &#8211; Pintura (E.S.A.P.) Oporto. Discípulo de Nadir Afonso. Desde 1979, ha participado en cerca de 70 exposiciones individuales y colectivas en galerías de arte portuguesas y extranjeras, ferias de arte y bienales en Portugal, Bélgica, Italia, Alemania y España, entre ellas la Bienal de Cerveira, Europália en Bélgica, la Bienal Internacional de Arte Contemporáneo de Gaia y la Bienal Internacional de Trás-os-Montes.</p>
<p>Organiza: Ayuntamiento de Chaves</p>

<p>António José Montenegro de Araújo Coelho Pizarro nació en Coimbra el 9 de febrero de 1960 y vive en Chaves, Portugal. Licenciado en Bellas Artes &#8211; Pintura (E.S.A.P.) Oporto. Discípulo de Nadir Afonso. Desde 1979, ha participado en cerca de [&hellip;]</p>
