{"id":26233,"date":"2024-03-23T14:51:23","date_gmt":"2024-03-23T14:51:23","guid":{"rendered":"https:\/\/visitaltotamegaebarroso.pt\/events\/chaves-25-de-abril-carrera-de-la-libertad\/"},"modified":"2024-03-23T14:51:23","modified_gmt":"2024-03-23T14:51:23","slug":"chaves-25-de-abril-carrera-de-la-libertad","status":"publish","type":"mec-events","link":"https:\/\/visitaltotamegaebarroso.pt\/es\/events\/chaves-25-de-abril-carrera-de-la-libertad\/","title":{"rendered":"Chaves | 25 de abril Carrera de la Libertad"},"content":{"rendered":"<p>Como parte de las celebraciones del 50\u00ba aniversario del 25 de Abril, el Ayuntamiento promueve la tradicional Carrera de la Libertad, en la que hay que inscribirse antes del 19 de abril.<\/p>\n<p>La iniciativa cuenta con el apoyo de la Asociaci\u00f3n de Atletismo de Vila Real y presenta una carrera de 10 km para atletas federados y no federados nacidos en 2006 y antes, una carrera de 1 km para atletas m\u00e1s j\u00f3venes, para atletas federados y no federados nacidos en 2012 y antes, as\u00ed como una caminata de 7 km para todos los grupos de edad y fines no competitivos.<\/p>\n<p>Esta prueba, que se celebrar\u00e1 el 25 de abril de 2024, comenzar\u00e1 a las 10 de la ma\u00f1ana, con salida y llegada en la Alameda do Trajano &#8211; detr\u00e1s de la Piscina Municipal. Incluye premios en met\u00e1lico para los vencedores absolutos y de las distintas clases, un premio para el equipo m\u00e1s numeroso, valorado en 150 euros, y tambi\u00e9n se sortear\u00e1 un premio de participaci\u00f3n valorado en 150 euros entre todos los participantes que finalicen la prueba.<\/p>\n<p>La inscripci\u00f3n es gratuita y puede realizarse en l\u00ednea: <span style=\"color: #00ccff;\"><strong><a style=\"color: #00ccff;\" href=\"ttps:\/\/waitastart.com\/corrida-da-liberdade-24\/\">Aqu\u00ed<\/a><\/strong><\/span><\/p>\n","protected":false},"excerpt":{"rendered":"<p>Como parte de las celebraciones del 50\u00ba aniversario del 25 de Abril, el Ayuntamiento promueve la tradicional Carrera de la Libertad, en la que hay que inscribirse antes del 19 de abril. La iniciativa cuenta con el apoyo de la [&hellip;]<\/p>\n","protected":false},"author":5,"featured_media":26229,"comment_status":"closed","ping_status":"closed","template":"","tags":[],"mec_category":[720],"_links":{"self":[{"href":"https:\/\/visitaltotamegaebarroso.pt\/es\/wp-json\/wp\/v2\/mec-events\/26233"}],"collection":[{"href":"https:\/\/visitaltotamegaebarroso.pt\/es\/wp-json\/wp\/v2\/mec-events"}],"about":[{"href":"https:\/\/visitaltotamegaebarroso.pt\/es\/wp-json\/wp\/v2\/types\/mec-events"}],"author":[{"embeddable":true,"href":"https:\/\/visitaltotamegaebarroso.pt\/es\/wp-json\/wp\/v2\/users\/5"}],"replies":[{"embeddable":true,"href":"https:\/\/visitaltotamegaebarroso.pt\/es\/wp-json\/wp\/v2\/comments?post=26233"}],"wp:featuredmedia":[{"embeddable":true,"href":"https:\/\/visitaltotamegaebarroso.pt\/es\/wp-json\/wp\/v2\/media\/26229"}],"wp:attachment":[{"href":"https:\/\/visitaltotamegaebarroso.pt\/es\/wp-json\/wp\/v2\/media?parent=26233"}],"wp:term":[{"taxonomy":"post_tag","embeddable":true,"href":"https:\/\/visitaltotamegaebarroso.pt\/es\/wp-json\/wp\/v2\/tags?post=26233"},{"taxonomy":"mec_category","embeddable":true,"href":"https:\/\/visitaltotamegaebarroso.pt\/es\/wp-json\/wp\/v2\/mec_category?post=26233"}],"curies":[{"name":"wp","href":"https:\/\/api.w.org\/{rel}","templated":true}]}}

<p>Como parte de las celebraciones del 50º aniversario del 25 de Abril, el Ayuntamiento promueve la tradicional Carrera de la Libertad, en la que hay que inscribirse antes del 19 de abril.</p>
<p>La iniciativa cuenta con el apoyo de la Asociación de Atletismo de Vila Real y presenta una carrera de 10 km para atletas federados y no federados nacidos en 2006 y antes, una carrera de 1 km para atletas más jóvenes, para atletas federados y no federados nacidos en 2012 y antes, así como una caminata de 7 km para todos los grupos de edad y fines no competitivos.</p>
<p>Esta prueba, que se celebrará el 25 de abril de 2024, comenzará a las 10 de la mañana, con salida y llegada en la Alameda do Trajano &#8211; detrás de la Piscina Municipal. Incluye premios en metálico para los vencedores absolutos y de las distintas clases, un premio para el equipo más numeroso, valorado en 150 euros, y también se sorteará un premio de participación valorado en 150 euros entre todos los participantes que finalicen la prueba.</p>
<p>La inscripción es gratuita y puede realizarse en línea: <span style="color: #00ccff;"><strong><a style="color: #00ccff;" href="ttps://waitastart.com/corrida-da-liberdade-24/">Aquí</a></strong></span></p>

<p>Como parte de las celebraciones del 50º aniversario del 25 de Abril, el Ayuntamiento promueve la tradicional Carrera de la Libertad, en la que hay que inscribirse antes del 19 de abril. La iniciativa cuenta con el apoyo de la [&hellip;]</p>
