{"id":26207,"date":"2024-03-22T12:48:30","date_gmt":"2024-03-22T12:48:30","guid":{"rendered":"https:\/\/visitaltotamegaebarroso.pt\/events\/del-23-al-31-de-marzo-la-oficina-de-turismo-del-alto-tamega-e-barroso-acoge-la-exposicion-agua-pascua\/"},"modified":"2024-03-22T12:48:30","modified_gmt":"2024-03-22T12:48:30","slug":"del-23-al-31-de-marzo-la-oficina-de-turismo-del-alto-tamega-e-barroso-acoge-la-exposicion-agua-pascua","status":"publish","type":"mec-events","link":"https:\/\/visitaltotamegaebarroso.pt\/es\/events\/del-23-al-31-de-marzo-la-oficina-de-turismo-del-alto-tamega-e-barroso-acoge-la-exposicion-agua-pascua\/","title":{"rendered":"Del 23 al 31 de marzo | La Oficina de Turismo del Alto T\u00e2mega e Barroso acoge la exposici\u00f3n \u00abAgua &#038; Pascua\u00bb"},"content":{"rendered":"<p><strong>Ma\u00f1ana, 23 de marzo, la Oficina de Turismo de Alto T\u00e2mega e Barroso inaugura la exposici\u00f3n temporal \u00abAgua &amp; Pascua\u00bb, que podr\u00e1 visitarse hasta el 31 de marzo.<\/strong><\/p>\n<p>Las piezas (Pias de Cabeceira) han sido donadas por la Casa Museu dos Candeias, y pretenden resaltar la tradici\u00f3n religiosa practicada en los hogares del Alto T\u00e2mega e Barroso, revelando as\u00ed la importancia sagrada que el AGUA tuvo, y sigue teniendo, para las familias de la regi\u00f3n.<\/p>\n<p>\u00a1Venga a visitarnos!<\/p>\n","protected":false},"excerpt":{"rendered":"<p>Ma\u00f1ana, 23 de marzo, la Oficina de Turismo de Alto T\u00e2mega e Barroso inaugura la exposici\u00f3n temporal \u00abAgua &amp; Pascua\u00bb, que podr\u00e1 visitarse hasta el 31 de marzo. Las piezas (Pias de Cabeceira) han sido donadas por la Casa Museu [&hellip;]<\/p>\n","protected":false},"author":3,"featured_media":26203,"comment_status":"closed","ping_status":"closed","template":"","tags":[],"mec_category":[716],"_links":{"self":[{"href":"https:\/\/visitaltotamegaebarroso.pt\/es\/wp-json\/wp\/v2\/mec-events\/26207"}],"collection":[{"href":"https:\/\/visitaltotamegaebarroso.pt\/es\/wp-json\/wp\/v2\/mec-events"}],"about":[{"href":"https:\/\/visitaltotamegaebarroso.pt\/es\/wp-json\/wp\/v2\/types\/mec-events"}],"author":[{"embeddable":true,"href":"https:\/\/visitaltotamegaebarroso.pt\/es\/wp-json\/wp\/v2\/users\/3"}],"replies":[{"embeddable":true,"href":"https:\/\/visitaltotamegaebarroso.pt\/es\/wp-json\/wp\/v2\/comments?post=26207"}],"wp:featuredmedia":[{"embeddable":true,"href":"https:\/\/visitaltotamegaebarroso.pt\/es\/wp-json\/wp\/v2\/media\/26203"}],"wp:attachment":[{"href":"https:\/\/visitaltotamegaebarroso.pt\/es\/wp-json\/wp\/v2\/media?parent=26207"}],"wp:term":[{"taxonomy":"post_tag","embeddable":true,"href":"https:\/\/visitaltotamegaebarroso.pt\/es\/wp-json\/wp\/v2\/tags?post=26207"},{"taxonomy":"mec_category","embeddable":true,"href":"https:\/\/visitaltotamegaebarroso.pt\/es\/wp-json\/wp\/v2\/mec_category?post=26207"}],"curies":[{"name":"wp","href":"https:\/\/api.w.org\/{rel}","templated":true}]}}

Del 23 al 31 de marzo | La Oficina de Turismo del Alto Tâmega e Barroso acoge la exposición «Agua &#038; Pascua»

<p><strong>Mañana, 23 de marzo, la Oficina de Turismo de Alto Tâmega e Barroso inaugura la exposición temporal «Agua &amp; Pascua», que podrá visitarse hasta el 31 de marzo.</strong></p>
<p>Las piezas (Pias de Cabeceira) han sido donadas por la Casa Museu dos Candeias, y pretenden resaltar la tradición religiosa practicada en los hogares del Alto Tâmega e Barroso, revelando así la importancia sagrada que el AGUA tuvo, y sigue teniendo, para las familias de la región.</p>
<p>¡Venga a visitarnos!</p>

<p>Mañana, 23 de marzo, la Oficina de Turismo de Alto Tâmega e Barroso inaugura la exposición temporal «Agua &amp; Pascua», que podrá visitarse hasta el 31 de marzo. Las piezas (Pias de Cabeceira) han sido donadas por la Casa Museu [&hellip;]</p>
