{"id":26187,"date":"2024-03-21T12:44:13","date_gmt":"2024-03-21T12:44:13","guid":{"rendered":"https:\/\/visitaltotamegaebarroso.pt\/events\/chaves-osterkonzert-philharmonisches-orchester-braga\/"},"modified":"2024-03-21T12:57:21","modified_gmt":"2024-03-21T12:57:21","slug":"chaves-osterkonzert-philharmonisches-orchester-braga","status":"publish","type":"mec-events","link":"https:\/\/visitaltotamegaebarroso.pt\/es\/events\/chaves-osterkonzert-philharmonisches-orchester-braga\/","title":{"rendered":"Chaves | \u00abConcierto de Pascua\u00bb &#8211; Orquesta Filarm\u00f3nica de Braga"},"content":{"rendered":"<p>El Ayuntamiento de Chaves ofrece a los flavianos el tradicional \u00abConcierto de Pascua\u00bb de la Orquesta Filarm\u00f3nica de Braga (OFB), dirigida por el braviano Filipe Cunha. El programa de m\u00fasica cl\u00e1sica lit\u00fargica destaca por su alegr\u00eda y esp\u00edritu, e incluir\u00e1 obras de Mozart (1756-1791), Haendel (1685-1759), Bach (1685-1750) y Haydn (1732-1809). El concierto cuenta tambi\u00e9n con una solista invitada &#8211; Liliana Nogueira (Soprano), que interpretar\u00e1 varias arias, entre ellas la obra \u00abExsultate Jubilate\u00bb, compuesta a los 17 a\u00f1os por Mozart, y estrenada en Mil\u00e1n en el invierno de 1773.<\/p>\n<p>Duraci\u00f3n: 60 minutos \/ M6. La entrada es gratuita, pero deben adquirirse previamente en la Biblioteca Municipal de Chaves y en la Oficina de Turismo de Chaves.<\/p>\n<p>Organiza: Ayuntamiento de Chaves<\/p>\n","protected":false},"excerpt":{"rendered":"<p>El Ayuntamiento de Chaves ofrece a los flavianos el tradicional \u00abConcierto de Pascua\u00bb de la Orquesta Filarm\u00f3nica de Braga (OFB), dirigida por el braviano Filipe Cunha. El programa de m\u00fasica cl\u00e1sica lit\u00fargica destaca por su alegr\u00eda y esp\u00edritu, e incluir\u00e1 [&hellip;]<\/p>\n","protected":false},"author":5,"featured_media":26183,"comment_status":"closed","ping_status":"closed","template":"","tags":[],"mec_category":[716],"_links":{"self":[{"href":"https:\/\/visitaltotamegaebarroso.pt\/es\/wp-json\/wp\/v2\/mec-events\/26187"}],"collection":[{"href":"https:\/\/visitaltotamegaebarroso.pt\/es\/wp-json\/wp\/v2\/mec-events"}],"about":[{"href":"https:\/\/visitaltotamegaebarroso.pt\/es\/wp-json\/wp\/v2\/types\/mec-events"}],"author":[{"embeddable":true,"href":"https:\/\/visitaltotamegaebarroso.pt\/es\/wp-json\/wp\/v2\/users\/5"}],"replies":[{"embeddable":true,"href":"https:\/\/visitaltotamegaebarroso.pt\/es\/wp-json\/wp\/v2\/comments?post=26187"}],"wp:featuredmedia":[{"embeddable":true,"href":"https:\/\/visitaltotamegaebarroso.pt\/es\/wp-json\/wp\/v2\/media\/26183"}],"wp:attachment":[{"href":"https:\/\/visitaltotamegaebarroso.pt\/es\/wp-json\/wp\/v2\/media?parent=26187"}],"wp:term":[{"taxonomy":"post_tag","embeddable":true,"href":"https:\/\/visitaltotamegaebarroso.pt\/es\/wp-json\/wp\/v2\/tags?post=26187"},{"taxonomy":"mec_category","embeddable":true,"href":"https:\/\/visitaltotamegaebarroso.pt\/es\/wp-json\/wp\/v2\/mec_category?post=26187"}],"curies":[{"name":"wp","href":"https:\/\/api.w.org\/{rel}","templated":true}]}}

Chaves | «Concierto de Pascua» &#8211; Orquesta Filarmónica de Braga

<p>El Ayuntamiento de Chaves ofrece a los flavianos el tradicional «Concierto de Pascua» de la Orquesta Filarmónica de Braga (OFB), dirigida por el braviano Filipe Cunha. El programa de música clásica litúrgica destaca por su alegría y espíritu, e incluirá obras de Mozart (1756-1791), Haendel (1685-1759), Bach (1685-1750) y Haydn (1732-1809). El concierto cuenta también con una solista invitada &#8211; Liliana Nogueira (Soprano), que interpretará varias arias, entre ellas la obra «Exsultate Jubilate», compuesta a los 17 años por Mozart, y estrenada en Milán en el invierno de 1773.</p>
<p>Duración: 60 minutos / M6. La entrada es gratuita, pero deben adquirirse previamente en la Biblioteca Municipal de Chaves y en la Oficina de Turismo de Chaves.</p>
<p>Organiza: Ayuntamiento de Chaves</p>

<p>El Ayuntamiento de Chaves ofrece a los flavianos el tradicional «Concierto de Pascua» de la Orquesta Filarmónica de Braga (OFB), dirigida por el braviano Filipe Cunha. El programa de música clásica litúrgica destaca por su alegría y espíritu, e incluirá [&hellip;]</p>
