{"id":26157,"date":"2024-03-19T09:42:09","date_gmt":"2024-03-19T09:42:09","guid":{"rendered":"https:\/\/visitaltotamegaebarroso.pt\/events\/chaves-l-desfile-del-dia-mundial-del-agua\/"},"modified":"2024-03-19T09:42:09","modified_gmt":"2024-03-19T09:42:09","slug":"chaves-l-desfile-del-dia-mundial-del-agua","status":"publish","type":"mec-events","link":"https:\/\/visitaltotamegaebarroso.pt\/es\/events\/chaves-l-desfile-del-dia-mundial-del-agua\/","title":{"rendered":"Chaves l Desfile del D\u00eda Mundial del Agua"},"content":{"rendered":"<p>Chaves celebra el D\u00eda Mundial del Agua el 22 de marzo con un desfile de escolares del municipio por las principales calles de la ciudad. El desfile pretende llamar la atenci\u00f3n sobre la importancia de este preciado l\u00edquido, haciendo un llamamiento a su uso sostenible, ya que el agua es fuente de vida.<\/p>\n<p>Mil novecientos alumnos de preescolar y primaria de las escuelas p\u00fablicas y privadas del municipio, acompa\u00f1ados de sus profesores y de las Instituciones Privadas de Solidaridad Social (IPSS), participar\u00e1n en la iniciativa.<\/p>\n<p>El desfile comenzar\u00e1 a las 14h30 en el Centro Cultural de Chaves (antigua estaci\u00f3n de ferrocarril) y recorrer\u00e1 las calles del centro hist\u00f3rico de la ciudad, para terminar en la Fuente del Pueblo, en las Termas de Chaves, junto al r\u00edo T\u00e2mega.<\/p>\n<p>Esta es otra importante iniciativa que el municipio est\u00e1 promoviendo en torno a la necesidad de involucrar a la poblaci\u00f3n de Flavi en una gesti\u00f3n m\u00e1s consciente y responsable del agua.<\/p>\n<p>Conseguir que los j\u00f3venes transmitan este mensaje a los adultos, inst\u00e1ndoles a adoptar un comportamiento a\u00fan m\u00e1s responsable en el uso del agua, es una de las mejores formas de proteger este bien com\u00fan para el futuro de todos.<\/p>\n","protected":false},"excerpt":{"rendered":"<p>Chaves celebra el D\u00eda Mundial del Agua el 22 de marzo con un desfile de escolares del municipio por las principales calles de la ciudad. El desfile pretende llamar la atenci\u00f3n sobre la importancia de este preciado l\u00edquido, haciendo un [&hellip;]<\/p>\n","protected":false},"author":5,"featured_media":26129,"comment_status":"closed","ping_status":"closed","template":"","tags":[],"mec_category":[716],"_links":{"self":[{"href":"https:\/\/visitaltotamegaebarroso.pt\/es\/wp-json\/wp\/v2\/mec-events\/26157"}],"collection":[{"href":"https:\/\/visitaltotamegaebarroso.pt\/es\/wp-json\/wp\/v2\/mec-events"}],"about":[{"href":"https:\/\/visitaltotamegaebarroso.pt\/es\/wp-json\/wp\/v2\/types\/mec-events"}],"author":[{"embeddable":true,"href":"https:\/\/visitaltotamegaebarroso.pt\/es\/wp-json\/wp\/v2\/users\/5"}],"replies":[{"embeddable":true,"href":"https:\/\/visitaltotamegaebarroso.pt\/es\/wp-json\/wp\/v2\/comments?post=26157"}],"wp:featuredmedia":[{"embeddable":true,"href":"https:\/\/visitaltotamegaebarroso.pt\/es\/wp-json\/wp\/v2\/media\/26129"}],"wp:attachment":[{"href":"https:\/\/visitaltotamegaebarroso.pt\/es\/wp-json\/wp\/v2\/media?parent=26157"}],"wp:term":[{"taxonomy":"post_tag","embeddable":true,"href":"https:\/\/visitaltotamegaebarroso.pt\/es\/wp-json\/wp\/v2\/tags?post=26157"},{"taxonomy":"mec_category","embeddable":true,"href":"https:\/\/visitaltotamegaebarroso.pt\/es\/wp-json\/wp\/v2\/mec_category?post=26157"}],"curies":[{"name":"wp","href":"https:\/\/api.w.org\/{rel}","templated":true}]}}

Chaves l Desfile del Día Mundial del Agua

<p>Chaves celebra el Día Mundial del Agua el 22 de marzo con un desfile de escolares del municipio por las principales calles de la ciudad. El desfile pretende llamar la atención sobre la importancia de este preciado líquido, haciendo un llamamiento a su uso sostenible, ya que el agua es fuente de vida.</p>
<p>Mil novecientos alumnos de preescolar y primaria de las escuelas públicas y privadas del municipio, acompañados de sus profesores y de las Instituciones Privadas de Solidaridad Social (IPSS), participarán en la iniciativa.</p>
<p>El desfile comenzará a las 14h30 en el Centro Cultural de Chaves (antigua estación de ferrocarril) y recorrerá las calles del centro histórico de la ciudad, para terminar en la Fuente del Pueblo, en las Termas de Chaves, junto al río Tâmega.</p>
<p>Esta es otra importante iniciativa que el municipio está promoviendo en torno a la necesidad de involucrar a la población de Flavi en una gestión más consciente y responsable del agua.</p>
<p>Conseguir que los jóvenes transmitan este mensaje a los adultos, instándoles a adoptar un comportamiento aún más responsable en el uso del agua, es una de las mejores formas de proteger este bien común para el futuro de todos.</p>

<p>Chaves celebra el Día Mundial del Agua el 22 de marzo con un desfile de escolares del municipio por las principales calles de la ciudad. El desfile pretende llamar la atención sobre la importancia de este preciado líquido, haciendo un [&hellip;]</p>
